000
CXUS53 KOAX 081452
CF6FNB
PRELIMINARY LOCAL CLIMATOLOGICAL DATA (WS FORM: F-6)
STATION: FALLS CITY NE
MONTH: AUGUST
YEAR: 2022
LATITUDE: 40 4 N
LONGITUDE: 95 35 W
TEMPERATURE IN F: :PCPN: SNOW: WIND :SUNSHINE: SKY :PK WND
================================================================================
1 2 3 4 5 6A 6B 7 8 9 10 11 12 13 14 15 16 17 18
12Z AVG MX 2MIN
DY MAX MIN AVG DEP HDD CDD WTR SNW DPTH SPD SPD DIR MIN PSBL S-S WX SPD DR
================================================================================
1 95 71 83 6 0 18 0.00 M M 4.9 12 150 M M 0 15 170
2 100 71 86 9 0 21 0.00 M M 9.4 17 160 M M 0 24 180
3 92 74 83 6 0 18 T M M 4.8 10 190 M M 1 3 21 190
4 89 68 79 2 0 14 0.00 M M 4.8 12 80 M M 0 16 50
5 92 66 79 2 0 14 0.00 M M 7.0 15 120 M M 1 8 23 110
6 100 75 88 11 0 23 0.00 M M 10.1 20 190 M M 0 29 170
7 100 73 87 10 0 22 0.00 M M 9.5 18 200 M M 0 27 180
8 83 66 75 -1 0 10 0.00 M M 7.6 15 360 M M 4 1 22 360
9 85 60 73 -3 0 8 0.00 M M 3.8 9 120 M M 0 15 140
10 87 59 73 -3 0 8 0.00 M M 3.4 9 130 M M 0 8 13 120
11 89 60 75 -1 0 10 0.00 M M 3.5 12 150 M M 0 16 150
12 93 63 78 2 0 13 0.00 M M 7.2 16 150 M M 0 20 150
13 100 69 85 9 0 20 0.00 M M 8.4 18 230 M M 0 26 200
14 85 69 77 1 0 12 0.00 M M 4.8 9 90 M M 0 14 50
15 79 65 72 -4 0 7 0.03 M M 11.9 21 80 M M 4 31 80
16 74 64 69 -6 0 4 0.25 M M 8.5 20 90 M M 9 13 30 90
17 84 60 72 -3 0 7 0.00 M M 2.6 10 80 M M 1 14 20
18 87 58 73 -2 0 8 0.00 M M 5.4 14 190 M M 1 1 21 180
19 86 64 75 0 0 10 T M M 5.8 21 280 M M 2 38 290
20 81 63 72 -3 0 7 0.00 M M 5.9 15 300 M M 2 22 320
21 85 60 73 -1 0 8 0.00 M M 3.6 10 350 M M 1 1 14 360
22 87 59 73 -1 0 8 0.00 M M 2.2 10 40 M M 1 12 13 30
23 87 57 72 -2 0 7 0.00 M M 2.9 10 100 M M 1 12 14 110
24 92 62 77 3 0 12 0.00 M M 4.2 12 150 M M 0 15 150
25 91 65 78 4 0 13 0.00 M M 4.5 13 90 M M 2 18 90
26 87 66 77 4 0 12 T M M 6.9 14 110 M M 1 19 110
27 93 71 82 9 0 17 0.00 M M 8.8 26 220 M M 3 13 39 220
28 91 70 81 8 0 16 0.38 M M 11.5 21 170 M M 4 1 32 170
29 89 67 78 5 0 13 0.00 M M 6.0 16 10 M M 1 1 23 360
30 86 59 73 1 0 8 0.00 M M 5.0 12 360 M M 0 16 10
31 91 54 73 1 0 8 0.00 M M 4.9 12 190 M M 0 8 17 180
================================================================================
SM 2760 2008 0 376 0.66 M 189.8 M 39
================================================================================
AV 89.0 64.8 6.1 FASTST M M 1 MAX(MPH)
MISC ----> 26 220 39 220
================================================================================
NOTES:
# LAST OF SEVERAL OCCURRENCES
COLUMN 17 PEAK WIND IN M.P.H.
PRELIMINARY LOCAL CLIMATOLOGICAL DATA (WS FORM: F-6) , PAGE 2
STATION: FALLS CITY NE
MONTH: AUGUST
YEAR: 2022
LATITUDE: 40 4 N
LONGITUDE: 95 35 W
[TEMPERATURE DATA] [PRECIPITATION DATA] SYMBOLS USED IN COLUMN 16
AVERAGE MONTHLY: 76.9 TOTAL FOR MONTH: 0.66 1 = FOG OR MIST
DPTR FM NORMAL: 1.8 DPTR FM NORMAL: -3.09 2 = FOG REDUCING VISIBILITY
HIGHEST: 100 ON 13, 7 GRTST 24HR 0.38 ON 28-28 TO 1/4 MILE OR LESS
LOWEST: 54 ON 31 3 = THUNDER
SNOW, ICE PELLETS, HAIL 4 = ICE PELLETS
TOTAL MONTH: M 5 = HAIL
GRTST 24HR M ON M 6 = FREEZING RAIN OR DRIZZLE
GRTST DEPTH: M ON M 7 = DUSTSTORM OR SANDSTORM:
VSBY 1/2 MILE OR LESS
8 = SMOKE OR HAZE
[NO. OF DAYS WITH] [WEATHER - DAYS WITH] 9 = BLOWING SNOW
X = TORNADO
MAX 32 OR BELOW: 0 0.01 INCH OR MORE: 3
MAX 90 OR ABOVE: 13 0.10 INCH OR MORE: 2
MIN 32 OR BELOW: 0 0.50 INCH OR MORE: 0
MIN 0 OR BELOW: 0 1.00 INCH OR MORE: 0
[HDD (BASE 65) ]
TOTAL THIS MO. 0 CLEAR (SCALE 0-3) 27
DPTR FM NORMAL -4 PTCLDY (SCALE 4-7) 3
TOTAL FM JUL 1 0 CLOUDY (SCALE 8-10) 1
DPTR FM NORMAL -1
[CDD (BASE 65) ]
TOTAL THIS MO. 376
DPTR FM NORMAL 60 [PRESSURE DATA]
TOTAL FM JAN 1 1236 HIGHEST SLP 30.20 ON 10
DPTR FM NORMAL 160 LOWEST SLP 29.61 ON 28
[REMARKS]
#FINAL-08-22#