000
CXUS53 KOAX 010930
CF6FNB
PRELIMINARY LOCAL CLIMATOLOGICAL DATA (WS FORM: F-6)
STATION: FALLS CITY NE
MONTH: MAY
YEAR: 2022
LATITUDE: 40 4 N
LONGITUDE: 95 35 W
TEMPERATURE IN F: :PCPN: SNOW: WIND :SUNSHINE: SKY :PK WND
================================================================================
1 2 3 4 5 6A 6B 7 8 9 10 11 12 13 14 15 16 17 18
12Z AVG MX 2MIN
DY MAX MIN AVG DEP HDD CDD WTR SNW DPTH SPD SPD DIR MIN PSBL S-S WX SPD DR
================================================================================
1 66 45 56 -2 9 0 0.00 M M 13.7 28 300 M M 1 40 300
2 51 43 47 -12 18 0 0.50 M M 11.5 22 10 M M 9 13 32 80
3 53 42 48 -11 17 0 0.01 M M 10.5 22 350 M M 10 18 33 360
4 53 48 51 -8 14 0 T M M 8.2 16 110 M M 10 1 20 80
5 58 52 55 -5 10 0 0.17 M M 6.6 14 40 M M 10 1 20 70
6 67 51 59 -1 6 0 0.04 M M 3.3 10 80 M M 8 1 16 50
7 74 49 62 2 3 0 0.00 M M 13.6 24 140 M M 0 34 140
8 73 57 65 4 0 0 0.02 M M 13.4 26 160 M M 7 36 170
9 95 69 82 21 0 17 0.00 M M 19.1 31 210 M M 2 44 170
10 94 76 85 23 0 20 0.00 M M 10.3 16 160 M M 6 18 25 170
11 92 72 82 20 0 17 0.00 M M 12.7 25 170 M M 2 18 37 170
12 95 63 79 17 0 14 0.55 M M 14.3 30 310 M M 0 13 41 180
13 82 59 71 8 0 6 0.13 M M 4.6 22 90 M M 2 13 28 80
14 89 53 71 8 0 6 0.01 M M 5.1 24 320 M M 1 13 39 320
15 77 55 66 2 0 1 0.23 M M 9.4 23 100 M M 4 3 30 110
16 81 50 66 2 0 1 0.00 M M 5.3 14 200 M M 0 8 19 190
17 85 59 72 8 0 7 0.04 M M 9.6 20 170 M M 1 3 28 150
18 85 62 74 9 0 9 0.07 M M 7.4 21 200 M M 2 13 29 190
19 86 64 75 10 0 10 0.00 M M 13.3 22 190 M M 0 34 150
20 76 54 65 -1 0 0 0.00 M M 11.9 24 10 M M 8 34 350
21 61 44 53 -13 12 0 0.00 M M 9.9 21 320 M M 5 29 350
22 71 34 53 -13 12 0 0.00 M M 6.8 16 50 M M 0 8 26 320
23 67 51 59 -8 6 0 0.00 M M 7.1 18 80 M M 4 26 90
24 56 53 55 -12 10 0 0.67 M M 11.5 22 70 M M 10 1 32 70
25 58 54 56 -11 9 0 1.64 M M 10.9 21 360 M M 10 1 35 360
26 59 47 53 -15 12 0 0.05 M M 9.9 21 350 M M 5 1 30 340
27 80 43 62 -6 3 0 0.00 M M 4.3 13 160 M M 1 12 18 170
28 87 61 74 6 0 9 0.00 M M 14.3 23 190 M M 1 3 34 190
29 88 70 79 10 0 14 0.02 M M 19.4 31 170 M M 0 3 47 170
30 87 63 75 6 0 10 0.32 M M 19.5 35 170 M M 3 13 53 170
31 82 62 72 2 0 7 0.03 M M 6.5 18 360 M M 4 3 28 350
================================================================================
SM 2328 1705 141 148 4.50 M 323.9 M 126
================================================================================
AV 75.1 55.0 10.4 FASTST M M 4 MAX(MPH)
MISC ----> 35 170 53 170
================================================================================
NOTES:
# LAST OF SEVERAL OCCURRENCES
COLUMN 17 PEAK WIND IN M.P.H.
PRELIMINARY LOCAL CLIMATOLOGICAL DATA (WS FORM: F-6) , PAGE 2
STATION: FALLS CITY NE
MONTH: MAY
YEAR: 2022
LATITUDE: 40 4 N
LONGITUDE: 95 35 W
[TEMPERATURE DATA] [PRECIPITATION DATA] SYMBOLS USED IN COLUMN 16
AVERAGE MONTHLY: 65.0 TOTAL FOR MONTH: 4.50 1 = FOG OR MIST
DPTR FM NORMAL: 1.0 DPTR FM NORMAL: -0.12 2 = FOG REDUCING VISIBILITY
HIGHEST: 95 ON 12, 9 GRTST 24HR 1.65 ON 24-25 TO 1/4 MILE OR LESS
LOWEST: 34 ON 22 3 = THUNDER
SNOW, ICE PELLETS, HAIL 4 = ICE PELLETS
TOTAL MONTH: M 5 = HAIL
GRTST 24HR M ON M 6 = FREEZING RAIN OR DRIZZLE
GRTST DEPTH: M ON M 7 = DUSTSTORM OR SANDSTORM:
VSBY 1/2 MILE OR LESS
8 = SMOKE OR HAZE
[NO. OF DAYS WITH] [WEATHER - DAYS WITH] 9 = BLOWING SNOW
X = TORNADO
MAX 32 OR BELOW: 0 0.01 INCH OR MORE: 17
MAX 90 OR ABOVE: 4 0.10 INCH OR MORE: 8
MIN 32 OR BELOW: 0 0.50 INCH OR MORE: 4
MIN 0 OR BELOW: 0 1.00 INCH OR MORE: 1
[HDD (BASE 65) ]
TOTAL THIS MO. 141 CLEAR (SCALE 0-3) 16
DPTR FM NORMAL 15 PTCLDY (SCALE 4-7) 9
TOTAL FM JUL 1 5049 CLOUDY (SCALE 8-10) 6
DPTR FM NORMAL -483
[CDD (BASE 65) ]
TOTAL THIS MO. 148
DPTR FM NORMAL 55 [PRESSURE DATA]
TOTAL FM JAN 1 162 HIGHEST SLP 30.42 ON 22
DPTR FM NORMAL 51 LOWEST SLP 29.24 ON 20
[REMARKS]
#FINAL-05-22#