000
CXUS55 KBOU 011000
CF6FNL
PRELIMINARY LOCAL CLIMATOLOGICAL DATA (WS FORM: F-6)
STATION: FT COLLINS/LOVELAND CO
MONTH: NOVEMBER
YEAR: 2022
LATITUDE: 40 27 N
LONGITUDE: 105 1 W
TEMPERATURE IN F: :PCPN: SNOW: WIND :SUNSHINE: SKY :PK WND
================================================================================
1 2 3 4 5 6A 6B 7 8 9 10 11 12 13 14 15 16 17 18
12Z AVG MX 2MIN
DY MAX MIN AVG DEP HDD CDD WTR SNW DPTH SPD SPD DIR MIN PSBL S-S WX SPD DR
================================================================================
1 70 34 52 M 13 0 0.00 M M 4.2 8 160 M M 0 M M
2 71 34 53 M 12 0 0.00 M M 6.0 15 130 M M 0 22 160
3 43 27 35 M 30 0 T M M 9.1 25 20 M M 5 1 35 20
4 44 21 33 M 32 0 0.00 M M 4.5 10 190 M M 3 M M
5 61 24 43 M 22 0 0.00 M M 9.6 24 250 M M 1 32 260
6 47 35 41 M 24 0 T M M 9.9 23 330 M M 7 33 330
7 57 26 42 M 23 0 0.00 M M 5.1 12 120 M M 1 M M
8 69 28 49 M 16 0 0.00 M M 4.2 10 20 M M 0 M M
9 43 21 32 M 33 0 T M M 6.2 16 60 M M 3 1 M M
10 51 13 32 M 33 0 0.00 M M 8.5 26 30 M M 1 35 30
11 38 12 25 M 40 0 0.00 M M 4.8 8 120 M M 0 M M
12 45 14 30 M 35 0 0.00 M M 3.6 8 350 M M 0 M M
13 51 15 33 M 32 0 T M M 5.6 14 60 M M 1 25 70
14 40 15 28 M 37 0 T M M 4.0 9 210 M M 4 M M
15 40 19 30 M 35 0 0.00 M M 8.9 22 350 M M 5 26 350
16 45 19 32 M 33 0 0.00 M M 8.5 18 350 M M 4 31 10
17 29 15 22 M 43 0 0.06 M M 7.5 24 30 M M 9 1 30 30
18 23 4 14 M 51 0 0.04 M M 3.2 10 100 M M 4 12 M M
19 37 6 22 M 43 0 0.01 M M 4.6 9 350 M M 1 M M
20 47 7 27 M 38 0 0.00 M M 2.8 8 10 M M 0 M M
21 50 18 34 M 31 0 0.00 M M 2.1 7 20 M M 0 M M
22 54 21 38 M 27 0 0.00 M M 5.8 14 180 M M 0 M M
23 52 18 35 M 30 0 0.00 M M 9.2 24 330 M M 1 35 330
24 47 26 37 M 28 0 0.00 M M 10.8 22 330 M M 4 27 330
25 60 20 40 M 25 0 0.00 M M 4.6 10 200 M M 0 M M
26 61 23 42 M 23 0 0.02 M M 8.2 21 30 M M 3 1 30 20
27 45 28 37 M 28 0 0.13 M M 3.7 8 70 M M 5 1 37 250
28 53 22 38 M 27 0 0.01 M M 10.9 25 260 M M 1 1 38 260
29 32 4 18 M 47 0 0.03 M M 5.4 17 30 M M 7 128 M M
30 34 1 18 M 47 0 T M M 5.1 10 20 M M 0 1 M M
================================================================================
SM 1439 570 938 0 0.30 M 186.5 M 70
================================================================================
AV 48.0 19.0 6.2 FASTST M M 2 MAX(MPH)
MISC ----> 26 30 38 260
================================================================================
NOTES:
# LAST OF SEVERAL OCCURRENCES
COLUMN 17 PEAK WIND IN M.P.H.
PRELIMINARY LOCAL CLIMATOLOGICAL DATA (WS FORM: F-6) , PAGE 2
STATION: FT COLLINS/LOVELAND CO
MONTH: NOVEMBER
YEAR: 2022
LATITUDE: 40 27 N
LONGITUDE: 105 1 W
[TEMPERATURE DATA] [PRECIPITATION DATA] SYMBOLS USED IN COLUMN 16
AVERAGE MONTHLY: 33.5 TOTAL FOR MONTH: 0.30 1 = FOG OR MIST
DPTR FM NORMAL: 0.0 DPTR FM NORMAL: M 2 = FOG REDUCING VISIBILITY
HIGHEST: 71 ON 2 GRTST 24HR 0.15 ON 26-27 TO 1/4 MILE OR LESS
LOWEST: 1 ON 30 3 = THUNDER
SNOW, ICE PELLETS, HAIL 4 = ICE PELLETS
TOTAL MONTH: M 5 = HAIL
GRTST 24HR M ON M 6 = FREEZING RAIN OR DRIZZLE
GRTST DEPTH: M ON M 7 = DUSTSTORM OR SANDSTORM:
VSBY 1/2 MILE OR LESS
8 = SMOKE OR HAZE
[NO. OF DAYS WITH] [WEATHER - DAYS WITH] 9 = BLOWING SNOW
X = TORNADO
MAX 32 OR BELOW: 3 0.01 INCH OR MORE: 7
MAX 90 OR ABOVE: 0 0.10 INCH OR MORE: 1
MIN 32 OR BELOW: 27 0.50 INCH OR MORE: 0
MIN 0 OR BELOW: 0 1.00 INCH OR MORE: 0
[HDD (BASE 65) ]
TOTAL THIS MO. 938 CLEAR (SCALE 0-3) 18
DPTR FM NORMAL M PTCLDY (SCALE 4-7) 11
TOTAL FM JUL 1 1349 CLOUDY (SCALE 8-10) 1
DPTR FM NORMAL M
[CDD (BASE 65) ]
TOTAL THIS MO. 0
DPTR FM NORMAL M [PRESSURE DATA]
TOTAL FM JAN 1 1041 HIGHEST SLP 30.55 ON 19
DPTR FM NORMAL M LOWEST SLP 29.38 ON 28
[REMARKS]
#FINAL-11-22#