000
CXUS54 KMAF 030138
CF6FST
PRELIMINARY LOCAL CLIMATOLOGICAL DATA (WS FORM: F-6)
STATION: FORT STOCKTON
MONTH: APRIL
YEAR: 2022
LATITUDE: 30 55 N
LONGITUDE: 102 55 W
TEMPERATURE IN F: :PCPN: SNOW: WIND :SUNSHINE: SKY :PK WND
================================================================================
1 2 3 4 5 6A 6B 7 8 9 10 11 12 13 14 15 16 17 18
12Z AVG MX 2MIN
DY MAX MIN AVG DEP HDD CDD WTR SNW DPTH SPD SPD DIR MIN PSBL S-S WX SPD DR
================================================================================
1 86 50 68 4 0 3 0.00 M M 12.5 25 10 M M 0 33 10
2 83 48 66 2 0 1 0.00 M M 8.3 17 120 M M 0 24 40
3 94 61 78 13 0 13 T M M 10.9 25 210 M M 0 3 38 210
4 80 58 69 4 0 4 0.00 M M 13.6 26 290 M M 1 33 280
5 91 57 74 9 0 9 0.00 M M 16.1 28 270 M M 0 34 280
6 76 52 64 -1 1 0 0.00 M M 11.0 28 30 M M 1 8 35 30
7 69 41 55 -11 10 0 0.00 M M 7.4 18 110 M M 0 23 110
8 74 40 57 -9 8 0 0.00 M M 8.8 20 100 M M 0 23 90
9 91 45 68 2 0 3 0.00 M M 9.0 21 230 M M 0 27 170
10 91 58 75 9 0 10 0.00 M M 13.0 26 290 M M 0 37 310
11 92 63 78 12 0 13 0.00 M M 12.6 24 260 M M 0 33 260
12 92 60 76 9 0 11 0.00 M M 11.1 26 260 M M 0 8 33 270
13 78 56 67 0 0 2 0.00 M M 14.5 36 310 M M 0 8 45 310
14 85 50 68 1 0 3 0.00 M M 12.5 23 160 M M 0 32 150
15 94 59 77 10 0 12 0.00 M M 10.8 22 160 M M 0 29 150
16 83 59 71 3 0 6 0.00 M M 9.8 22 330 M M 0 27 320
17 90 59 75 7 0 10 0.00 M M 9.3 23 330 M M 0 30 330
18 88 57 73 5 0 8 0.00 M M 15.3 25 110 M M 0 36 130
19 82 61 72 4 0 7 0.00 M M 23.1 35 150 M M 1 46 160
20 97 60 79 11 0 14 0.00 M M 13.1 30 300 M M 0 37 300
21 94 62 78 9 0 13 0.00 M M 15.4 33 160 M M 0 8 44 160
22 94 69 82 13 0 17 0.00 M M 23.5 35 150 M M 0 8 48 140
23 92 65 79 10 0 14 0.00 M M 12.4 28 170 M M 0 37 150
24 88 61 75 6 0 10 0.00 M M 8.9 29 70 M M 0 35 70
25 72 55 64 -6 1 0 T M M 11.6 20 120 M M 7 29 80
26 70 52 61 -9 4 0 0.00 M M 13.9 24 150 M M 6 33 160
27 88 58 73 3 0 8 0.00 M M 18.2 29 160 M M 1 39 150
28 94 62 78 8 0 13 0.00 M M 12.7 25 120 M M 0 33 130
29 94 60 77 7 0 12 0.00 M M 10.6 23 300 M M 0 31 300
30 85 53 69 -2 0 4 0.00 M M 10.7 18 320 M M 0 24 330
================================================================================
SM 2587 1691 24 220 T M 380.6 M 17
================================================================================
AV 86.2 56.4 12.7 FASTST M M 1 MAX(MPH)
MISC ----> 36 310 48 140
================================================================================
NOTES:
# LAST OF SEVERAL OCCURRENCES
COLUMN 17 PEAK WIND IN M.P.H.
PRELIMINARY LOCAL CLIMATOLOGICAL DATA (WS FORM: F-6) , PAGE 2
STATION: FORT STOCKTON
MONTH: APRIL
YEAR: 2022
LATITUDE: 30 55 N
LONGITUDE: 102 55 W
[TEMPERATURE DATA] [PRECIPITATION DATA] SYMBOLS USED IN COLUMN 16
AVERAGE MONTHLY: 71.3 TOTAL FOR MONTH: T 1 = FOG OR MIST
DPTR FM NORMAL: 3.8 DPTR FM NORMAL: -0.62 2 = FOG REDUCING VISIBILITY
HIGHEST: 97 ON 20 GRTST 24HR T ON 3- 3 TO 1/4 MILE OR LESS
LOWEST: 40 ON 8 3 = THUNDER
SNOW, ICE PELLETS, HAIL 4 = ICE PELLETS
TOTAL MONTH: M 5 = HAIL
GRTST 24HR M ON M 6 = FREEZING RAIN OR DRIZZLE
GRTST DEPTH: M ON M 7 = DUSTSTORM OR SANDSTORM:
VSBY 1/2 MILE OR LESS
8 = SMOKE OR HAZE
[NO. OF DAYS WITH] [WEATHER - DAYS WITH] 9 = BLOWING SNOW
X = TORNADO
MAX 32 OR BELOW: 0 0.01 INCH OR MORE: 0
MAX 90 OR ABOVE: 14 0.10 INCH OR MORE: 0
MIN 32 OR BELOW: 0 0.50 INCH OR MORE: 0
MIN 0 OR BELOW: 0 1.00 INCH OR MORE: 0
[HDD (BASE 65) ]
TOTAL THIS MO. 24 CLEAR (SCALE 0-3) 28
DPTR FM NORMAL -44 PTCLDY (SCALE 4-7) 2
TOTAL FM JUL 1 1669 CLOUDY (SCALE 8-10) 0
DPTR FM NORMAL -297
[CDD (BASE 65) ]
TOTAL THIS MO. 220
DPTR FM NORMAL 79 [PRESSURE DATA]
TOTAL FM JAN 1 271 HIGHEST SLP 30.31 ON 7
DPTR FM NORMAL 76 LOWEST SLP 29.46 ON 12
[REMARKS]
#FINAL-04-22#