000
CXUS54 KMAF 241110
CF6FST
PRELIMINARY LOCAL CLIMATOLOGICAL DATA (WS FORM: F-6)
STATION: FORT STOCKTON
MONTH: APRIL
YEAR: 2024
LATITUDE: 30 55 N
LONGITUDE: 102 55 W
TEMPERATURE IN F: :PCPN: SNOW: WIND :SUNSHINE: SKY :PK WND
================================================================================
1 2 3 4 5 6A 6B 7 8 9 10 11 12 13 14 15 16 17 18
12Z AVG MX 2MIN
DY MAX MIN AVG DEP HDD CDD WTR SNW DPTH SPD SPD DIR MIN PSBL S-S WX SPD DR
================================================================================
1 89 57 73 9 0 8 0.00 M M 15.7 47 310 M M M 62 300
2 67 47 57 -7 8 0 0.00 M M 12.3 24 350 M M M 39 360
3 78 45 62 -3 3 0 0.00 M M 8.2 14 320 M M M 24 300
4 85 55 70 5 0 5 0.00 M M 10.2 18 160 M M M 25 160
5 88 57 73 8 0 8 0.00 M M 18.4 26 150 M M M 41 150
6 85 58 72 7 0 7 0.00 M M 16.1 28 260 M M M 38 250
7 82 46 64 -2 1 0 0.00 M M 7.8 20 280 M M M 27 290
8 87 49 68 2 0 3 0.00 M M 8.6 23 150 M M M 33 130
9 69 46 58 -8 7 0 0.17 M M 16.9 38 290 M M M 52 290
10 73 42 58 -8 7 0 0.03 M M 10.0 21 340 M M M 29 340
11 82 51 67 1 0 2 0.00 M M 11.5 20 150 M M M 30 160
12 84 59 72 5 0 7 0.00 M M 17.7 28 140 M M M 40 150
13 94 60 77 10 0 12 0.00 M M 9.9 23 160 M M M 33 150
14 94 60 77 10 0 12 0.00 M M 8.7 17 330 M M M 26 330
15 98 68 83 16 0 18 0.00 M M 10.9 24 240 M M M 38 250
16 88 59 74 6 0 9 0.00 M M 10.7 30 300 M M M 21 310
17 93 61 77 9 0 12 0.00 M M 6.5 14 170 M M M 22 230
18 97 59 78 10 0 13 0.00 M M 9.9 23 50 M M M 30 50
19 71 57 64 -4 1 0 0.00 M M 9.9 40 17 M M M 23 40
20 65 50 58 -10 7 0 0.04 M M 10.2 20 10 M M M 26 360
21 62 47 55 -14 10 0 0.02 M M 8.0 14 80 M M M 18 70
22 79 56 68 -1 0 3 0.00 M M M 24 140 M M M 38 130
23 93 57 75 6 0 10 T M M M 24 150 M M M 34 160
================================================================================
SM 1903 1246 44 129 0.26 M 238.1 M M
================================================================================
AV 82.7 54.2 11.3 FASTST M M M MAX(MPH)
MISC ----> 47 310 62 300
================================================================================
NOTES:
# LAST OF SEVERAL OCCURRENCES
COLUMN 17 PEAK WIND IN M.P.H.
PRELIMINARY LOCAL CLIMATOLOGICAL DATA (WS FORM: F-6) , PAGE 2
STATION: FORT STOCKTON
MONTH: APRIL
YEAR: 2024
LATITUDE: 30 55 N
LONGITUDE: 102 55 W
[TEMPERATURE DATA] [PRECIPITATION DATA] SYMBOLS USED IN COLUMN 16
AVERAGE MONTHLY: 68.5 TOTAL FOR MONTH: 0.26 1 = FOG OR MIST
DPTR FM NORMAL: 1.8 DPTR FM NORMAL: -0.20 2 = FOG REDUCING VISIBILITY
HIGHEST: 98 ON 15 GRTST 24HR 0.17 ON 9- 9 TO 1/4 MILE OR LESS
LOWEST: 42 ON 10 3 = THUNDER
SNOW, ICE PELLETS, HAIL 4 = ICE PELLETS
TOTAL MONTH: M 5 = HAIL
GRTST 24HR M ON M 6 = FREEZING RAIN OR DRIZZLE
GRTST DEPTH: M ON M 7 = DUSTSTORM OR SANDSTORM:
VSBY 1/2 MILE OR LESS
8 = SMOKE OR HAZE
[NO. OF DAYS WITH] [WEATHER - DAYS WITH] 9 = BLOWING SNOW
X = TORNADO
MAX 32 OR BELOW: 0 0.01 INCH OR MORE: 4
MAX 90 OR ABOVE: 6 0.10 INCH OR MORE: 1
MIN 32 OR BELOW: 0 0.50 INCH OR MORE: 0
MIN 0 OR BELOW: 0 1.00 INCH OR MORE: 0
[HDD (BASE 65) ]
TOTAL THIS MO. 44 CLEAR (SCALE 0-3) 0
DPTR FM NORMAL -16 PTCLDY (SCALE 4-7) 0
TOTAL FM JUL 1 1577 CLOUDY (SCALE 8-10) 23
DPTR FM NORMAL -382
[CDD (BASE 65) ]
TOTAL THIS MO. 129
DPTR FM NORMAL 32 [PRESSURE DATA]
TOTAL FM JAN 1 225 HIGHEST SLP M ON M
DPTR FM NORMAL 74 LOWEST SLP 29.48 ON 1
[REMARKS]