000
CXUS54 KFWD 010830
CF6FTW
PRELIMINARY LOCAL CLIMATOLOGICAL DATA (WS FORM: F-6)
STATION: FORT WORTH MEACHAM
MONTH: DECEMBER
YEAR: 2022
LATITUDE: 32 49 N
LONGITUDE: 97 21 W
TEMPERATURE IN F: :PCPN: SNOW: WIND :SUNSHINE: SKY :PK WND
================================================================================
1 2 3 4 5 6A 6B 7 8 9 10 11 12 13 14 15 16 17 18
12Z AVG MX 2MIN
DY MAX MIN AVG DEP HDD CDD WTR SNW DPTH SPD SPD DIR MIN PSBL S-S WX SPD DR
================================================================================
1 51 31 41 -10 24 0 T M M 8.8 18 140 M M 5 24 130
2 68 48 58 8 7 0 T M M 10.4 18 180 M M 7 1 25 160
3 62 43 53 3 12 0 0.00 M M 13.2 29 350 M M 3 1 42 350
4 57 46 52 2 13 0 0.00 M M 7.1 14 160 M M 8 1 18 160
5 80 52 66 16 0 1 0.00 M M 12.4 21 210 M M 4 1 28 200
6 74 59 67 17 0 2 T M M 5.9 13 360 M M 1 18 340
7 66 57 62 13 3 0 0.06 M M 4.2 9 30 M M 10 12 11 310
8 75 57 66 17 0 1 T M M 3.2 10 330 M M 9 12 12 330
9 66 57 62 13 3 0 0.01 M M 6.9 15 10 M M 9 12 19 360
10 69 53 61 13 4 0 0.87 M M 7.3 21 330 M M 10 123 30 330
11 57 51 54 6 11 0 0.04 M M 6.1 17 360 M M 10 1 22 360
12 64 54 59 11 6 0 0.01 M M 12.3 23 140 M M 10 1 29 150
13 69 53 61 13 4 0 0.85 M M 10.3 28 290 M M 7 13 38 290
14 59 40 50 2 15 0 T M M 8.9 26 290 M M 4 38 280
15 54 35 45 -2 20 0 0.00 M M 5.9 14 330 M M 0 19 360
16 49 33 41 -6 24 0 0.00 M M 8.3 17 10 M M 3 23 10
17 51 31 41 -6 24 0 0.00 M M 5.1 14 310 M M 0 18 320
18 55 30 43 -4 22 0 0.00 M M 6.8 17 150 M M 2 21 130
19 49 43 46 -1 19 0 T M M 10.9 21 140 M M 10 1 28 130
20 54 34 44 -2 21 0 T M M 9.2 17 30 M M 5 1 23 10
21 50 28 39 -7 26 0 0.00 M M 6.5 15 170 M M 1 1 22 160
22 43 10 27 -19 38 0 T M M 18.6 35 320 M M 7 1 45 330
23 23 10 17 -29 48 0 0.00 M M 12.6 22 340 M M 1 32 340
24 36 21 29 -17 36 0 0.00 M M 3.7 9 320 M M 0 14 330
25 51 23 37 -9 28 0 0.00 M M 5.5 15 170 M M 0 20 190
26 59 27 43 -3 22 0 0.00 M M 8.8 22 360 M M 1 30 360
27 53 21 37 -9 28 0 0.00 M M 8.8 20 180 M M 0 26 170
28 74 43 59 13 6 0 0.00 M M 16.5 24 180 M M 0 35 190
29 69 53 61 15 4 0 0.00 M M 8.5 24 180 M M 2 32 180
30 60 44 52 7 13 0 0.00 M M 3.8 12 360 M M 3 15 350
31 73 46 60 15 5 0 0.00 M M 9.0 21 200 M M 1 27 180
================================================================================
SM 1820 1233 486 4 1.84 M 265.5 M 133
================================================================================
AV 58.7 39.8 8.6 FASTST M M 4 MAX(MPH)
MISC ----> 35 320 45 330
================================================================================
NOTES:
# LAST OF SEVERAL OCCURRENCES
COLUMN 17 PEAK WIND IN M.P.H.
PRELIMINARY LOCAL CLIMATOLOGICAL DATA (WS FORM: F-6) , PAGE 2
STATION: FORT WORTH MEACHAM
MONTH: DECEMBER
YEAR: 2022
LATITUDE: 32 49 N
LONGITUDE: 97 21 W
[TEMPERATURE DATA] [PRECIPITATION DATA] SYMBOLS USED IN COLUMN 16
AVERAGE MONTHLY: 49.2 TOTAL FOR MONTH: 1.84 1 = FOG OR MIST
DPTR FM NORMAL: 1.7 DPTR FM NORMAL: -0.80 2 = FOG REDUCING VISIBILITY
HIGHEST: 80 ON 5 GRTST 24HR 0.91 ON 10-11 TO 1/4 MILE OR LESS
LOWEST: 10 ON 23,22 3 = THUNDER
SNOW, ICE PELLETS, HAIL 4 = ICE PELLETS
TOTAL MONTH: M 5 = HAIL
GRTST 24HR M ON M 6 = FREEZING RAIN OR DRIZZLE
GRTST DEPTH: M ON M 7 = DUSTSTORM OR SANDSTORM:
VSBY 1/2 MILE OR LESS
8 = SMOKE OR HAZE
[NO. OF DAYS WITH] [WEATHER - DAYS WITH] 9 = BLOWING SNOW
X = TORNADO
MAX 32 OR BELOW: 1 0.01 INCH OR MORE: 6
MAX 90 OR ABOVE: 0 0.10 INCH OR MORE: 2
MIN 32 OR BELOW: 10 0.50 INCH OR MORE: 2
MIN 0 OR BELOW: 0 1.00 INCH OR MORE: 0
[HDD (BASE 65) ]
TOTAL THIS MO. 486 CLEAR (SCALE 0-3) 15
DPTR FM NORMAL -59 PTCLDY (SCALE 4-7) 9
TOTAL FM JUL 1 902 CLOUDY (SCALE 8-10) 7
DPTR FM NORMAL -29
[CDD (BASE 65) ]
TOTAL THIS MO. 4
DPTR FM NORMAL 0 [PRESSURE DATA]
TOTAL FM JAN 1 3296 HIGHEST SLP 30.83 ON 23
DPTR FM NORMAL 601 LOWEST SLP 29.53 ON 13
[REMARKS]
#FINAL-12-22#