000
CXUS52 KFFC 011010
CF6FTY
PRELIMINARY LOCAL CLIMATOLOGICAL DATA (WS FORM: F-6)
STATION: FULTON COUNTY AIRPORT
MONTH: AUGUST
YEAR: 2022
LATITUDE: 33 46 N
LONGITUDE: 84 31 W
TEMPERATURE IN F: :PCPN: SNOW: WIND :SUNSHINE: SKY :PK WND
================================================================================
1 2 3 4 5 6A 6B 7 8 9 10 11 12 13 14 15 16 17 18
12Z AVG MX 2MIN
DY MAX MIN AVG DEP HDD CDD WTR SNW DPTH SPD SPD DIR MIN PSBL S-S WX SPD DR
================================================================================
1 83 71 77 -3 0 12 T M M 3.8 13 310 M M 2 18 310
2 91 74 83 3 0 18 0.00 M M 5.1 13 240 M M 1 20 240
3 90 73 82 2 0 17 0.01 M M 3.8 16 130 M M 2 3 22 140
4 91 70 81 1 0 16 T M M 1.8 13 250 M M 2 3 19 260
5 92 72 82 2 0 17 0.01 M M 4.8 15 190 M M 2 3 21 190
6 91 71 81 1 0 16 0.68 M M 4.6 20 130 M M 4 13 29 130
7 91 70 81 1 0 16 0.08 M M 3.0 29 150 M M 1 3 41 140
8 90 70 80 0 0 15 0.00 M M 2.9 14 30 M M 1 3 20 30
9 90 72 81 1 0 16 0.08 M M 3.6 13 200 M M 4 13 18 200
10 86 72 79 -1 0 14 0.17 M M 3.1 14 320 M M 5 13 17 320
11 84 71 78 -2 0 13 T M M 3.3 14 180 M M 3 3 19 170
12 89 70 80 0 0 15 0.01 M M 5.0 13 310 M M 4 1 20 350
13 85 69 77 -3 0 12 0.00 M M 5.4 13 130 M M 4 21 140
14 88 66 77 -3 0 12 0.00 M M 2.7 10 230 M M 1 18 230
15 91 72 82 2 0 17 0.30 M M 4.8 30 290 M M 2 138 46 290
16 87 68 78 -2 0 13 T M M 2.8 14 330 M M 2 18 300
17 82 70 76 -3 0 11 0.06 M M 4.3 13 80 M M 8 1 15 80
18 82 69 76 -3 0 11 0.00 M M 4.1 10 50 M M 9 17 110
19 79 70 75 -4 0 10 0.18 M M 3.5 10 90 M M 8 1 16 90
20 86 71 79 0 0 14 0.28 M M 3.0 24 230 M M 6 13 39 210
21 85 70 78 -1 0 13 0.01 M M 3.9 10 240 M M 6 17 200
22 83 73 78 -1 0 13 0.09 M M 3.4 13 290 M M 6 13 17 250
23 87 72 80 1 0 15 T M M 3.6 9 230 M M 6 13 230
24 85 72 79 1 0 14 0.00 M M 2.9 16 150 M M 8 3 23 160
25 81 71 76 -2 0 11 0.27 M M 2.7 12 180 M M 5 1 16 170
26 89 70 80 2 0 15 T M M 2.6 9 160 M M 6 1 12 350
27 91 71 81 3 0 16 T M M 3.3 13 340 M M 2 3 17 360
28 91 70 81 3 0 16 0.00 M M 4.7 13 140 M M 1 3 22 140
29 90 69 80 2 0 15 0.00 M M 3.3 12 120 M M 1 18 120
30 90 73 82 5 0 17 0.18 M M 2.3 29 290 M M 4 13 41 300
31 88 66 77 0 0 12 0.00 M M 3.7 14 290 M M 2 17 360
================================================================================
SM 2708 2188 0 442 2.41 M 111.8 M 118
================================================================================
AV 87.4 70.6 3.6 FASTST M M 4 MAX(MPH)
MISC ----> 30 290 46 290
================================================================================
NOTES:
# LAST OF SEVERAL OCCURRENCES
COLUMN 17 PEAK WIND IN M.P.H.
PRELIMINARY LOCAL CLIMATOLOGICAL DATA (WS FORM: F-6) , PAGE 2
STATION: FULTON COUNTY AIRPORT
MONTH: AUGUST
YEAR: 2022
LATITUDE: 33 46 N
LONGITUDE: 84 31 W
[TEMPERATURE DATA] [PRECIPITATION DATA] SYMBOLS USED IN COLUMN 16
AVERAGE MONTHLY: 79.0 TOTAL FOR MONTH: 2.41 1 = FOG OR MIST
DPTR FM NORMAL: -0.3 DPTR FM NORMAL: -1.57 2 = FOG REDUCING VISIBILITY
HIGHEST: 92 ON 5 GRTST 24HR 0.75 ON 6- 7 TO 1/4 MILE OR LESS
LOWEST: 66 ON 31,14 3 = THUNDER
SNOW, ICE PELLETS, HAIL 4 = ICE PELLETS
TOTAL MONTH: M 5 = HAIL
GRTST 24HR M ON M 6 = FREEZING RAIN OR DRIZZLE
GRTST DEPTH: M ON M 7 = DUSTSTORM OR SANDSTORM:
VSBY 1/2 MILE OR LESS
8 = SMOKE OR HAZE
[NO. OF DAYS WITH] [WEATHER - DAYS WITH] 9 = BLOWING SNOW
X = TORNADO
MAX 32 OR BELOW: 0 0.01 INCH OR MORE: 15
MAX 90 OR ABOVE: 13 0.10 INCH OR MORE: 7
MIN 32 OR BELOW: 0 0.50 INCH OR MORE: 1
MIN 0 OR BELOW: 0 1.00 INCH OR MORE: 0
[HDD (BASE 65) ]
TOTAL THIS MO. 0 CLEAR (SCALE 0-3) 15
DPTR FM NORMAL 0 PTCLDY (SCALE 4-7) 14
TOTAL FM JUL 1 0 CLOUDY (SCALE 8-10) 2
DPTR FM NORMAL 0
[CDD (BASE 65) ]
TOTAL THIS MO. 442
DPTR FM NORMAL 0 [PRESSURE DATA]
TOTAL FM JAN 1 1665 HIGHEST SLP 30.25 ON 7
DPTR FM NORMAL 169 LOWEST SLP 29.81 ON 15
[REMARKS]
#FINAL-08-22#