000
CXUS52 KFFC 011110
CF6FTY
PRELIMINARY LOCAL CLIMATOLOGICAL DATA (WS FORM: F-6)
STATION: FULTON COUNTY AIRPORT
MONTH: MARCH
YEAR: 2020
LATITUDE: 33 46 N
LONGITUDE: 84 31 W
TEMPERATURE IN F: :PCPN: SNOW: WIND :SUNSHINE: SKY :PK WND
================================================================================
1 2 3 4 5 6A 6B 7 8 9 10 11 12 13 14 15 16 17 18
12Z AVG MX 2MIN
DY MAX MIN AVG DEP HDD CDD WTR SNW DPTH SPD SPD DIR MIN PSBL S-S WX SPD DR
================================================================================
1 64 30 47 -3 18 0 0.00 0.0 0 4.0 12 170 M M 0 16 170
2 55 43 49 -1 16 0 0.70 M 0 2.7 13 170 M M 6 1 18 160
3 71 53 62 12 3 0 0.19 0.0 0 7.0 16 220 M M 8 13 24 200
4 62 52 57 7 8 0 0.97 0.0 0 2.7 10 160 M M 10 1 13 160
5 53 47 50 -1 15 0 1.57 0.0 0 6.5 18 80 M M 10 13 23 80
6 57 40 49 -2 16 0 T 0.0 0 11.7 25 320 M M 0 18 36 300
7 59 32 46 -5 19 0 0.00 0.0 0 4.9 21 340 M M 0 25 340
8 63 32 48 -4 17 0 0.00 0.0 0 3.7 15 140 M M 0 19 150
9 68 37 53 1 12 0 0.00 0.0 0 4.4 17 160 M M 2 21 170
10 66 53 60 8 5 0 0.10 0.0 0 4.4 16 210 M M 6 18 21 210
11 72 51 62 10 3 0 0.23 0.0 0 4.2 15 240 M M 6 18 22 230
12 76 57 67 14 0 2 0.20 0.0 0 4.9 14 180 M M 7 1 19 210
13 72 62 67 14 0 2 T 0.0 0 5.6 13 230 M M 9 18 240
14 82 53 68 15 0 3 T 0.0 0 4.2 13 50 M M 4 19 360
15 70 55 63 10 2 0 0.03 0.0 0 5.3 13 320 M M 9 18 330
16 57 53 55 1 10 0 T 0.0 0 6.7 14 70 M M 10 18 17 90
17 69 51 60 6 5 0 0.00 0.0 0 2.7 8 60 M M 7 18 10 60
18 78 53 66 12 0 1 0.00 0.0 0 3.6 14 160 M M 5 1 20 150
19 81 59 70 15 0 5 0.00 0.0 0 5.2 17 220 M M 6 1 24 180
20 82 61 72 17 0 7 0.01 0.0 0 8.3 24 320 M M 4 32 320
21 71 51 61 6 4 0 0.07 0.0 0 6.9 15 320 M M 7 1 19 310
22 63 45 54 -1 11 0 0.04 M 0 6.2 15 80 M M 6 1 20 80
23 60 52 56 0 9 0 1.31 0.0 0 3.6 10 150 M M 10 13 14 120
24 77 57 67 11 0 2 0.53 0.0 0 4.9 16 240 M M 9 123 25 190
25 71 52 62 6 3 0 0.23 0.0 0 6.3 16 330 M M 2 13 21 330
26 80 46 63 7 2 0 0.01 M 0 2.7 13 180 M M 0 17 150
27 86 52 69 12 0 4 0.00 0.0 0 3.8 15 200 M M 0 20 200
28 85 58 72 15 0 7 T 0.0 0 6.2 17 200 M M 3 1 23 240
29 78 65 72 15 0 7 0.01 0.0 0 7.4 21 290 M M 4 27 300
30 74 58 66 9 0 1 T 0.0 0 5.7 17 300 M M 0 21 310
31 62 49 56 -1 9 0 0.40 0.0 0 7.8 21 300 M M 9 1 38 280
================================================================================
SM 2164 1559 187 41 6.60 0.0 164.2 M 159
================================================================================
AV 69.8 50.3 5.3 FASTST M M 5 MAX(MPH)
MISC ----> # 25 320 # 38 280
================================================================================
NOTES:
# LAST OF SEVERAL OCCURRENCES
COLUMN 17 PEAK WIND IN M.P.H.
PRELIMINARY LOCAL CLIMATOLOGICAL DATA (WS FORM: F-6) , PAGE 2
STATION: FULTON COUNTY AIRPORT
MONTH: MARCH
YEAR: 2020
LATITUDE: 33 46 N
LONGITUDE: 84 31 W
[TEMPERATURE DATA] [PRECIPITATION DATA] SYMBOLS USED IN COLUMN 16
AVERAGE MONTHLY: 60.1 TOTAL FOR MONTH: 6.60 1 = FOG OR MIST
DPTR FM NORMAL: 6.4 DPTR FM NORMAL: 1.79 2 = FOG REDUCING VISIBILITY
HIGHEST: 86 ON 27 GRTST 24HR 1.57 ON 5- 5 TO 1/4 MILE OR LESS
LOWEST: 30 ON 1 3 = THUNDER
SNOW, ICE PELLETS, HAIL 4 = ICE PELLETS
TOTAL MONTH: 0.0 INCH 5 = HAIL
GRTST 24HR 0.0 6 = FREEZING RAIN OR DRIZZLE
GRTST DEPTH: 0 7 = DUSTSTORM OR SANDSTORM:
VSBY 1/2 MILE OR LESS
8 = SMOKE OR HAZE
[NO. OF DAYS WITH] [WEATHER - DAYS WITH] 9 = BLOWING SNOW
X = TORNADO
MAX 32 OR BELOW: 0 0.01 INCH OR MORE: 17
MAX 90 OR ABOVE: 0 0.10 INCH OR MORE: 11
MIN 32 OR BELOW: 3 0.50 INCH OR MORE: 5
MIN 0 OR BELOW: 0 1.00 INCH OR MORE: 2
[HDD (BASE 65) ]
TOTAL THIS MO. 187 CLEAR (SCALE 0-3) 10
DPTR FM NORMAL -172 PTCLDY (SCALE 4-7) 13
TOTAL FM JUL 1 2149 CLOUDY (SCALE 8-10) 8
DPTR FM NORMAL -550
[CDD (BASE 65) ]
TOTAL THIS MO. 41
DPTR FM NORMAL 35 [PRESSURE DATA]
TOTAL FM JAN 1 42 HIGHEST SLP 30.60 ON 8
DPTR FM NORMAL 36 LOWEST SLP 29.61 ON 31
[REMARKS]
#FINAL-03-20#