000
CXUS56 KSGX 011145
CF6FUL
PRELIMINARY LOCAL CLIMATOLOGICAL DATA (WS FORM: F-6)
STATION: FULLERTON AIRPORT CA
MONTH: FEBRUARY
YEAR: 2023
LATITUDE: 33 52 N
LONGITUDE: 117 58 W
TEMPERATURE IN F: :PCPN: SNOW: WIND :SUNSHINE: SKY :PK WND
================================================================================
1 2 3 4 5 6A 6B 7 8 9 10 11 12 13 14 15 16 17 18
12Z AVG MX 2MIN
DY MAX MIN AVG DEP HDD CDD WTR SNW DPTH SPD SPD DIR MIN PSBL S-S WX SPD DR
================================================================================
1 72 40 56 -2 9 0 0.00 M M 2.3 10 210 M M 0 8 13 210
2 72 41 57 -1 8 0 0.00 M M 1.6 8 220 M M 0 8 11 210
3 76 49 63 5 2 0 0.00 M M 2.8 9 210 M M 0 8 12 220
4 73 44 59 1 6 0 0.00 M M 1.8 9 220 M M 1 8 12 190
5 69 52 61 3 4 0 0.02 M M 4.2 12 220 M M 4 18 18 210
6 71 46 59 1 6 0 0.00 M M 3.1 10 150 M M 0 8 14 160
7 75 46 61 3 4 0 0.00 M M 3.5 12 230 M M 0 8 13 190
8 78 45 62 4 3 0 0.00 M M 1.2 9 210 M M 0 8 13 180
9 85 46 66 8 0 1 0.00 M M 3.1 17 70 M M 0 22 70
10 81 58 70 12 0 5 0.00 M M 5.9 18 80 M M 0 23 70
11 65 50 58 0 7 0 0.00 M M 5.4 14 190 M M 4 8 18 180
12 64 45 55 -3 10 0 0.00 M M 3.5 12 220 M M 2 8 16 220
13 64 48 56 -2 9 0 0.00 M M 4.1 13 220 M M 4 14 230
14 62 51 57 -1 8 0 T M M 6.6 15 320 M M 7 8 24 330
15 65 39 52 -7 13 0 0.00 M M 3.0 10 270 M M 0 8 17 320
16 69 40 55 -4 10 0 0.00 M M 4.7 16 80 M M 0 20 80
17 71 48 60 1 5 0 0.00 M M 4.9 17 80 M M 0 8 20 90
18 71 47 59 0 6 0 0.00 M M 2.4 13 200 M M 1 8 19 200
19 68 42 55 -4 10 0 0.00 M M 3.0 13 180 M M 1 16 160
20 76 47 62 3 3 0 0.00 M M 2.4 12 290 M M 1 8 15 290
21 64 50 57 -2 8 0 0.00 M M 2.2 7 240 M M 1 20 240
22 M M M M M M 0.00 M M M M M M M M M M
23 57 45 51 -8 14 0 0.27 M M 4.9 18 190 M M 5 138 30 250
24 57 46 52 -7 13 0 0.67 M M 14.2 23 130 M M 10 1 35 140
25 54 45 50 -10 15 0 1.57 M M 6.9 20 120 M M 9 18 29 130
26 58 38 48 -12 17 0 0.03 M M 2.4 13 220 M M 6 1 16 230
27 56 47 52 -8 13 0 0.18 M M 3.8 12 170 M M 9 18 15 180
28 62 46 54 -6 11 0 0.19 M M 4.6 14 220 M M 7 1 19 210
================================================================================
SM 1835 1241 214 6 2.93 M 108.5 M 72
================================================================================
AV 68.0 46.0 4.0 FASTST M M 3 MAX(MPH)
MISC ----> 23 130 35 140
================================================================================
NOTES:
# LAST OF SEVERAL OCCURRENCES
COLUMN 17 PEAK WIND IN M.P.H.
PRELIMINARY LOCAL CLIMATOLOGICAL DATA (WS FORM: F-6) , PAGE 2
STATION: FULLERTON AIRPORT CA
MONTH: FEBRUARY
YEAR: 2023
LATITUDE: 33 52 N
LONGITUDE: 117 58 W
[TEMPERATURE DATA] [PRECIPITATION DATA] SYMBOLS USED IN COLUMN 16
AVERAGE MONTHLY: 57.0 TOTAL FOR MONTH: 2.93 1 = FOG OR MIST
DPTR FM NORMAL: -1.6 DPTR FM NORMAL: -0.09 2 = FOG REDUCING VISIBILITY
HIGHEST: 85 ON 9 GRTST 24HR 1.81 ON 24-25 TO 1/4 MILE OR LESS
LOWEST: 38 ON 26 3 = THUNDER
SNOW, ICE PELLETS, HAIL 4 = ICE PELLETS
TOTAL MONTH: M 5 = HAIL
GRTST 24HR M ON M 6 = FREEZING RAIN OR DRIZZLE
GRTST DEPTH: M ON M 7 = DUSTSTORM OR SANDSTORM:
VSBY 1/2 MILE OR LESS
8 = SMOKE OR HAZE
[NO. OF DAYS WITH] [WEATHER - DAYS WITH] 9 = BLOWING SNOW
X = TORNADO
MAX 32 OR BELOW: 0 0.01 INCH OR MORE: 7
MAX 90 OR ABOVE: 0 0.10 INCH OR MORE: 5
MIN 32 OR BELOW: 0 0.50 INCH OR MORE: 2
MIN 0 OR BELOW: 0 1.00 INCH OR MORE: 1
[HDD (BASE 65) ]
TOTAL THIS MO. 214 CLEAR (SCALE 0-3) 17
DPTR FM NORMAL 27 PTCLDY (SCALE 4-7) 7
TOTAL FM JUL 1 856 CLOUDY (SCALE 8-10) 4
DPTR FM NORMAL 53
[CDD (BASE 65) ]
TOTAL THIS MO. 6
DPTR FM NORMAL -4 [PRESSURE DATA]
TOTAL FM JAN 1 6 HIGHEST SLP 30.34 ON 2
DPTR FM NORMAL 1 LOWEST SLP 29.60 ON 21
[REMARKS]
#FINAL-02-23#