000
CXUS56 KSGX 011045
CF6FUL
PRELIMINARY LOCAL CLIMATOLOGICAL DATA (WS FORM: F-6)
STATION: FULLERTON AIRPORT CA
MONTH: MAY
YEAR: 2022
LATITUDE: 33 52 N
LONGITUDE: 117 58 W
TEMPERATURE IN F: :PCPN: SNOW: WIND :SUNSHINE: SKY :PK WND
================================================================================
1 2 3 4 5 6A 6B 7 8 9 10 11 12 13 14 15 16 17 18
12Z AVG MX 2MIN
DY MAX MIN AVG DEP HDD CDD WTR SNW DPTH SPD SPD DIR MIN PSBL S-S WX SPD DR
================================================================================
1 72 56 64 -2 1 0 0.00 M M 5.2 13 210 M M 4 17 190
2 74 60 67 1 0 2 0.00 M M 4.9 15 190 M M 7 20 220
3 71 59 65 -1 0 0 0.00 M M 4.2 12 200 M M 5 18 180
4 79 56 68 2 0 3 0.00 M M 3.5 10 180 M M 0 15 210
5 82 59 71 5 0 6 0.00 M M 4.0 12 220 M M 3 8 17 200
6 76 55 66 0 0 1 0.00 M M 5.2 10 220 M M 1 128 16 200
7 75 61 68 2 0 3 0.00 M M 6.8 14 200 M M 5 24 180
8 71 58 65 -1 0 0 0.00 M M 7.1 14 210 M M 6 20 210
9 69 53 61 -5 4 0 0.00 M M 4.8 14 190 M M 3 8 22 200
10 72 51 62 -4 3 0 0.00 M M 4.9 14 290 M M 1 8 20 290
11 71 51 61 -5 4 0 0.00 M M 5.1 17 220 M M 1 8 25 190
12 85 50 68 1 0 3 0.00 M M 4.0 14 280 M M 0 8 19 270
13 91 55 73 6 0 8 0.00 M M 3.1 13 210 M M 0 18 230
14 93 59 76 9 0 11 0.00 M M 3.6 12 190 M M 1 16 220
15 82 59 71 4 0 6 0.00 M M 4.0 14 210 M M 3 18 220
16 74 60 67 0 0 2 0.00 M M 5.7 12 180 M M 4 8 16 170
17 72 60 66 -1 0 1 0.00 M M 5.4 12 190 M M 6 16 190
18 75 61 68 1 0 3 0.00 M M 4.6 12 210 M M 6 16 200
19 67 59 63 -4 2 0 0.00 M M 4.6 10 190 M M 10 1 14 200
20 68 59 64 -3 1 0 T M M 6.9 14 190 M M 10 1 19 190
21 73 61 67 0 0 2 0.00 M M 5.6 14 200 M M 7 20 200
22 76 57 67 0 0 2 0.00 M M 3.9 12 240 M M 2 23 260
23 71 60 66 -1 0 1 0.00 M M 5.0 12 210 M M 7 16 200
24 74 60 67 -1 0 2 0.00 M M 4.1 12 200 M M 5 8 16 210
25 74 59 67 -1 0 2 0.00 M M 4.3 12 220 M M 1 8 16 200
26 75 61 68 0 0 3 0.00 M M 4.5 14 210 M M 4 18 210
27 75 61 68 0 0 3 0.00 M M 4.3 13 180 M M 7 17 180
28 70 60 65 -3 0 0 0.00 M M 4.8 12 200 M M 9 16 190
29 74 61 68 0 0 3 0.00 M M 6.1 13 190 M M 5 19 220
30 75 61 68 0 0 3 0.00 M M 5.0 14 190 M M 4 18 210
31 76 57 67 -1 0 2 0.00 M M 3.8 12 200 M M 0 21 220
================================================================================
SM 2332 1799 15 72 T M 149.0 M 127
================================================================================
AV 75.2 58.0 4.8 FASTST M M 4 MAX(MPH)
MISC ----> 17 220 25 190
================================================================================
NOTES:
# LAST OF SEVERAL OCCURRENCES
COLUMN 17 PEAK WIND IN M.P.H.
PRELIMINARY LOCAL CLIMATOLOGICAL DATA (WS FORM: F-6) , PAGE 2
STATION: FULLERTON AIRPORT CA
MONTH: MAY
YEAR: 2022
LATITUDE: 33 52 N
LONGITUDE: 117 58 W
[TEMPERATURE DATA] [PRECIPITATION DATA] SYMBOLS USED IN COLUMN 16
AVERAGE MONTHLY: 66.6 TOTAL FOR MONTH: T 1 = FOG OR MIST
DPTR FM NORMAL: -0.3 DPTR FM NORMAL: -0.30 2 = FOG REDUCING VISIBILITY
HIGHEST: 93 ON 14 GRTST 24HR T ON 20-20 TO 1/4 MILE OR LESS
LOWEST: 50 ON 12 3 = THUNDER
SNOW, ICE PELLETS, HAIL 4 = ICE PELLETS
TOTAL MONTH: M 5 = HAIL
GRTST 24HR M ON M 6 = FREEZING RAIN OR DRIZZLE
GRTST DEPTH: M ON M 7 = DUSTSTORM OR SANDSTORM:
VSBY 1/2 MILE OR LESS
8 = SMOKE OR HAZE
[NO. OF DAYS WITH] [WEATHER - DAYS WITH] 9 = BLOWING SNOW
X = TORNADO
MAX 32 OR BELOW: 0 0.01 INCH OR MORE: 0
MAX 90 OR ABOVE: 2 0.10 INCH OR MORE: 0
MIN 32 OR BELOW: 0 0.50 INCH OR MORE: 0
MIN 0 OR BELOW: 0 1.00 INCH OR MORE: 0
[HDD (BASE 65) ]
TOTAL THIS MO. 15 CLEAR (SCALE 0-3) 12
DPTR FM NORMAL -12 PTCLDY (SCALE 4-7) 16
TOTAL FM JUL 1 818 CLOUDY (SCALE 8-10) 3
DPTR FM NORMAL -229
[CDD (BASE 65) ]
TOTAL THIS MO. 72
DPTR FM NORMAL -14 [PRESSURE DATA]
TOTAL FM JAN 1 205 HIGHEST SLP 30.15 ON 12
DPTR FM NORMAL 34 LOWEST SLP 29.75 ON 30
[REMARKS]
#FINAL-05-22#