000
CXUS51 KCAR 020242
CF6FVE
PRELIMINARY LOCAL CLIMATOLOGICAL DATA (WS FORM: F-6)
STATION: FRENCHVILLE ME
MONTH: JANUARY
YEAR: 2022
LATITUDE: 47 16 N
LONGITUDE: 68 19 W
TEMPERATURE IN F: :PCPN: SNOW: WIND :SUNSHINE: SKY :PK WND
================================================================================
1 2 3 4 5 6A 6B 7 8 9 10 11 12 13 14 15 16 17 18
12Z AVG MX 2MIN
DY MAX MIN AVG DEP HDD CDD WTR SNW DPTH SPD SPD DIR MIN PSBL S-S WX SPD DR
================================================================================
1 34 29 32 18 33 0 T M M 8.8 17 340 M M 10 12 21 340
2 31 6 19 5 46 0 0.01 M M 14.3 22 330 M M 10 1 29 330
3 6 -7 0 -14 65 0 T M M 10.1 20 330 M M 1 25 320
4 11 -8 2 -11 63 0 T M M 5.5 10 190 M M 7 1 13 190
5 25 10 18 5 47 0 0.01 M M 5.3 12 120 M M 7 12 14 90
6 24 17 21 8 44 0 0.01 M M 5.7 15 270 M M 10 12 18 290
7 18 11 15 3 50 0 0.01 M M 9.3 23 330 M M 10 18 31 330
8 14 2 8 -4 57 0 T M M 11.8 26 320 M M 2 36 330
9 28 5 17 5 48 0 0.01 M M 9.6 26 250 M M 10 18 39 240
10 27 -11 8 -4 57 0 T M M 12.2 28 320 M M 4 9 38 310
11 -5 -17 -11 -23 76 0 T M M 11.9 23 300 M M 0 30 300
12 7 -17 -5 -16 70 0 T M M 5.7 16 150 M M 9 9 19 150
13 19 6 13 2 52 0 T M M 5.7 10 140 M M 10 1 13 130
14 21 -5 8 -3 57 0 0.07 M M 12.8 30 350 M M 7 18 44 340
15 -5 -11 -8 -19 73 0 0.00 M M 22.5 35 330 M M 2 9 44 310
16 10 -12 -1 -12 66 0 0.00 M M 8.2 21 320 M M 0 29 320
17 34 0 17 6 48 0 0.19 M M 12.2 23 100 M M 7 12 37 60
18 33 -7 13 3 52 0 T M M 19.2 32 300 M M 6 1 46 300
19 6 -11 -2 -12 67 0 0.01 M M 8.5 24 300 M M 6 1 31 290
20 11 -7 2 -8 63 0 T M M 11.7 24 320 M M 4 31 320
21 1 -13 -6 -16 71 0 0.00 M M 8.5 18 310 M M 0 26 320
22 7 -20 -6 -16 71 0 0.00 M M 5.5 9 140 M M 0 13 140
23 18 -1 9 -1 56 0 T M M 9.0 20 260 M M 5 25 250
24 8 -9 0 -10 65 0 0.00 M M 5.6 14 330 M M 3 17 320
25 14 -1 7 -3 58 0 T M M 4.6 12 320 M M 7 1 18 300
26 7 -16 -4 -14 69 0 T M M 11.8 20 330 M M 2 24 330
27 8 -23 -7 -17 72 0 0.00 M M 8.7 17 150 M M 1 21 160
28 16 -9 4 -6 61 0 T M M 8.4 22 330 M M 6 1 25 330
29 7 -14 -3 -13 68 0 0.01 M M 14.1 30 340 M M 5 2 39 340
30 13 1 7 -3 58 0 T M M 17.6 33 330 M M 5 28 44 340
31 10 -4 3 -7 62 0 0.00 M M 7.8 15 270 M M 0 8 19 260
================================================================================
SM 458 -136 1845 0 0.33 M 312.6 M 156
================================================================================
AV 14.8 -4.4 10.1 FASTST M M 5 MAX(MPH)
MISC ----> 35 330 46 300
================================================================================
NOTES:
# LAST OF SEVERAL OCCURRENCES
COLUMN 17 PEAK WIND IN M.P.H.
PRELIMINARY LOCAL CLIMATOLOGICAL DATA (WS FORM: F-6) , PAGE 2
STATION: FRENCHVILLE ME
MONTH: JANUARY
YEAR: 2022
LATITUDE: 47 16 N
LONGITUDE: 68 19 W
[TEMPERATURE DATA] [PRECIPITATION DATA] SYMBOLS USED IN COLUMN 16
AVERAGE MONTHLY: 5.2 TOTAL FOR MONTH: 0.33 1 = FOG OR MIST
DPTR FM NORMAL: -6.1 DPTR FM NORMAL: -1.18 2 = FOG REDUCING VISIBILITY
HIGHEST: 34 ON 17, 1 GRTST 24HR 0.43 ON 17-18 TO 1/4 MILE OR LESS
LOWEST: -23 ON 27 3 = THUNDER
SNOW, ICE PELLETS, HAIL 4 = ICE PELLETS
TOTAL MONTH: M 5 = HAIL
GRTST 24HR M ON M 6 = FREEZING RAIN OR DRIZZLE
GRTST DEPTH: M ON M 7 = DUSTSTORM OR SANDSTORM:
VSBY 1/2 MILE OR LESS
8 = SMOKE OR HAZE
[NO. OF DAYS WITH] [WEATHER - DAYS WITH] 9 = BLOWING SNOW
X = TORNADO
MAX 32 OR BELOW: 28 0.01 INCH OR MORE: 9
MAX 90 OR ABOVE: 0 0.10 INCH OR MORE: 1
MIN 32 OR BELOW: 31 0.50 INCH OR MORE: 0
MIN 0 OR BELOW: 22 1.00 INCH OR MORE: 0
[HDD (BASE 65) ]
TOTAL THIS MO. 1845 CLEAR (SCALE 0-3) 10
DPTR FM NORMAL 181 PTCLDY (SCALE 4-7) 14
TOTAL FM JUL 1 5086 CLOUDY (SCALE 8-10) 7
DPTR FM NORMAL -63
[CDD (BASE 65) ]
TOTAL THIS MO. 0
DPTR FM NORMAL 0 [PRESSURE DATA]
TOTAL FM JAN 1 0 HIGHEST SLP 30.58 ON 21
DPTR FM NORMAL 0 LOWEST SLP 28.93 ON 18
[REMARKS]
#FINAL-01-22#