000
CXUS51 KCAR 010700
CF6FVE
PRELIMINARY LOCAL CLIMATOLOGICAL DATA (WS FORM: F-6)
STATION: FRENCHVILLE ME
MONTH: DECEMBER
YEAR: 2021
LATITUDE: 47 16 N
LONGITUDE: 68 19 W
TEMPERATURE IN F: :PCPN: SNOW: WIND :SUNSHINE: SKY :PK WND
================================================================================
1 2 3 4 5 6A 6B 7 8 9 10 11 12 13 14 15 16 17 18
12Z AVG MX 2MIN
DY MAX MIN AVG DEP HDD CDD WTR SNW DPTH SPD SPD DIR MIN PSBL S-S WX SPD DR
================================================================================
1 27 10 19 -6 46 0 T M M 7.5 21 250 M M 5 12 28 260
2 36 18 27 2 38 0 0.10 M M 9.2 20 140 M M 9 12 24 130
3 36 14 25 1 40 0 0.02 M M 18.0 33 310 M M 10 12 46 300
4 19 6 13 -11 52 0 T M M 8.0 24 290 M M 2 1 28 280
5 18 12 15 -8 50 0 0.01 M M 5.2 16 270 M M 7 18 19 270
6 45 12 29 6 36 0 0.47 M M 13.4 26 240 M M 10 126 41 220
7 39 14 27 5 38 0 T M M 16.7 38 280 M M 7 50 280
8 14 0 7 -15 58 0 0.00 M M 5.1 15 310 M M 5 20 320
9 12 -2 5 -17 60 0 0.00 M M 9.1 20 320 M M 1 25 320
10 18 -5 7 -14 58 0 T M M 6.1 14 170 M M 6 1 18 160
11 37 18 28 7 37 0 0.32 M M 9.0 17 90 M M 10 1246 28 90
12 43 28 36 15 29 0 T M M 18.0 37 290 M M 8 1 52 300
13 40 33 37 17 28 0 T M M 11.0 22 280 M M 9 1 29 240
14 37 15 26 6 39 0 T M M 18.4 35 310 M M 5 45 300
15 21 12 17 -3 48 0 0.00 M M 9.6 20 300 M M 5 28 300
16 36 20 28 9 37 0 0.05 M M 11.6 20 150 M M 10 126 24 160
17 44 24 34 15 31 0 0.02 M M 16.7 33 300 M M 9 12 47 290
18 24 17 21 3 44 0 T M M 10.7 29 330 M M 5 36 320
19 20 13 17 -1 48 0 0.04 M M 8.5 22 320 M M 10 1 27 330
20 17 7 12 -6 53 0 T M M 8.8 20 320 M M 9 24 340
21 30 7 19 2 46 0 T M M 7.8 23 340 M M 6 1 30 330
22 21 7 14 -3 51 0 0.35 M M 8.1 14 100 M M 8 1268 20 70
23 20 -3 9 -8 56 0 T M M 20.6 37 290 M M 2 18 44 280
24 10 -4 3 -13 62 0 0.00 M M 16.7 28 290 M M 0 38 320
25 20 3 12 -4 53 0 0.00 M M 10.1 22 330 M M 0 26 330
26 23 8 16 0 49 0 0.00 M M 12.9 22 320 M M 1 29 320
27 21 7 14 -2 51 0 T M M 12.2 24 330 M M 4 32 320
28 19 8 14 -1 51 0 0.06 M M 5.2 16 330 M M 8 12 19 330
29 23 17 20 5 45 0 T M M 5.1 14 330 M M 10 16 17 340
30 27 22 25 10 40 0 0.00 M M 3.6 9 140 M M 10 1 11 140
31 30 25 28 14 37 0 T M M 4.5 12 150 M M 10 12 15 140
================================================================================
SM 827 363 1411 0 1.44 M 327.4 M 201
================================================================================
AV 26.7 11.7 10.6 FASTST M M 6 MAX(MPH)
MISC ----> 38 280 52 300
================================================================================
NOTES:
# LAST OF SEVERAL OCCURRENCES
COLUMN 17 PEAK WIND IN M.P.H.
PRELIMINARY LOCAL CLIMATOLOGICAL DATA (WS FORM: F-6) , PAGE 2
STATION: FRENCHVILLE ME
MONTH: DECEMBER
YEAR: 2021
LATITUDE: 47 16 N
LONGITUDE: 68 19 W
[TEMPERATURE DATA] [PRECIPITATION DATA] SYMBOLS USED IN COLUMN 16
AVERAGE MONTHLY: 19.2 TOTAL FOR MONTH: 1.44 1 = FOG OR MIST
DPTR FM NORMAL: -0.1 DPTR FM NORMAL: -0.83 2 = FOG REDUCING VISIBILITY
HIGHEST: 45 ON 6 GRTST 24HR 0.47 ON 6- 6 TO 1/4 MILE OR LESS
LOWEST: -5 ON 10 3 = THUNDER
SNOW, ICE PELLETS, HAIL 4 = ICE PELLETS
TOTAL MONTH: M 5 = HAIL
GRTST 24HR M ON M 6 = FREEZING RAIN OR DRIZZLE
GRTST DEPTH: M ON M 7 = DUSTSTORM OR SANDSTORM:
VSBY 1/2 MILE OR LESS
8 = SMOKE OR HAZE
[NO. OF DAYS WITH] [WEATHER - DAYS WITH] 9 = BLOWING SNOW
X = TORNADO
MAX 32 OR BELOW: 21 0.01 INCH OR MORE: 10
MAX 90 OR ABOVE: 0 0.10 INCH OR MORE: 4
MIN 32 OR BELOW: 30 0.50 INCH OR MORE: 0
MIN 0 OR BELOW: 5 1.00 INCH OR MORE: 0
[HDD (BASE 65) ]
TOTAL THIS MO. 1411 CLEAR (SCALE 0-3) 6
DPTR FM NORMAL -6 PTCLDY (SCALE 4-7) 12
TOTAL FM JUL 1 3241 CLOUDY (SCALE 8-10) 13
DPTR FM NORMAL -242
[CDD (BASE 65) ]
TOTAL THIS MO. 0
DPTR FM NORMAL 0 [PRESSURE DATA]
TOTAL FM JAN 1 294 HIGHEST SLP 30.64 ON 15
DPTR FM NORMAL 86 LOWEST SLP 29.13 ON 12
[REMARKS]
#FINAL-12-21#