000
CXUS51 KCAR 010600
CF6FVE
PRELIMINARY LOCAL CLIMATOLOGICAL DATA (WS FORM: F-6)
STATION: FRENCHVILLE ME
MONTH: JUNE
YEAR: 2021
LATITUDE: 47 16 N
LONGITUDE: 68 19 W
TEMPERATURE IN F: :PCPN: SNOW: WIND :SUNSHINE: SKY :PK WND
================================================================================
1 2 3 4 5 6A 6B 7 8 9 10 11 12 13 14 15 16 17 18
12Z AVG MX 2MIN
DY MAX MIN AVG DEP HDD CDD WTR SNW DPTH SPD SPD DIR MIN PSBL S-S WX SPD DR
================================================================================
1 71 42 57 0 8 0 0.03 M M 9.3 24 270 M M 5 30 270
2 75 48 62 5 3 0 0.00 M M 9.0 22 260 M M 1 28 260
3 69 52 61 3 4 0 0.05 M M 7.2 18 170 M M 6 1 25 170
4 76 57 67 9 0 2 0.04 M M 7.9 17 280 M M 4 23 260
5 76 56 66 8 0 1 0.03 M M 8.8 21 250 M M 5 30 250
6 76 51 64 6 1 0 0.00 M M 5.9 14 210 M M 3 18 240
7 91 64 78 19 0 13 0.00 M M 12.1 28 250 M M 1 38 270
8 86 67 77 18 0 12 0.00 M M 12.6 23 320 M M 2 29 330
9 72 54 63 4 2 0 0.00 M M 13.0 24 300 M M 2 32 300
10 60 44 52 -7 13 0 0.00 M M 10.8 24 350 M M 0 34 350
11 66 40 53 -7 12 0 T M M 5.0 18 330 M M 4 23 320
12 72 41 57 -3 8 0 0.00 M M 8.5 22 300 M M 1 29 330
13 69 43 56 -4 9 0 0.00 M M 7.6 17 350 M M 0 23 330
14 73 47 60 0 5 0 0.01 M M 10.3 20 200 M M 6 29 210
15 68 55 62 1 3 0 0.87 M M 8.1 18 330 M M 10 123 25 320
16 64 46 55 -6 10 0 0.01 M M 10.8 23 290 M M 7 27 290
17 64 44 54 -7 11 0 0.06 M M 9.0 22 280 M M 6 1 27 290
18 80 49 65 3 0 0 T M M 7.6 20 240 M M 3 25 230
19 72 55 64 2 1 0 0.23 M M 8.5 22 280 M M 9 123 30 280
20 76 55 66 4 0 1 0.00 M M 6.6 14 280 M M 4 18 280
21 80 58 69 7 0 4 0.21 M M 9.6 18 160 M M 4 1 27 180
22 74 48 61 -2 4 0 0.35 M M 10.4 28 270 M M 9 1 40 260
23 65 44 55 -8 10 0 T M M 11.1 24 330 M M 3 29 330
24 76 46 61 -2 4 0 0.00 M M 10.5 21 200 M M 0 28 170
25 76 52 64 1 1 0 T M M 11.2 20 170 M M 2 8 27 180
26 68 61 65 1 0 0 0.20 M M 9.2 15 170 M M 10 12 20 170
27 83 66 75 11 0 10 0.68 M M 10.0 25 260 M M 9 12 35 250
28 82 65 74 10 0 9 0.01 M M 5.0 16 330 M M 6 1 22 330
29 84 62 73 9 0 8 0.06 M M 5.4 16 300 M M 5 12 21 290
30 71 65 68 4 0 3 1.10 M M 4.1 18 350 M M 9 1 24 330
================================================================================
SM 2215 1577 109 63 3.94 M 265.1 M 136
================================================================================
AV 73.8 52.6 8.8 FASTST M M 5 MAX(MPH)
MISC ----> # 28 250 40 260
================================================================================
NOTES:
# LAST OF SEVERAL OCCURRENCES
COLUMN 17 PEAK WIND IN M.P.H.
PRELIMINARY LOCAL CLIMATOLOGICAL DATA (WS FORM: F-6) , PAGE 2
STATION: FRENCHVILLE ME
MONTH: JUNE
YEAR: 2021
LATITUDE: 47 16 N
LONGITUDE: 68 19 W
[TEMPERATURE DATA] [PRECIPITATION DATA] SYMBOLS USED IN COLUMN 16
AVERAGE MONTHLY: 63.2 TOTAL FOR MONTH: 3.94 1 = FOG OR MIST
DPTR FM NORMAL: 2.4 DPTR FM NORMAL: -0.29 2 = FOG REDUCING VISIBILITY
HIGHEST: 91 ON 7 GRTST 24HR 1.10 ON 30-30 TO 1/4 MILE OR LESS
LOWEST: 40 ON 11 3 = THUNDER
SNOW, ICE PELLETS, HAIL 4 = ICE PELLETS
TOTAL MONTH: M 5 = HAIL
GRTST 24HR M ON M 6 = FREEZING RAIN OR DRIZZLE
GRTST DEPTH: M ON M 7 = DUSTSTORM OR SANDSTORM:
VSBY 1/2 MILE OR LESS
8 = SMOKE OR HAZE
[NO. OF DAYS WITH] [WEATHER - DAYS WITH] 9 = BLOWING SNOW
X = TORNADO
MAX 32 OR BELOW: 0 0.01 INCH OR MORE: 16
MAX 90 OR ABOVE: 1 0.10 INCH OR MORE: 7
MIN 32 OR BELOW: 0 0.50 INCH OR MORE: 3
MIN 0 OR BELOW: 0 1.00 INCH OR MORE: 1
[HDD (BASE 65) ]
TOTAL THIS MO. 109 CLEAR (SCALE 0-3) 10
DPTR FM NORMAL -52 PTCLDY (SCALE 4-7) 14
TOTAL FM JUL 1 8588 CLOUDY (SCALE 8-10) 6
DPTR FM NORMAL -643
[CDD (BASE 65) ]
TOTAL THIS MO. 63
DPTR FM NORMAL 29 [PRESSURE DATA]
TOTAL FM JAN 1 81 HIGHEST SLP M ON M
DPTR FM NORMAL 40 LOWEST SLP 29.46 ON 19
[REMARKS]
#FINAL-06-21#