029
CXUS54 KTSA 021224
CF6FYV
PRELIMINARY LOCAL CLIMATOLOGICAL DATA (WS FORM: F-6)
STATION: FAYETTEVILLE ARKANSAS
MONTH: JANUARY
YEAR: 2021
LATITUDE: 36 0 N
LONGITUDE: 94 10 W
TEMPERATURE IN F: :PCPN: SNOW: WIND :SUNSHINE: SKY :PK WND
================================================================================
1 2 3 4 5 6A 6B 7 8 9 10 11 12 13 14 15 16 17 18
12Z AVG MX 2MIN
DY MAX MIN AVG DEP HDD CDD WTR SNW DPTH SPD SPD DIR MIN PSBL S-S WX SPD DR
================================================================================
1 43 32 38 3 27 0 0.38 0.0 0 7.0 18 70 M M 10 1 31 50
2 36 30 33 -2 32 0 0.04 0.1 0 3.8 15 260 M M 10 1 24 260
3 57 25 41 6 24 0 0.00 0.0 0 2.7 14 200 M M 0 1 18 180
4 57 25 41 6 24 0 0.00 0.0 0 4.4 22 270 M M 1 29 270
5 59 23 41 6 24 0 0.00 0.0 0 3.2 13 170 M M 0 19 160
6 47 37 42 7 23 0 0.37 0.0 0 6.7 20 140 M M 8 1 29 140
7 40 33 37 2 28 0 0.26 0.4 0 4.3 9 20 M M 10 1 16 40
8 40 30 35 0 30 0 0.00 0.0 0 6.1 13 340 M M 9 19 30
9 41 20 31 -4 34 0 0.00 0.0 0 2.3 12 340 M M 0 16 20
10 35 21 28 -7 37 0 0.00 0.0 0 2.6 10 350 M M 2 18 14 350
11 38 20 29 -6 36 0 0.00 0.0 0 2.1 8 320 M M 3 1 12 320
12 50 18 34 -1 31 0 0.00 0.0 0 4.6 14 260 M M 0 1 20 220
13 52 20 36 1 29 0 0.00 0.0 0 7.6 18 200 M M 0 24 210
14 52 37 45 10 20 0 0.00 0.0 0 12.5 24 320 M M 2 36 340
15 40 31 36 1 29 0 0.01 0.5 0 15.7 28 310 M M 7 18 40 290
16 44 27 36 1 29 0 0.00 0.0 0 7.2 18 320 M M 7 28 320
17 50 20 35 0 30 0 0.00 0.0 0 7.9 21 290 M M 3 30 300
18 57 23 40 4 25 0 0.00 0.0 0 7.5 20 200 M M 4 32 230
19 51 25 38 2 27 0 0.00 0.0 0 3.7 14 330 M M 2 17 330
20 47 23 35 -1 30 0 0.01 0.0 0 7.8 18 200 M M 6 27 190
21 56 33 45 9 20 0 0.00 0.0 0 2.4 13 270 M M 5 1 19 260
22 52 32 42 6 23 0 0.00 0.0 0 5.1 16 80 M M 0 23 40
23 46 20 33 -3 32 0 0.00 0.0 0 5.7 17 170 M M 6 23 150
24 54 42 48 12 17 0 0.10 0.0 0 6.7 18 200 M M 10 13 24 190
25 64 39 52 16 13 0 0.81 0.0 0 7.9 25 320 M M 9 13 31 220
26 44 32 38 2 27 0 0.00 0.0 0 5.2 15 240 M M 8 20 260
27 36 29 33 -3 32 0 0.03 T 0 7.8 17 330 M M 10 1 23 330
28 47 28 38 2 27 0 0.00 0.0 0 4.4 13 70 M M 4 16 70
29 51 28 40 4 25 0 T 0.0 0 10.7 20 180 M M 1 26 180
30 59 45 52 16 13 0 0.29 0.0 0 12.7 26 190 M M 8 1 36 180
31 45 34 40 3 25 0 0.00 0.0 0 13.8 23 330 M M 10 18 33 330
================================================================================
SM 1490 882 823 0 2.30 1.0 202.1 M 155
================================================================================
AV 48.1 28.5 6.5 FASTST M M 5 MAX(MPH)
MISC ----> 28 310 40 290
================================================================================
NOTES:
# LAST OF SEVERAL OCCURRENCES
COLUMN 17 PEAK WIND IN M.P.H.
PRELIMINARY LOCAL CLIMATOLOGICAL DATA (WS FORM: F-6) , PAGE 2
STATION: FAYETTEVILLE ARKANSAS
MONTH: JANUARY
YEAR: 2021
LATITUDE: 36 0 N
LONGITUDE: 94 10 W
[TEMPERATURE DATA] [PRECIPITATION DATA] SYMBOLS USED IN COLUMN 16
AVERAGE MONTHLY: 38.3 TOTAL FOR MONTH: 2.30 1 = FOG OR MIST
DPTR FM NORMAL: 2.7 DPTR FM NORMAL: -0.54 2 = FOG REDUCING VISIBILITY
HIGHEST: 64 ON 25 GRTST 24HR 0.95 ON 31- 1 TO 1/4 MILE OR LESS
LOWEST: 18 ON 12 3 = THUNDER
SNOW, ICE PELLETS, HAIL 4 = ICE PELLETS
TOTAL MONTH: 1.0 INCH 5 = HAIL
GRTST 24HR 0.5 ON 15-15 6 = FREEZING RAIN OR DRIZZLE
GRTST DEPTH: 0 7 = DUSTSTORM OR SANDSTORM:
VSBY 1/2 MILE OR LESS
8 = SMOKE OR HAZE
[NO. OF DAYS WITH] [WEATHER - DAYS WITH] 9 = BLOWING SNOW
X = TORNADO
MAX 32 OR BELOW: 0 0.01 INCH OR MORE: 10
MAX 90 OR ABOVE: 0 0.10 INCH OR MORE: 6
MIN 32 OR BELOW: 23 0.50 INCH OR MORE: 1
MIN 0 OR BELOW: 0 1.00 INCH OR MORE: 0
[HDD (BASE 65) ]
TOTAL THIS MO. 823 CLEAR (SCALE 0-3) 13
DPTR FM NORMAL -88 PTCLDY (SCALE 4-7) 10
TOTAL FM JUL 1 2308 CLOUDY (SCALE 8-10) 8
DPTR FM NORMAL -291
[CDD (BASE 65) ]
TOTAL THIS MO. 0
DPTR FM NORMAL 0 [PRESSURE DATA]
TOTAL FM JAN 1 0 HIGHEST SLP 30.65 ON 28
DPTR FM NORMAL 0 LOWEST SLP 29.48 ON 25
[REMARKS]
#FINAL-01-21#