000
CXUS53 KUNR 011030
CF6GCC
PRELIMINARY LOCAL CLIMATOLOGICAL DATA (WS FORM: F-6)
STATION: GILLETTE AIRPORT WY
MONTH: NOVEMBER
YEAR: 2020
LATITUDE: 44 20 N
LONGITUDE: 105 32 W
TEMPERATURE IN F: :PCPN: SNOW: WIND :SUNSHINE: SKY :PK WND
================================================================================
1 2 3 4 5 6A 6B 7 8 9 10 11 12 13 14 15 16 17 18
12Z AVG MX 2MIN
DY MAX MIN AVG DEP HDD CDD WTR SNW DPTH SPD SPD DIR MIN PSBL S-S WX SPD DR
================================================================================
1 62 28 45 5 20 0 0.00 M M 7.6 22 170 M M 0 28 180
2 74 33 54 15 11 0 0.00 M M 5.1 13 180 M M 0 17 180
3 75 32 54 15 11 0 0.00 M M 6.9 15 230 M M 0 18 210
4 70 40 55 17 10 0 0.00 M M 5.3 17 230 M M 0 22 230
5 76 43 60 22 5 0 0.00 M M 17.0 33 230 M M 0 44 230
6 67 37 52 15 13 0 0.00 M M 11.8 33 220 M M 0 46 230
7 72 40 56 19 9 0 0.00 M M 20.6 38 200 M M 0 49 220
8 55 21 38 2 27 0 0.03 M M 13.2 30 200 M M 8 1 40 200
9 31 15 23 -13 42 0 0.00 M M 8.6 20 320 M M 5 25 320
10 40 13 27 -9 38 0 0.00 M M 5.9 16 280 M M 3 20 290
11 39 12 26 -9 39 0 T M M 10.7 20 10 M M 3 18 24 350
12 33 8 21 -13 44 0 0.00 M M 8.5 20 210 M M 3 27 220
13 53 30 42 8 23 0 0.00 M M 25.1 48 210 M M 0 72 220
14 43 24 34 0 31 0 0.06 M M 16.9 37 310 M M 4 128 47 320
15 48 18 33 0 32 0 0.00 M M 10.0 17 240 M M 0 23 290
16 50 25 38 6 27 0 0.00 M M 8.1 20 170 M M 3 26 170
17 68 29 49 17 16 0 0.00 M M 17.1 37 220 M M 0 52 210
18 65 48 57 25 8 0 0.00 M M 19.0 37 210 M M 0 54 210
19 48 21 35 4 30 0 0.00 M M 11.2 24 330 M M 0 32 230
20 43 15 29 -2 36 0 0.00 M M 6.0 16 310 M M 0 23 340
21 46 12 29 -1 36 0 0.00 M M 9.8 21 330 M M 0 32 330
22 45 19 32 2 33 0 0.00 M M 12.3 24 170 M M 0 29 160
23 45 15 30 1 35 0 0.00 M M 8.0 25 170 M M 0 33 160
24 42 15 29 0 36 0 0.00 M M 8.2 15 180 M M 0 18 290
25 53 17 35 7 30 0 T M M 12.0 28 230 M M 2 35 330
26 40 20 30 2 35 0 0.00 M M 9.2 25 320 M M 5 33 320
27 52 26 39 12 26 0 0.00 M M 11.7 21 210 M M 0 28 230
28 61 32 47 20 18 0 0.00 M M 12.0 20 10 M M 0 26 340
29 41 11 26 -1 39 0 0.00 M M 8.7 25 210 M M 1 34 200
30 57 28 43 17 22 0 0.00 M M 17.5 35 220 M M 0 48 210
================================================================================
SM 1594 727 782 0 0.09 M 344.0 M 37
================================================================================
AV 53.1 24.2 11.5 FASTST M M 1 MAX(MPH)
MISC ----> 48 210 72 220
================================================================================
NOTES:
# LAST OF SEVERAL OCCURRENCES
COLUMN 17 PEAK WIND IN M.P.H.
PRELIMINARY LOCAL CLIMATOLOGICAL DATA (WS FORM: F-6) , PAGE 2
STATION: GILLETTE AIRPORT WY
MONTH: NOVEMBER
YEAR: 2020
LATITUDE: 44 20 N
LONGITUDE: 105 32 W
[TEMPERATURE DATA] [PRECIPITATION DATA] SYMBOLS USED IN COLUMN 16
AVERAGE MONTHLY: 38.7 TOTAL FOR MONTH: 0.09 1 = FOG OR MIST
DPTR FM NORMAL: 5.9 DPTR FM NORMAL: -0.46 2 = FOG REDUCING VISIBILITY
HIGHEST: 76 ON 5 GRTST 24HR 0.06 ON 14-14 TO 1/4 MILE OR LESS
LOWEST: 8 ON 12 3 = THUNDER
SNOW, ICE PELLETS, HAIL 4 = ICE PELLETS
TOTAL MONTH: M 5 = HAIL
GRTST 24HR M ON M 6 = FREEZING RAIN OR DRIZZLE
GRTST DEPTH: M ON M 7 = DUSTSTORM OR SANDSTORM:
VSBY 1/2 MILE OR LESS
8 = SMOKE OR HAZE
[NO. OF DAYS WITH] [WEATHER - DAYS WITH] 9 = BLOWING SNOW
X = TORNADO
MAX 32 OR BELOW: 1 0.01 INCH OR MORE: 2
MAX 90 OR ABOVE: 0 0.10 INCH OR MORE: 0
MIN 32 OR BELOW: 24 0.50 INCH OR MORE: 0
MIN 0 OR BELOW: 0 1.00 INCH OR MORE: 0
[HDD (BASE 65) ]
TOTAL THIS MO. 782 CLEAR (SCALE 0-3) 24
DPTR FM NORMAL -184 PTCLDY (SCALE 4-7) 5
TOTAL FM JUL 1 1702 CLOUDY (SCALE 8-10) 1
DPTR FM NORMAL -172
[CDD (BASE 65) ]
TOTAL THIS MO. 0
DPTR FM NORMAL 0 [PRESSURE DATA]
TOTAL FM JAN 1 666 HIGHEST SLP 30.58 ON 29
DPTR FM NORMAL 164 LOWEST SLP 29.08 ON 8
[REMARKS]
#FINAL-11-20#