000
CXUS53 KUNR 011526
CLMGCC
CLIMATE REPORT
NATIONAL WEATHER SERVICE RAPID CITY SD
926 AM MDT FRI SEP 01 2023
...................................
...THE GILLETTE AIRPORT WY CLIMATE SUMMARY FOR THE MONTH OF AUGUST 2023...
CLIMATE NORMAL PERIOD 1991 TO 2020
CLIMATE RECORD PERIOD 9999 TO 9999
WEATHER OBSERVED NORMAL DEPART LAST YEAR`S
VALUE DATE(S) VALUE FROM VALUE DATE(S)
NORMAL
................................................................
TEMPERATURE (F)
HIGHEST 102 08/21 100 08/10
LOWEST 46 08/31 47 08/19
08/29
AVG. MAXIMUM 85.5 85.7 -0.2 89.8
AVG. MINIMUM 55.6 53.8 1.8 57.9
MEAN 70.6 69.8 0.8 73.9
DAYS MAX >= 90 10 18
DAYS MAX <= 32 0 0
DAYS MIN <= 32 0 0
DAYS MIN <= 0 0 0
PRECIPITATION (INCHES)
TOTALS 1.85 0.97 0.88 0.41
DAILY AVG. 0.06 0.03 0.03 0.01
DAYS >= .01 8 6
DAYS >= .10 5 1
DAYS >= .50 1 0
DAYS >= 1.00 1 0
GREATEST
24 HR. TOTAL 1.23 08/06 TO 08/07 0.33
DEGREE DAYS
HEATING TOTAL 17 37 -20 4
SINCE 7/1 36 55 -19 MM
COOLING TOTAL 198 184 14 283
SINCE 1/1 427 468 -41 MM
................................................................
WIND (MPH)
AVERAGE WIND SPEED 8.3
HIGHEST WIND SPEED/DIRECTION 35/280 DATE 08/30
HIGHEST GUST SPEED/DIRECTION 45/280 DATE 08/30
AVERAGE RH (PERCENT) 53
WEATHER CONDITIONS. NUMBER OF DAYS WITH
THUNDERSTORM 5 MIXED PRECIP 0
HEAVY RAIN 2 RAIN 5
LIGHT RAIN 11 FREEZING RAIN 0
LT FREEZING RAIN 0 HAIL 0
HEAVY SNOW 0 SNOW 0
LIGHT SNOW 0 SLEET 0
FOG 8 FOG W/VIS <= 1/4 MILE 0
HAZE 5
- INDICATES NEGATIVE NUMBERS.
R INDICATES RECORD WAS SET OR TIED.
MM INDICATES DATA IS MISSING.
T INDICATES TRACE AMOUNT.
$$