000
CXUS53 KDDC 011533
CLSGCK
CLIMATE REPORT
NATIONAL WEATHER SERVICE DODGE CITY, KANSAS
1033 AM CDT WED SEP 01 2021
...................................
...THE GARDEN CITY REGIONAL ARPT KS CLIMATE SUMMARY FOR THE SEASON, FROM
6/1/2021 TO 8/31/2021...
CLIMATE NORMAL PERIOD 1991 TO 2020
CLIMATE RECORD PERIOD 1948 TO 2021
WEATHER OBSERVED NORMAL DEPART LAST YEAR`S
VALUE DATE(S) VALUE FROM VALUE DATE(S)
NORMAL
................................................................
TEMPERATURE (F)
RECORD
HIGH 110 06/08/1985
07/11/1954
06/24/1953
LOW 38 06/10/2019
HIGHEST 106 08/24 MM MM 103 07/08
LOWEST 50 06/02 MM MM 48 06/10
AVG. MAXIMUM 90.6 89.9 0.7 91.0
AVG. MINIMUM 63.2 62.3 0.9 63.4
MEAN 76.9 76.1 0.8 77.2
DAYS MAX >= 90 48 51.9 -3.9 59
DAYS MAX <= 32 0 0.0 0.0 0
DAYS MIN <= 32 0 0.0 0.0 0
DAYS MIN <= 0 0 0.0 0.0 0
PRECIPITATION (INCHES)
RECORD
MAXIMUM 18.27 1979
MINIMUM 2.00 1964
TOTALS 3.48 9.43 -5.95 8.89
DAYS >= .01 10 27.0 -17.0 26
DAYS >= .10 8 15.9 -7.9 14
DAYS >= .50 2 6.2 -4.2 5
DAYS >= 1.00 1 2.6 -1.6 2
GREATEST
24 HR. TOTAL 1.23 06/24 TO 06/24 2.37 07/14 TO 07/15
DEGREE DAYS
HEATING TOTAL 3 15 -12 3
SINCE 7/1 0 1 -1 0
COOLING TOTAL 1127 1040 87 1150
SINCE 1/1 1178 1137 41 1211
................................................................
WIND (MPH)
AVERAGE WIND SPEED 10.9
RESULTANT WIND SPEED/DIRECTION 7/160
HIGHEST WIND SPEED/DIRECTION 41/060 DATE 07/18
HIGHEST GUST SPEED/DIRECTION 59/230 DATE 07/14
SKY COVER
POSSIBLE SUNSHINE (PERCENT) MM
AVERAGE SKY COVER 0.16
NUMBER OF DAYS FAIR 76
NUMBER OF DAYS PC 16
NUMBER OF DAYS CLOUDY 0
AVERAGE RH (PERCENT) 64
WEATHER CONDITIONS. NUMBER OF DAYS WITH
THUNDERSTORM 18 MIXED PRECIP 0
HEAVY RAIN 6 RAIN 6
LIGHT RAIN 21 FREEZING RAIN 0
LT FREEZING RAIN 0 HAIL 0
HEAVY SNOW 0 SNOW 0
LIGHT SNOW 0 SLEET 0
FOG 37 FOG W/VIS <= 1/4 MILE 4
HAZE 17
- INDICATES NEGATIVE NUMBERS.
R INDICATES RECORD WAS SET OR TIED.
MM INDICATES DATA IS MISSING.
T INDICATES TRACE AMOUNT.
$$