000
CXUS54 KMAF 011933
CF6GDP
PRELIMINARY LOCAL CLIMATOLOGICAL DATA (WS FORM: F-6)
STATION: GUADALUPE PASS
MONTH: SEPTEMBER
YEAR: 2021
LATITUDE: 31 49 N
LONGITUDE: 104 48 W
TEMPERATURE IN F: :PCPN: SNOW: WIND :SUNSHINE: SKY :PK WND
================================================================================
1 2 3 4 5 6A 6B 7 8 9 10 11 12 13 14 15 16 17 18
12Z AVG MX 2MIN
DY MAX MIN AVG DEP HDD CDD WTR SNW DPTH SPD SPD DIR MIN PSBL S-S WX SPD DR
================================================================================
1 M M M M M M 0.04 M M M 21 170 M M 3 1 27 240
2 81 63 72 -2 0 7 0.04 M M 12.0 26 240 M M 4 1 32 250
3 83 67 75 1 0 10 0.01 M M 12.4 26 50 M M 1 30 60
4 84 62 73 -1 0 8 0.04 M M 14.2 37 40 M M 2 40 40
5 78 63 71 -2 0 6 0.01 M M 20.2 30 50 M M 5 1 35 60
6 82 63 73 0 0 8 0.00 M M 12.1 30 50 M M 0 35 40
7 86 65 76 3 0 11 0.00 M M 10.3 17 40 M M 0 20 30
8 81 68 75 2 0 10 0.00 M M 13.7 33 70 M M 1 39 70
9 83 71 77 5 0 12 0.00 M M 7.0 14 80 M M 0 18 100
10 87 67 77 5 0 12 0.00 M M 9.0 15 240 M M 0 20 230
11 87 66 77 5 0 12 0.00 M M 10.2 24 80 M M 0 8 29 80
12 80 62 71 -1 0 6 0.00 M M 15.2 24 50 M M 0 27 50
13 86 63 75 4 0 10 0.00 M M 9.1 25 40 M M 0 28 40
14 89 63 76 5 0 11 0.00 M M 13.5 23 60 M M 0 29 80
15 77 60 69 -2 0 4 T M M 22.2 44 50 M M 1 49 40
16 88 65 77 6 0 12 T M M 14.6 35 70 M M 1 37 80
17 92 66 79 9 0 14 T M M 11.0 22 230 M M 1 29 280
18 82 62 72 2 0 7 0.00 M M 15.7 25 60 M M 0 31 70
19 90 68 79 9 0 14 0.00 M M 10.9 23 230 M M 0 29 240
20 89 68 79 9 0 14 0.00 M M 14.7 33 240 M M 1 44 250
21 76 57 67 -2 0 2 0.00 M M 30.0 49 40 M M 0 8 57 50
22 73 53 63 -6 2 0 0.00 M M 14.3 25 50 M M 0 34 50
23 84 57 71 2 0 6 0.00 M M 12.7 26 50 M M 0 33 60
24 83 63 73 4 0 8 0.00 M M 14.5 26 250 M M 4 33 260
25 76 63 70 2 0 5 0.00 M M 18.9 31 70 M M 1 8 36 60
26 82 62 72 4 0 7 T M M 11.2 32 220 M M 1 41 210
27 77 57 67 -1 0 2 0.00 M M 16.9 35 250 M M 1 44 250
28 76 55 66 -2 0 1 0.00 M M 23.6 41 240 M M 3 51 240
29 81 55 68 1 0 3 0.00 M M 16.9 30 250 M M 1 38 270
30 70 52 61 -6 4 0 0.20 M M 11.1 35 70 M M 2 128 40 280
================================================================================
SM 2383 1806 6 222 0.34 M 418.1 M 33
================================================================================
AV 82.2 62.3 14.4 FASTST M M 1 MAX(MPH)
MISC ----> 49 40 57 50
================================================================================
NOTES:
# LAST OF SEVERAL OCCURRENCES
COLUMN 17 PEAK WIND IN M.P.H.
PRELIMINARY LOCAL CLIMATOLOGICAL DATA (WS FORM: F-6) , PAGE 2
STATION: GUADALUPE PASS
MONTH: SEPTEMBER
YEAR: 2021
LATITUDE: 31 49 N
LONGITUDE: 104 48 W
[TEMPERATURE DATA] [PRECIPITATION DATA] SYMBOLS USED IN COLUMN 16
AVERAGE MONTHLY: 72.2 TOTAL FOR MONTH: 0.34 1 = FOG OR MIST
DPTR FM NORMAL: 1.4 DPTR FM NORMAL: -1.78 2 = FOG REDUCING VISIBILITY
HIGHEST: 92 ON 17 GRTST 24HR 0.20 ON 30-30 TO 1/4 MILE OR LESS
LOWEST: 52 ON 30 3 = THUNDER
SNOW, ICE PELLETS, HAIL 4 = ICE PELLETS
TOTAL MONTH: M 5 = HAIL
GRTST 24HR M ON M 6 = FREEZING RAIN OR DRIZZLE
GRTST DEPTH: M ON M 7 = DUSTSTORM OR SANDSTORM:
VSBY 1/2 MILE OR LESS
8 = SMOKE OR HAZE
[NO. OF DAYS WITH] [WEATHER - DAYS WITH] 9 = BLOWING SNOW
X = TORNADO
MAX 32 OR BELOW: 0 0.01 INCH OR MORE: 6
MAX 90 OR ABOVE: 2 0.10 INCH OR MORE: 1
MIN 32 OR BELOW: 0 0.50 INCH OR MORE: 0
MIN 0 OR BELOW: 0 1.00 INCH OR MORE: 0
[HDD (BASE 65) ]
TOTAL THIS MO. 6 CLEAR (SCALE 0-3) 26
DPTR FM NORMAL -19 PTCLDY (SCALE 4-7) 4
TOTAL FM JUL 1 7 CLOUDY (SCALE 8-10) 0
DPTR FM NORMAL -20
[CDD (BASE 65) ]
TOTAL THIS MO. 222
DPTR FM NORMAL 24 [PRESSURE DATA]
TOTAL FM JAN 1 1363 HIGHEST SLP 30.39 ON 22
DPTR FM NORMAL -238 LOWEST SLP 29.71 ON 1
[REMARKS]
#FINAL-09-21#