000
CXUS56 KOTX 011010
CF6GEG
PRELIMINARY LOCAL CLIMATOLOGICAL DATA (WS FORM: F-6)
STATION: SPOKANE WA AIRPORT
MONTH: FEBRUARY
YEAR: 2024
LATITUDE: 47 37 N
LONGITUDE: 117 32 W
TEMPERATURE IN F: :PCPN: SNOW: WIND :SUNSHINE: SKY :PK WND
================================================================================
1 2 3 4 5 6A 6B 7 8 9 10 11 12 13 14 15 16 17 18
12Z AVG MX 2MIN
DY MAX MIN AVG DEP HDD CDD WTR SNW DPTH SPD SPD DIR MIN PSBL S-S WX SPD DR
================================================================================
1 43 38 41 10 24 0 0.13 0.0 0 4.9 13 50 M M 10 1 17 60
2 43 37 40 9 25 0 0.02 0.0 0 5.3 12 230 M M 10 12 13 240
3 39 36 38 7 27 0 0.08 0.0 0 7.0 13 230 M M 10 1 14 220
4 40 33 37 6 28 0 0.10 T 0 6.5 14 60 M M 9 1 17 60
5 41 35 38 7 27 0 0.15 0.0 0 8.3 15 70 M M 10 12 21 70
6 46 35 41 9 24 0 0.00 0.0 0 4.9 12 70 M M 8 12 15 70
7 42 34 38 6 27 0 0.00 0.0 0 6.1 14 250 M M 10 12 17 240
8 39 34 37 5 28 0 0.01 0.0 0 9.7 16 230 M M 9 18 22 210
9 41 28 35 3 30 0 0.01 0.2 T 3.2 15 350 M M 7 18 21 350
10 40 26 33 1 32 0 0.00 0.0 0 3.0 8 210 M M 7 1 12 190
11 39 32 36 4 29 0 0.02 T 0 5.6 13 150 M M 10 1 17 160
12 41 30 36 4 29 0 0.35 0.0 0 8.3 14 240 M M 9 1 18 200
13 36 26 31 -1 34 0 0.00 0.0 0 3.0 8 330 M M 7 128 10 320
14 36 24 30 -2 35 0 0.00 0.0 0 9.2 17 40 M M 6 12 24 40
15 31 25 28 -5 37 0 0.15 2.7 T 12.8 22 70 M M 10 128 30 80
16 35 18 27 -6 38 0 0.00 0.0 2 5.1 13 70 M M 2 16 30
17 38 17 28 -5 37 0 0.00 0.0 2 9.4 16 60 M M 4 20 80
18 35 28 32 -1 33 0 0.09 0.8 2 7.0 13 70 M M 10 126 18 60
19 38 29 34 0 31 0 0.10 T 2 7.8 12 60 M M 9 126 15 40
20 44 35 40 6 25 0 0.03 T 1 5.0 14 210 M M 9 12 18 210
21 47 34 41 7 24 0 0.10 0.0 0 4.1 15 230 M M 10 12 20 240
22 48 34 41 7 24 0 0.00 0.0 0 4.1 10 210 M M 8 128 14 190
23 51 29 40 6 25 0 0.00 0.0 0 6.1 16 230 M M 5 12 22 240
24 50 37 44 9 21 0 0.00 0.0 0 14.4 28 230 M M 9 33 240
25 47 38 43 8 22 0 T 0.0 0 24.1 39 230 M M 9 53 210
26 42 29 36 1 29 0 T T 0 15.9 33 260 M M 7 58 44 270
27 37 24 31 -4 34 0 0.02 0.4 0 12.7 23 260 M M 7 1 33 240
28 45 33 39 3 26 0 0.35 0.7 1 14.9 33 210 M M 10 18 48 220
29 48 34 41 5 24 0 0.32 0.1 0 16.4 26 210 M M 9 1 37 180
================================================================================
SM 1202 892 829 0 2.03 4.9 244.8 M 240
================================================================================
AV 41.4 30.8 8.4 FASTST M M 8 MAX(MPH)
MISC ----> 39 230 53 210
================================================================================
NOTES:
# LAST OF SEVERAL OCCURRENCES
COLUMN 17 PEAK WIND IN M.P.H.
PRELIMINARY LOCAL CLIMATOLOGICAL DATA (WS FORM: F-6) , PAGE 2
STATION: SPOKANE WA AIRPORT
MONTH: FEBRUARY
YEAR: 2024
LATITUDE: 47 37 N
LONGITUDE: 117 32 W
[TEMPERATURE DATA] [PRECIPITATION DATA] SYMBOLS USED IN COLUMN 16
AVERAGE MONTHLY: 36.1 TOTAL FOR MONTH: 2.03 1 = FOG OR MIST
DPTR FM NORMAL: 3.2 DPTR FM NORMAL: 0.59 2 = FOG REDUCING VISIBILITY
HIGHEST: 51 ON 23 GRTST 24HR 0.58 ON 28-29 TO 1/4 MILE OR LESS
LOWEST: 17 ON 17 3 = THUNDER
SNOW, ICE PELLETS, HAIL 4 = ICE PELLETS
TOTAL MONTH: 4.9 INCHES 5 = HAIL
GRTST 24HR 2.7 ON 15-15 6 = FREEZING RAIN OR DRIZZLE
GRTST DEPTH: 2 ON 19,18 7 = DUSTSTORM OR SANDSTORM:
VSBY 1/2 MILE OR LESS
8 = SMOKE OR HAZE
[NO. OF DAYS WITH] [WEATHER - DAYS WITH] 9 = BLOWING SNOW
X = TORNADO
MAX 32 OR BELOW: 1 0.01 INCH OR MORE: 17
MAX 90 OR ABOVE: 0 0.10 INCH OR MORE: 9
MIN 32 OR BELOW: 14 0.50 INCH OR MORE: 0
MIN 0 OR BELOW: 0 1.00 INCH OR MORE: 0
[HDD (BASE 65) ]
TOTAL THIS MO. 829 CLEAR (SCALE 0-3) 1
DPTR FM NORMAL -70 PTCLDY (SCALE 4-7) 10
TOTAL FM JUL 1 4335 CLOUDY (SCALE 8-10) 18
DPTR FM NORMAL -443
[CDD (BASE 65) ]
TOTAL THIS MO. 0
DPTR FM NORMAL 0 [PRESSURE DATA]
TOTAL FM JAN 1 0 HIGHEST SLP M ON M
DPTR FM NORMAL 0 LOWEST SLP 29.33 ON 29
[REMARKS]
#FINAL-02-24#