000
CXUS55 KGGW 010810
CF6GGW
PRELIMINARY LOCAL CLIMATOLOGICAL DATA (WS FORM: F-6)
STATION: GLASGOW MT
MONTH: APRIL
YEAR: 2022
LATITUDE: 48 13 N
LONGITUDE: 106 37 W
TEMPERATURE IN F: :PCPN: SNOW: WIND :SUNSHINE: SKY :PK WND
================================================================================
1 2 3 4 5 6A 6B 7 8 9 10 11 12 13 14 15 16 17 18
12Z AVG MX 2MIN
DY MAX MIN AVG DEP HDD CDD WTR SNW DPTH SPD SPD DIR MIN PSBL S-S WX SPD DR
================================================================================
1 53 27 40 0 25 0 0.00 0.0 0 9.5 31 340 M M 4 43 310
2 63 23 43 3 22 0 0.00 0.0 0 9.2 24 300 M M 4 31 320
3 59 35 47 7 18 0 0.00 0.0 0 12.6 25 310 M M 1 34 310
4 63 32 48 7 17 0 T 0.0 0 11.2 28 300 M M 5 40 240
5 47 34 41 0 24 0 0.10 T 0 28.3 49 310 M M 6 1 70 290
6 44 34 39 -3 26 0 0.13 T 0 18.7 26 340 M M 8 1 35 330
7 53 28 41 -1 24 0 0.00 0.0 0 11.6 21 350 M M 1 36 360
8 69 27 48 6 17 0 0.00 0.0 0 15.6 26 150 M M 0 35 160
9 56 33 45 2 20 0 0.00 0.0 0 20.3 38 310 M M 5 54 310
10 53 28 41 -2 24 0 0.00 0.0 0 11.3 24 310 M M 4 35 280
11 44 19 32 -11 33 0 0.00 0.0 0 10.8 25 40 M M 0 33 40
12 27 18 23 -21 42 0 0.16 2.2 0 17.9 31 40 M M 9 1 41 40
13 23 17 20 -24 45 0 0.13 1.6 2 21.7 33 330 M M 10 1 42 320
14 27 13 20 -24 45 0 T T 1 18.5 29 310 M M 9 1 37 320
15 31 9 20 -25 45 0 T T T 7.7 14 300 M M 7 19 330
16 40 17 29 -16 36 0 0.09 1.4 T 14.4 29 90 M M 5 1 38 90
17 43 24 34 -11 31 0 0.11 1.7 1 11.0 22 80 M M 8 18 29 80
18 51 21 36 -10 29 0 0.00 0.0 0 13.9 25 110 M M 0 34 120
19 61 34 48 2 17 0 0.00 0.0 0 16.0 31 110 M M 2 39 120
20 45 26 36 -10 29 0 0.00 0.0 0 17.8 39 290 M M 5 50 290
21 49 22 36 -11 29 0 0.00 0.0 0 17.0 29 120 M M 5 37 120
22 49 33 41 -6 24 0 0.01 0.0 0 12.4 22 30 M M 6 27 30
23 43 35 39 -8 26 0 0.10 T 0 24.0 38 340 M M 9 1 55 340
24 59 33 46 -2 19 0 0.00 0.0 0 16.6 31 350 M M 1 50 350
25 64 30 47 -1 18 0 0.00 0.0 0 18.1 29 110 M M 2 38 100
26 69 32 51 3 14 0 0.00 0.0 0 26.0 35 120 M M 2 45 120
27 64 37 51 2 14 0 T 0.0 0 12.0 25 120 M M 3 32 120
28 63 40 52 3 13 0 T 0.0 0 6.6 13 240 M M 6 19 250
29 65 46 56 7 9 0 0.10 0.0 0 8.8 18 360 M M 10 13 24 50
30 63 42 53 3 12 0 0.01 0.0 0 8.7 20 50 M M 8 31 50
================================================================================
SM 1540 849 747 0 0.94 6.9 448.2 M 145
================================================================================
AV 51.3 28.3 14.9 FASTST M M 5 MAX(MPH)
MISC ----> 49 310 70 290
================================================================================
NOTES:
# LAST OF SEVERAL OCCURRENCES
COLUMN 17 PEAK WIND IN M.P.H.
PRELIMINARY LOCAL CLIMATOLOGICAL DATA (WS FORM: F-6) , PAGE 2
STATION: GLASGOW MT
MONTH: APRIL
YEAR: 2022
LATITUDE: 48 13 N
LONGITUDE: 106 37 W
[TEMPERATURE DATA] [PRECIPITATION DATA] SYMBOLS USED IN COLUMN 16
AVERAGE MONTHLY: 39.8 TOTAL FOR MONTH: 0.94 1 = FOG OR MIST
DPTR FM NORMAL: -5.0 DPTR FM NORMAL: -0.07 2 = FOG REDUCING VISIBILITY
HIGHEST: 69 ON 26, 8 GRTST 24HR 0.23 ON 12-13 TO 1/4 MILE OR LESS
LOWEST: 9 ON 15 3 = THUNDER
SNOW, ICE PELLETS, HAIL 4 = ICE PELLETS
TOTAL MONTH: 6.9 INCHES 5 = HAIL
GRTST 24HR 2.2 ON 12-12 6 = FREEZING RAIN OR DRIZZLE
GRTST DEPTH: 2 ON 13 7 = DUSTSTORM OR SANDSTORM:
VSBY 1/2 MILE OR LESS
8 = SMOKE OR HAZE
[NO. OF DAYS WITH] [WEATHER - DAYS WITH] 9 = BLOWING SNOW
X = TORNADO
MAX 32 OR BELOW: 4 0.01 INCH OR MORE: 10
MAX 90 OR ABOVE: 0 0.10 INCH OR MORE: 7
MIN 32 OR BELOW: 18 0.50 INCH OR MORE: 0
MIN 0 OR BELOW: 0 1.00 INCH OR MORE: 0
[HDD (BASE 65) ]
TOTAL THIS MO. 747 CLEAR (SCALE 0-3) 9
DPTR FM NORMAL 140 PTCLDY (SCALE 4-7) 15
TOTAL FM JUL 1 7469 CLOUDY (SCALE 8-10) 6
DPTR FM NORMAL -377
[CDD (BASE 65) ]
TOTAL THIS MO. 0
DPTR FM NORMAL 0 [PRESSURE DATA]
TOTAL FM JAN 1 0 HIGHEST SLP M ON M
DPTR FM NORMAL 0 LOWEST SLP 29.20 ON 4
[REMARKS]
#FINAL-04-22#