000
CXUS54 KFWD 010730
CF6GLE
PRELIMINARY LOCAL CLIMATOLOGICAL DATA (WS FORM: F-6)
STATION: GAINESVILLE
MONTH: JUNE
YEAR: 2023
LATITUDE: 33 39 N
LONGITUDE: 97 12 W
TEMPERATURE IN F: :PCPN: SNOW: WIND :SUNSHINE: SKY :PK WND
================================================================================
1 2 3 4 5 6A 6B 7 8 9 10 11 12 13 14 15 16 17 18
12Z AVG MX 2MIN
DY MAX MIN AVG DEP HDD CDD WTR SNW DPTH SPD SPD DIR MIN PSBL S-S WX SPD DR
================================================================================
1 91 66 79 4 0 14 M M M 5.6 13 130 M M 3 20 140
2 93 64 79 4 0 14 0.24 M M 6.9 16 290 M M 4 33 290
3 92 62 77 2 0 12 0.29 M M 3.5 18 90 M M 5 21 10
4 86 60 73 -3 0 8 0.00 M M 4.4 13 80 M M 5 16 30
5 87 63 75 -1 0 10 0.24 M M 5.0 9 350 M M 4 21 330
6 93 63 78 2 0 13 0.02 M M 3.8 15 70 M M 2 24 70
7 94 61 78 2 0 13 0.00 M M 2.0 7 80 M M 1 20 30
8 96 63 80 4 0 15 0.00 M M 3.3 8 280 M M 1 M M
9 98 66 82 5 0 17 0.00 M M 3.1 9 140 M M 2 M M
10 94 70 82 5 0 17 0.00 M M 8.0 16 360 M M 0 23 360
11 100 66 83 6 0 18 0.00 M M 5.3 12 90 M M 1 17 10
12 83 63 73 -5 0 8 0.28 M M 8.7 13 130 M M 8 24 110
13 79 64 72 -6 0 7 0.05 M M 5.5 13 80 M M 10 16 120
14 92 69 81 3 0 16 0.00 M M 2.9 8 340 M M 7 M M
15 98 66 82 4 0 17 1.17 M M 8.0 22 90 M M 4 46 120
16 85 65 75 -3 0 10 0.00 M M 6.5 15 20 M M 5 20 20
17 94 67 81 3 0 16 0.00 M M 6.6 14 140 M M 2 18 140
18 90 65 78 -1 0 13 0.28 M M 4.3 20 30 M M 2 36 0
19 98 64 81 2 0 16 0.00 M M 7.5 14 130 M M 1 20 120
20 98 79 89 10 0 24 0.00 M M 8.9 15 150 M M 3 18 150
21 94 74 84 5 0 19 0.05 M M 9.8 17 80 M M 5 23 80
22 92 73 83 3 0 18 0.00 M M 7.4 15 100 M M 2 20 100
23 91 71 81 1 0 16 0.00 M M 7.4 18 120 M M 2 25 160
24 99 74 87 7 0 22 0.00 M M 12.3 16 180 M M 0 21 180
25 102 77 90 10 0 25 0.00 M M 7.3 14 140 M M 0 18 150
26 99 76 88 8 0 23 0.00 M M 6.5 12 70 M M 1 20 120
27 101 76 89 9 0 24 0.00 M M 9.0 15 120 M M 0 20 130
28 102 74 88 8 0 23 0.00 M M 9.4 18 160 M M 0 23 160
29 104 73 89 8 0 24 0.00 M M 8.4 17 130 M M 0 8 21 130
30 100 74 87 6 0 22 0.00 M M 9.0 16 210 M M 0 24 150
================================================================================
SM 2825 2048 0 494 2.62 M 196.1 M 80
================================================================================
AV 94.2 68.3 6.5 FASTST M M 3 MAX(MPH)
MISC ----> 22 90 46 120
================================================================================
NOTES:
# LAST OF SEVERAL OCCURRENCES
COLUMN 17 PEAK WIND IN M.P.H.
PRELIMINARY LOCAL CLIMATOLOGICAL DATA (WS FORM: F-6) , PAGE 2
STATION: GAINESVILLE
MONTH: JUNE
YEAR: 2023
LATITUDE: 33 39 N
LONGITUDE: 97 12 W
[TEMPERATURE DATA] [PRECIPITATION DATA] SYMBOLS USED IN COLUMN 16
AVERAGE MONTHLY: 81.2 TOTAL FOR MONTH: 2.62 1 = FOG OR MIST
DPTR FM NORMAL: 3.2 DPTR FM NORMAL: -3.07 2 = FOG REDUCING VISIBILITY
HIGHEST: 104 ON 29 GRTST 24HR 1.17 ON 15-15 TO 1/4 MILE OR LESS
LOWEST: 60 ON 4 3 = THUNDER
SNOW, ICE PELLETS, HAIL 4 = ICE PELLETS
TOTAL MONTH: M 5 = HAIL
GRTST 24HR M ON M 6 = FREEZING RAIN OR DRIZZLE
GRTST DEPTH: M ON M 7 = DUSTSTORM OR SANDSTORM:
VSBY 1/2 MILE OR LESS
8 = SMOKE OR HAZE
[NO. OF DAYS WITH] [WEATHER - DAYS WITH] 9 = BLOWING SNOW
X = TORNADO
MAX 32 OR BELOW: 0 0.01 INCH OR MORE: 9
MAX 90 OR ABOVE: 25 0.10 INCH OR MORE: 6
MIN 32 OR BELOW: 0 0.50 INCH OR MORE: 1
MIN 0 OR BELOW: 0 1.00 INCH OR MORE: 1
[HDD (BASE 65) ]
TOTAL THIS MO. 0 CLEAR (SCALE 0-3) 19
DPTR FM NORMAL -1 PTCLDY (SCALE 4-7) 10
TOTAL FM JUL 1 2541 CLOUDY (SCALE 8-10) 1
DPTR FM NORMAL -360
[CDD (BASE 65) ]
TOTAL THIS MO. 494
DPTR FM NORMAL 102 [PRESSURE DATA]
TOTAL FM JAN 1 808 HIGHEST SLP M ON M
DPTR FM NORMAL 155 LOWEST SLP M ON M
[REMARKS]
#FINAL-06-23#