000
CXUS54 KFWD 072148
CF6GLE
PRELIMINARY LOCAL CLIMATOLOGICAL DATA (WS FORM: F-6)
STATION: GAINESVILLE
MONTH: JUNE
YEAR: 2022
LATITUDE: 33 39 N
LONGITUDE: 97 12 W
TEMPERATURE IN F: :PCPN: SNOW: WIND :SUNSHINE: SKY :PK WND
================================================================================
1 2 3 4 5 6A 6B 7 8 9 10 11 12 13 14 15 16 17 18
12Z AVG MX 2MIN
DY MAX MIN AVG DEP HDD CDD WTR SNW DPTH SPD SPD DIR MIN PSBL S-S WX SPD DR
================================================================================
1 87 69 78 3 0 13 0.00 M M 7.4 16 350 M M 6 23 350
2 80 64 72 -3 0 7 1.91 M M 6.3 20 10 M M 8 26 10
3 76 65 71 -4 0 6 0.00 M M 3.5 10 40 M M 6 M M
4 84 63 74 -2 0 9 0.00 M M 5.3 12 130 M M 3 M M
5 90 68 79 3 0 14 0.00 M M 12.0 18 130 M M 0 26 150
6 90 73 82 6 0 17 0.00 M M 10.2 15 190 M M 2 23 180
7 89 74 82 6 0 17 0.00 M M 9.4 14 190 M M 4 20 150
8 82 68 75 -1 0 10 0.00 M M 9.2 24 150 M M 2 28 150
9 88 67 78 1 0 13 0.00 M M 4.5 8 120 M M 6 M M
10 94 68 81 4 0 16 M M M 6.7 13 320 M M 2 37 190
11 98 73 86 9 0 21 0.00 M M 7.1 14 210 M M 0 17 220
12 100 72 86 8 0 21 0.00 M M 9.5 17 180 M M 0 24 200
13 96 76 86 8 0 21 0.00 M M 11.2 18 210 M M 0 8 23 190
14 93 75 84 6 0 19 0.00 M M 15.2 23 180 M M 0 32 180
15 93 76 85 7 0 20 0.00 M M 15.0 20 170 M M 1 28 180
16 96 75 86 8 0 21 0.00 M M 7.0 15 200 M M 0 23 220
17 96 68 82 4 0 17 0.00 M M 3.4 12 120 M M 1 8 16 110
18 95 72 84 5 0 19 M M M 5.4 12 110 M M 1 25 80
19 95 71 83 4 0 18 0.00 M M 6.2 16 100 M M 1 25 100
20 96 71 84 5 0 19 0.00 M M 7.8 13 120 M M 0 18 150
21 97 74 86 7 0 21 0.00 M M 7.2 12 200 M M 1 20 200
22 97 71 84 4 0 19 0.00 M M 3.2 9 130 M M 0 M M
23 98 73 86 6 0 21 0.00 M M 3.7 10 120 M M 0 16 110
24 100 73 87 7 0 22 0.00 M M 7.2 15 140 M M 0 18 220
25 99 74 87 7 0 22 0.00 M M 6.3 13 200 M M 0 18 210
26 93 71 82 2 0 17 0.00 M M 8.0 15 60 M M 0 8 23 30
27 89 67 78 -2 0 13 0.00 M M 6.8 10 70 M M 3 17 40
28 85 69 77 -3 0 12 0.00 M M 4.0 8 50 M M 3 M M
29 91 64 78 -3 0 13 0.00 M M 4.1 8 80 M M 0 9 10
30 97 64 81 0 0 16 0.00 M M 3.9 10 120 M M 0 M M
================================================================================
SM 2764 2108 0 494 1.91 M 216.6 M 50
================================================================================
AV 92.1 70.3 7.2 FASTST M M 2 MAX(MPH)
MISC ----> 24 150 37 190
================================================================================
NOTES:
# LAST OF SEVERAL OCCURRENCES
COLUMN 17 PEAK WIND IN M.P.H.
PRELIMINARY LOCAL CLIMATOLOGICAL DATA (WS FORM: F-6) , PAGE 2
STATION: GAINESVILLE
MONTH: JUNE
YEAR: 2022
LATITUDE: 33 39 N
LONGITUDE: 97 12 W
[TEMPERATURE DATA] [PRECIPITATION DATA] SYMBOLS USED IN COLUMN 16
AVERAGE MONTHLY: 81.2 TOTAL FOR MONTH: 1.91 1 = FOG OR MIST
DPTR FM NORMAL: 3.2 DPTR FM NORMAL: -3.78 2 = FOG REDUCING VISIBILITY
HIGHEST: 100 ON 24,12 GRTST 24HR 1.91 ON 2- 2 TO 1/4 MILE OR LESS
LOWEST: 63 ON 4 3 = THUNDER
SNOW, ICE PELLETS, HAIL 4 = ICE PELLETS
TOTAL MONTH: M 5 = HAIL
GRTST 24HR M ON M 6 = FREEZING RAIN OR DRIZZLE
GRTST DEPTH: M ON M 7 = DUSTSTORM OR SANDSTORM:
VSBY 1/2 MILE OR LESS
8 = SMOKE OR HAZE
[NO. OF DAYS WITH] [WEATHER - DAYS WITH] 9 = BLOWING SNOW
X = TORNADO
MAX 32 OR BELOW: 0 0.01 INCH OR MORE: 1
MAX 90 OR ABOVE: 21 0.10 INCH OR MORE: 1
MIN 32 OR BELOW: 0 0.50 INCH OR MORE: 1
MIN 0 OR BELOW: 0 1.00 INCH OR MORE: 1
[HDD (BASE 65) ]
TOTAL THIS MO. 0 CLEAR (SCALE 0-3) 24
DPTR FM NORMAL -1 PTCLDY (SCALE 4-7) 6
TOTAL FM JUL 1 2467 CLOUDY (SCALE 8-10) 0
DPTR FM NORMAL -434
[CDD (BASE 65) ]
TOTAL THIS MO. 494
DPTR FM NORMAL 102 [PRESSURE DATA]
TOTAL FM JAN 1 879 HIGHEST SLP M ON M
DPTR FM NORMAL 226 LOWEST SLP M ON M
[REMARKS]
#FINAL-06-22#