000
CXUS54 KFWD 010730
CF6GLE
PRELIMINARY LOCAL CLIMATOLOGICAL DATA (WS FORM: F-6)
STATION: GAINESVILLE
MONTH: OCTOBER
YEAR: 2023
LATITUDE: 33 38 N
LONGITUDE: 97 12 W
TEMPERATURE IN F: :PCPN: SNOW: WIND :SUNSHINE: SKY :PK WND
================================================================================
1 2 3 4 5 6A 6B 7 8 9 10 11 12 13 14 15 16 17 18
12Z AVG MX 2MIN
DY MAX MIN AVG DEP HDD CDD WTR SNW DPTH SPD SPD DIR MIN PSBL S-S WX SPD DR
================================================================================
1 91 63 77 7 0 12 0.00 M M 3.8 10 100 M M 1 20 150
2 91 62 77 7 0 12 0.00 M M 4.9 14 140 M M 1 18 140
3 89 67 78 8 0 13 0.00 M M 8.4 17 190 M M 1 24 160
4 92 67 80 11 0 15 1.35 M M 11.7 23 20 M M 7 31 20
5 82 64 73 4 0 8 M M M 6.3 13 10 M M 5 20 30
6 84 56 70 2 0 5 0.00 M M 6.5 15 40 M M 0 23 40
7 68 50 59 -9 6 0 0.00 M M 5.6 14 20 M M 2 25 10
8 79 46 63 -5 2 0 0.00 M M 4.3 13 190 M M 0 8 18 220
9 88 53 71 3 0 6 0.00 M M 4.2 9 180 M M 1 17 220
10 86 57 72 5 0 7 0.00 M M 8.2 20 190 M M 0 23 190
11 76 64 70 3 0 5 0.00 M M 12.8 21 160 M M 8 25 160
12 78 63 71 5 0 6 0.00 M M 15.7 20 160 M M 6 26 160
13 74 58 66 0 0 1 0.00 M M 11.9 25 340 M M 1 35 340
14 67 48 58 -8 7 0 0.00 M M 10.6 17 350 M M 0 22 350
15 64 45 55 -11 10 0 0.00 M M 10.5 20 360 M M 3 25 360
16 64 41 53 -12 12 0 0.00 M M 5.9 13 10 M M 0 20 340
17 73 37 55 -10 10 0 0.00 M M 3.8 10 170 M M 0 16 170
18 81 49 65 1 0 0 0.00 M M 9.2 17 180 M M 0 24 180
19 83 49 66 2 0 1 0.00 M M 5.2 13 350 M M 0 18 350
20 90 54 72 8 0 7 0.00 M M 2.3 10 10 M M 0 M M
21 92 57 75 12 0 10 0.00 M M 4.4 13 190 M M 0 18 200
22 86 56 71 8 0 6 0.00 M M 4.7 13 150 M M 0 20 160
23 79 66 73 10 0 8 0.69 M M 8.6 14 210 M M 6 26 150
24 73 66 70 8 0 5 0.42 M M 11.8 18 160 M M 10 1 23 160
25 75 65 70 8 0 5 1.06 M M 11.3 16 160 M M 9 1 22 160
26 81 66 74 12 0 9 0.33 M M 10.0 17 160 M M 6 20 190
27 83 56 70 9 0 5 0.00 M M 9.5 14 360 M M 10 21 310
28 56 47 52 -9 13 0 1.16 M M 8.2 12 20 M M 10 1 20 20
29 47 36 42 -18 23 0 0.75 M M 15.0 20 360 M M 10 1 25 350
30 49 33 41 -19 24 0 0.00 M M 11.7 20 360 M M 1 26 360
31 58 31 45 -15 20 0 0.00 M M 7.3 14 10 M M 0 20 340
================================================================================
SM 2379 1672 127 146 5.76 M 254.2 M 98
================================================================================
AV 76.7 53.9 8.2 FASTST M M 3 MAX(MPH)
MISC ----> 25 340 35 340
================================================================================
NOTES:
# LAST OF SEVERAL OCCURRENCES
COLUMN 17 PEAK WIND IN M.P.H.
PRELIMINARY LOCAL CLIMATOLOGICAL DATA (WS FORM: F-6) , PAGE 2
STATION: GAINESVILLE
MONTH: OCTOBER
YEAR: 2023
LATITUDE: 33 38 N
LONGITUDE: 97 12 W
[TEMPERATURE DATA] [PRECIPITATION DATA] SYMBOLS USED IN COLUMN 16
AVERAGE MONTHLY: 65.3 TOTAL FOR MONTH: 5.76 1 = FOG OR MIST
DPTR FM NORMAL: 0.2 DPTR FM NORMAL: 1.12 2 = FOG REDUCING VISIBILITY
HIGHEST: 92 ON 21, 4 GRTST 24HR 1.35 ON 4- 4 TO 1/4 MILE OR LESS
LOWEST: 31 ON 31 3 = THUNDER
SNOW, ICE PELLETS, HAIL 4 = ICE PELLETS
TOTAL MONTH: M 5 = HAIL
GRTST 24HR M ON M 6 = FREEZING RAIN OR DRIZZLE
GRTST DEPTH: M ON M 7 = DUSTSTORM OR SANDSTORM:
VSBY 1/2 MILE OR LESS
8 = SMOKE OR HAZE
[NO. OF DAYS WITH] [WEATHER - DAYS WITH] 9 = BLOWING SNOW
X = TORNADO
MAX 32 OR BELOW: 0 0.01 INCH OR MORE: 7
MAX 90 OR ABOVE: 5 0.10 INCH OR MORE: 7
MIN 32 OR BELOW: 1 0.50 INCH OR MORE: 5
MIN 0 OR BELOW: 0 1.00 INCH OR MORE: 3
[HDD (BASE 65) ]
TOTAL THIS MO. 127 CLEAR (SCALE 0-3) 20
DPTR FM NORMAL 24 PTCLDY (SCALE 4-7) 6
TOTAL FM JUL 1 127 CLOUDY (SCALE 8-10) 5
DPTR FM NORMAL 13
[CDD (BASE 65) ]
TOTAL THIS MO. 146
DPTR FM NORMAL 41 [PRESSURE DATA]
TOTAL FM JAN 1 2620 HIGHEST SLP M ON M
DPTR FM NORMAL 420 LOWEST SLP M ON M
[REMARKS]
#FINAL-10-23#