000
CXUS54 KJAN 011510
CF6GLH
PRELIMINARY LOCAL CLIMATOLOGICAL DATA (WS FORM: F-6)
STATION: GREENVILLE
MONTH: DECEMBER
YEAR: 2020
LATITUDE: 33 29 N
LONGITUDE: 90 59 W
TEMPERATURE IN F: :PCPN: SNOW: WIND :SUNSHINE: SKY :PK WND
================================================================================
1 2 3 4 5 6A 6B 7 8 9 10 11 12 13 14 15 16 17 18
12Z AVG MX 2MIN
DY MAX MIN AVG DEP HDD CDD WTR SNW DPTH SPD SPD DIR MIN PSBL S-S WX SPD DR
================================================================================
1 51 25 38 -10 27 0 0.00 0.0 0 4.6 9 140 M M 0 13 190
2 58 32 45 -3 20 0 T 0.0 0 7.8 21 130 M M 2 27 130
3 48 44 46 -2 19 0 0.16 0.0 0 6.2 12 330 M M 10 18 17 100
4 51 34 43 -4 22 0 0.00 0.0 0 6.9 14 270 M M 6 1 19 300
5 60 30 45 -2 20 0 0.00 0.0 0 4.7 13 210 M M 0 1 17 220
6 60 35 48 1 17 0 T 0.0 0 5.1 10 300 M M 2 8 14 320
7 54 34 44 -3 21 0 0.00 0.0 0 5.2 13 320 M M 0 18 16 340
8 62 32 47 1 18 0 0.00 0.0 0 4.5 9 180 M M 0 1 13 260
9 71 34 53 7 12 0 0.00 0.0 0 6.1 13 250 M M 0 1 16 250
10 75 38 57 11 8 0 0.00 0.0 0 7.8 15 210 M M 0 20 190
11 70 44 57 11 8 0 0.31 0.0 0 11.2 23 180 M M 3 1 30 210
12 65 42 54 8 11 0 T 0.0 0 7.7 18 180 M M 4 12 24 190
13 50 37 44 -1 21 0 1.75 0.0 0 13.2 29 10 M M 5 1 43 360
14 45 35 40 -5 25 0 0.04 0.0 0 12.2 25 330 M M 9 1 35 320
15 40 35 38 -7 27 0 0.15 0.0 0 6.1 14 80 M M 10 1 18 80
16 40 36 38 -7 27 0 0.03 0.0 0 9.1 17 330 M M 10 1 23 320
17 47 31 39 -6 26 0 0.00 0.0 0 5.1 12 250 M M 3 15 240
18 54 31 43 -1 22 0 0.00 0.0 0 7.1 17 140 M M 0 23 160
19 50 44 47 3 18 0 0.61 0.0 0 7.1 20 130 M M 10 1 23 130
20 51 38 45 1 20 0 0.00 0.0 0 3.5 12 320 M M 9 12 13 320
21 65 34 50 6 15 0 0.00 0.0 0 6.4 15 240 M M 1 12 18 240
22 65 36 51 7 14 0 0.00 M M 5.8 13 140 M M 0 17 130
23 64 47 56 12 9 0 0.41 M M 13.6 32 290 M M 8 13 49 300
24 50 34 42 -2 23 0 0.00 M M 16.1 25 290 M M 3 35 290
25 42 28 35 -8 30 0 0.00 M M 7.2 15 310 M M 0 8 20 290
26 59 27 43 0 22 0 0.00 M M 8.7 15 190 M M 0 23 200
27 65 36 51 8 14 0 0.00 M M 13.3 28 200 M M 0 36 190
28 59 42 51 8 14 0 0.00 M M 8.8 16 30 M M 4 20 210
29 65 41 53 10 12 0 0.00 M M 9.9 17 130 M M 6 23 120
30 70 48 59 16 6 0 1.46 M M 13.1 28 30 M M 9 18 35 30
31 57 43 50 7 15 0 1.15 0.0 0 16.3 24 30 M M 10 1 32 20
================================================================================
SM 1763 1127 563 0 6.07 0.0 260.4 M 124
================================================================================
AV 56.9 36.4 8.4 FASTST M M 4 MAX(MPH)
MISC ----> 32 290 49 300
================================================================================
NOTES:
# LAST OF SEVERAL OCCURRENCES
COLUMN 17 PEAK WIND IN M.P.H.
PRELIMINARY LOCAL CLIMATOLOGICAL DATA (WS FORM: F-6) , PAGE 2
STATION: GREENVILLE
MONTH: DECEMBER
YEAR: 2020
LATITUDE: 33 29 N
LONGITUDE: 90 59 W
[TEMPERATURE DATA] [PRECIPITATION DATA] SYMBOLS USED IN COLUMN 16
AVERAGE MONTHLY: 46.6 TOTAL FOR MONTH: 6.07 1 = FOG OR MIST
DPTR FM NORMAL: 1.6 DPTR FM NORMAL: 0.45 2 = FOG REDUCING VISIBILITY
HIGHEST: 75 ON 10 GRTST 24HR 2.00 ON 30-31 TO 1/4 MILE OR LESS
LOWEST: 25 ON 1 3 = THUNDER
SNOW, ICE PELLETS, HAIL 4 = ICE PELLETS
TOTAL MONTH: 0.0 INCH 5 = HAIL
GRTST 24HR 0.0 6 = FREEZING RAIN OR DRIZZLE
GRTST DEPTH: 0 7 = DUSTSTORM OR SANDSTORM:
VSBY 1/2 MILE OR LESS
8 = SMOKE OR HAZE
[NO. OF DAYS WITH] [WEATHER - DAYS WITH] 9 = BLOWING SNOW
X = TORNADO
MAX 32 OR BELOW: 0 0.01 INCH OR MORE: 10
MAX 90 OR ABOVE: 0 0.10 INCH OR MORE: 8
MIN 32 OR BELOW: 8 0.50 INCH OR MORE: 4
MIN 0 OR BELOW: 0 1.00 INCH OR MORE: 3
[HDD (BASE 65) ]
TOTAL THIS MO. 563 CLEAR (SCALE 0-3) 14
DPTR FM NORMAL -59 PTCLDY (SCALE 4-7) 9
TOTAL FM JUL 1 896 CLOUDY (SCALE 8-10) 8
DPTR FM NORMAL -188
[CDD (BASE 65) ]
TOTAL THIS MO. 0
DPTR FM NORMAL -3 [PRESSURE DATA]
TOTAL FM JAN 1 2285 HIGHEST SLP 30.45 ON 18
DPTR FM NORMAL 96 LOWEST SLP 29.68 ON 31
[REMARKS]
#FINAL-12-20#