000
CXUS53 KAPX 271518
CF6GLR
PRELIMINARY LOCAL CLIMATOLOGICAL DATA (WS FORM: F-6)
STATION: GAYLORD
MONTH: JANUARY
YEAR: 2023
LATITUDE: 45 0 N
LONGITUDE: 84 42 W
TEMPERATURE IN F: :PCPN: SNOW: WIND :SUNSHINE: SKY :PK WND
================================================================================
1 2 3 4 5 6A 6B 7 8 9 10 11 12 13 14 15 16 17 18
12Z AVG MX 2MIN
DY MAX MIN AVG DEP HDD CDD WTR SNW DPTH SPD SPD DIR MIN PSBL S-S WX SPD DR
================================================================================
1 35 30 33 13 32 0 0.06 M M 7.9 16 250 M M 10 12 22 240
2 37 33 35 15 30 0 0.00 M M 2.8 10 240 M M 10 18 14 240
3 36 32 34 14 31 0 0.30 M M 5.9 13 50 M M 10 18 20 50
4 36 32 34 14 31 0 0.08 M M 8.7 20 50 M M 10 16 29 60
5 34 30 32 13 33 0 0.01 M M 3.5 8 230 M M 10 1 12 50
6 32 26 29 10 36 0 T M M 5.4 10 340 M M 10 12 17 250
7 27 22 25 6 40 0 0.01 M M 3.9 10 200 M M 10 18 19 310
8 28 21 25 6 40 0 0.00 M M 10.2 16 240 M M 8 21 240
9 29 25 27 9 38 0 0.00 M M 10.7 21 250 M M 10 1 31 250
10 32 28 30 12 35 0 T M M 5.8 10 110 M M 10 1 18 100
11 36 28 32 14 33 0 0.04 M M 7.7 17 160 M M 10 1 24 160
12 36 28 32 14 33 0 T M M 5.4 13 20 M M 10 12 25 20
13 28 13 21 3 44 0 T M M 4.6 13 30 M M 7 23 340
14 30 3 17 -1 48 0 0.00 M M 2.8 10 180 M M 0 13 180
15 39 25 32 14 33 0 0.00 M M 11.5 18 180 M M 5 26 180
16 37 28 33 15 32 0 0.10 M M 11.5 20 140 M M 7 16 29 130
17 40 34 37 20 28 0 0.08 M M 7.6 14 260 M M 10 126 19 290
18 35 31 33 16 32 0 T M M 5.3 15 280 M M 10 18 23 280
19 33 27 30 13 35 0 0.27 M M 9.7 17 60 M M 10 12 31 70
20 27 22 25 8 40 0 0.01 M M 5.0 13 30 M M 10 18 20 330
21 28 22 25 8 40 0 0.00 M M 8.7 16 230 M M 10 20 220
22 32 27 30 13 35 0 T M M 3.6 12 240 M M 10 18 15 220
23 29 24 27 10 38 0 0.01 M M 10.9 22 230 M M 9 1 31 240
24 31 28 30 13 35 0 0.01 M M 8.6 18 260 M M 10 18 28 250
25 31 27 29 12 36 0 0.03 M M 5.7 15 30 M M 10 18 22 40
26 30 11 21 4 44 0 T M M 3.4 12 270 M M 9 18 16 270
27 29 9 19 3 46 0 0.01 M M 12.6 26 200 M M 9 168 49 180
28 25 17 21 5 44 0 T M M 7.7 18 260 M M 10 8 29 300
29 23 14 19 3 46 0 0.02 M M 5.5 10 280 M M 10 17 30
30 18 8 13 -3 52 0 0.01 M M 9.5 22 250 M M 10 8 30 260
31 15 4 10 -6 55 0 T M M 9.0 16 230 M M 8 18 21 220
================================================================================
SM 958 709 1175 0 1.05 M 221.1 M 282
================================================================================
AV 30.9 22.9 7.1 FASTST M M 9 MAX(MPH)
MISC ----> 26 200 49 180
================================================================================
NOTES:
# LAST OF SEVERAL OCCURRENCES
COLUMN 17 PEAK WIND IN M.P.H.
PRELIMINARY LOCAL CLIMATOLOGICAL DATA (WS FORM: F-6) , PAGE 2
STATION: GAYLORD
MONTH: JANUARY
YEAR: 2023
LATITUDE: 45 0 N
LONGITUDE: 84 42 W
[TEMPERATURE DATA] [PRECIPITATION DATA] SYMBOLS USED IN COLUMN 16
AVERAGE MONTHLY: 26.9 TOTAL FOR MONTH: 1.05 1 = FOG OR MIST
DPTR FM NORMAL: 9.2 DPTR FM NORMAL: -0.19 2 = FOG REDUCING VISIBILITY
HIGHEST: 40 ON 17 GRTST 24HR 0.50 ON 19-20 TO 1/4 MILE OR LESS
LOWEST: 3 ON 14 3 = THUNDER
SNOW, ICE PELLETS, HAIL 4 = ICE PELLETS
TOTAL MONTH: M 5 = HAIL
GRTST 24HR M ON M 6 = FREEZING RAIN OR DRIZZLE
GRTST DEPTH: M ON M 7 = DUSTSTORM OR SANDSTORM:
VSBY 1/2 MILE OR LESS
8 = SMOKE OR HAZE
[NO. OF DAYS WITH] [WEATHER - DAYS WITH] 9 = BLOWING SNOW
X = TORNADO
MAX 32 OR BELOW: 19 0.01 INCH OR MORE: 16
MAX 90 OR ABOVE: 0 0.10 INCH OR MORE: 3
MIN 32 OR BELOW: 29 0.50 INCH OR MORE: 0
MIN 0 OR BELOW: 0 1.00 INCH OR MORE: 0
[HDD (BASE 65) ]
TOTAL THIS MO. 1175 CLEAR (SCALE 0-3) 1
DPTR FM NORMAL -290 PTCLDY (SCALE 4-7) 5
TOTAL FM JUL 1 3809 CLOUDY (SCALE 8-10) 25
DPTR FM NORMAL -827
[CDD (BASE 65) ]
TOTAL THIS MO. 0
DPTR FM NORMAL 0 [PRESSURE DATA]
TOTAL FM JAN 1 0 HIGHEST SLP 30.42 ON 7
DPTR FM NORMAL 0 LOWEST SLP 29.39 ON 17
[REMARKS]
#FINAL-01-23#