000
CXUS54 KHGX 011510
CF6GLS
PRELIMINARY LOCAL CLIMATOLOGICAL DATA (WS FORM: F-6)
STATION: GALVESTON
MONTH: FEBRUARY
YEAR: 2021
LATITUDE: 29 16 N
LONGITUDE: 94 52 W
TEMPERATURE IN F: :PCPN: SNOW: WIND :SUNSHINE: SKY :PK WND
================================================================================
1 2 3 4 5 6A 6B 7 8 9 10 11 12 13 14 15 16 17 18
12Z AVG MX 2MIN
DY MAX MIN AVG DEP HDD CDD WTR SNW DPTH SPD SPD DIR MIN PSBL S-S WX SPD DR
================================================================================
1 65 49 57 1 8 0 0.00 0.0 0 15.3 26 350 M M 0 33 350
2 60 49 55 -1 10 0 0.00 0.0 0 9.2 16 10 M M 0 19 10
3 65 52 59 3 6 0 0.00 0.0 0 13.3 18 150 M M 0 23 150
4 73 61 67 11 0 2 T 0.0 0 12.2 21 200 M M 7 26 200
5 63 50 57 1 8 0 T 0.0 0 16.4 24 40 M M 10 32 360
6 64 53 59 3 6 0 T 0.0 0 9.3 21 350 M M 7 1 33 90
7 59 46 53 -3 12 0 0.00 0.0 0 12.7 23 350 M M 1 27 350
8 69 58 64 8 1 0 0.00 0.0 0 12.1 21 110 M M 4 128 24 110
9 68 61 65 8 0 0 0.00 0.0 0 8.5 15 90 M M 10 128 19 120
10 74 57 66 9 0 1 0.01 0.0 0 8.3 18 350 M M 9 128 23 340
11 57 46 52 -5 13 0 0.68 0.0 0 20.4 29 350 M M 10 13 35 350
12 47 41 44 -13 21 0 0.07 0.0 0 22.1 31 10 M M 10 138 37 360
13 46 40 43 -14 22 0 0.00 0.0 0 19.2 29 360 M M 10 34 360
14 42 34 38 -19 27 0 0.10 T 0 17.5 31 10 M M 10 1 38 10
15 34 21 28 -30 37 0 0.17 0.3 T 20.5 32 320 M M 6 134 41 320
16 44 20 32 -26 33 0 0.00 0.0 0 12.7 23 90 M M 6 34 100
17 48 36 42 -16 23 0 T T 0 21.6 31 20 M M 10 18 40 10
18 45 35 40 -18 25 0 0.00 0.0 0 22.6 28 340 M M 9 37 360
19 49 31 40 -18 25 0 0.00 0.0 0 11.3 23 340 M M 1 29 340
20 56 36 46 -12 19 0 0.00 0.0 0 8.1 16 120 M M 0 18 19 130
21 67 53 60 1 5 0 0.00 0.0 0 9.1 15 160 M M 7 20 140
22 70 50 60 1 5 0 0.00 0.0 0 7.7 17 350 M M 2 12 23 340
23 68 47 58 -1 7 0 0.00 0.0 0 9.2 17 150 M M 0 12 22 160
24 67 57 62 3 3 0 0.00 0.0 0 9.9 16 180 M M 8 128 20 180
25 67 61 64 5 1 0 0.04 0.0 0 11.8 18 130 M M 10 12 24 130
26 73 62 68 8 0 3 0.00 0.0 0 11.5 17 140 M M 9 128 21 140
27 70 64 67 7 0 2 0.00 0.0 0 13.7 21 140 M M 9 128 25 140
28 74 65 70 10 0 5 0.00 0.0 0 9.2 16 150 M M 10 128 19 150
================================================================================
SM 1684 1335 317 13 1.07 0.3 375.4 M 175
================================================================================
AV 60.1 47.7 13.4 FASTST M M 6 MAX(MPH)
MISC ----> 32 320 41 320
================================================================================
NOTES:
# LAST OF SEVERAL OCCURRENCES
COLUMN 17 PEAK WIND IN M.P.H.
PRELIMINARY LOCAL CLIMATOLOGICAL DATA (WS FORM: F-6) , PAGE 2
STATION: GALVESTON
MONTH: FEBRUARY
YEAR: 2021
LATITUDE: 29 16 N
LONGITUDE: 94 52 W
[TEMPERATURE DATA] [PRECIPITATION DATA] SYMBOLS USED IN COLUMN 16
AVERAGE MONTHLY: 53.9 TOTAL FOR MONTH: 1.07 1 = FOG OR MIST
DPTR FM NORMAL: -3.7 DPTR FM NORMAL: -1.50 2 = FOG REDUCING VISIBILITY
HIGHEST: 74 ON 28,10 GRTST 24HR 0.75 ON 11-12 TO 1/4 MILE OR LESS
LOWEST: 20 ON 16 3 = THUNDER
SNOW, ICE PELLETS, HAIL 4 = ICE PELLETS
TOTAL MONTH: 0.3 INCH 5 = HAIL
GRTST 24HR 0.3 ON 15-15 6 = FREEZING RAIN OR DRIZZLE
GRTST DEPTH: T 7 = DUSTSTORM OR SANDSTORM:
VSBY 1/2 MILE OR LESS
8 = SMOKE OR HAZE
[NO. OF DAYS WITH] [WEATHER - DAYS WITH] 9 = BLOWING SNOW
X = TORNADO
MAX 32 OR BELOW: 0 0.01 INCH OR MORE: 6
MAX 90 OR ABOVE: 0 0.10 INCH OR MORE: 3
MIN 32 OR BELOW: 3 0.50 INCH OR MORE: 1
MIN 0 OR BELOW: 0 1.00 INCH OR MORE: 0
[HDD (BASE 65) ]
TOTAL THIS MO. 317 CLEAR (SCALE 0-3) 8
DPTR FM NORMAL 98 PTCLDY (SCALE 4-7) 6
TOTAL FM JUL 1 801 CLOUDY (SCALE 8-10) 14
DPTR FM NORMAL -86
[CDD (BASE 65) ]
TOTAL THIS MO. 13
DPTR FM NORMAL 1 [PRESSURE DATA]
TOTAL FM JAN 1 26 HIGHEST SLP 30.55 ON 19
DPTR FM NORMAL 13 LOWEST SLP 29.80 ON 6
[REMARKS]
#FINAL-02-21#