000
CXUS52 KJAX 020923
CF6GNV
PRELIMINARY LOCAL CLIMATOLOGICAL DATA (WS FORM: F-6)
STATION: GAINESVILLE
MONTH: JULY
YEAR: 2021
LATITUDE: 29 40 N
LONGITUDE: 82 16 W
TEMPERATURE IN F: :PCPN: SNOW: WIND :SUNSHINE: SKY :PK WND
================================================================================
1 2 3 4 5 6A 6B 7 8 9 10 11 12 13 14 15 16 17 18
12Z AVG MX 2MIN
DY MAX MIN AVG DEP HDD CDD WTR SNW DPTH SPD SPD DIR MIN PSBL S-S WX SPD DR
================================================================================
1 86 73 80 -1 0 15 0.00 0.0 0 4.4 16 140 M M 2 23 140
2 85 71 78 -3 0 13 0.33 0.0 0 5.6 18 190 M M 5 13 26 250
3 81 73 77 -4 0 12 0.90 0.0 0 5.4 12 200 M M 6 13 17 250
4 83 73 78 -3 0 13 1.33 0.0 0 4.1 15 330 M M 6 13 22 280
5 85 73 79 -2 0 14 T 0.0 0 2.3 8 140 M M 3 1 11 100
6 86 73 80 -1 0 15 0.52 0.0 0 5.6 29 180 M M 2 13 40 180
7 78 74 76 -5 0 11 4.67 0.0 0 15.3 28 110 M M 9 13 44 170
8 90 75 83 2 0 18 T 0.0 0 7.3 14 210 M M 3 20 220
9 88 75 82 1 0 17 0.19 0.0 0 4.8 17 240 M M 2 13 22 240
10 89 71 80 -1 0 15 0.00 0.0 0 3.3 10 340 M M 1 14 250
11 90 72 81 0 0 16 0.06 0.0 0 3.3 25 260 M M 3 13 37 260
12 90 71 81 0 0 16 T 0.0 0 4.2 26 110 M M 0 13 35 120
13 90 70 80 -1 0 15 0.90 0.0 0 3.8 30 100 M M 2 1 45 100
14 92 71 82 1 0 17 0.07 0.0 0 4.7 18 150 M M 2 1 24 130
15 91 73 82 1 0 17 0.00 0.0 0 4.2 13 120 M M 1 18 60
16 92 71 82 1 0 17 0.00 0.0 0 4.5 12 100 M M 1 1 16 100
17 93 73 83 2 0 18 0.00 0.0 0 4.2 15 120 M M 1 21 120
18 92 73 83 2 0 18 0.00 0.0 0 3.1 20 310 M M 1 3 26 320
19 90 73 82 1 0 17 1.12 0.0 0 2.6 28 250 M M 2 13 37 260
20 88 72 80 -1 0 15 0.05 0.0 0 3.6 14 280 M M 1 20 270
21 90 72 81 0 0 16 0.70 0.0 0 2.6 18 260 M M 2 13 23 250
22 92 73 83 1 0 18 0.01 0.0 0 4.9 15 260 M M 2 3 20 250
23 93 73 83 1 0 18 0.83 0.0 0 5.4 24 280 M M 3 13 33 280
24 90 73 82 0 0 17 0.00 0.0 0 6.3 18 60 M M 5 12 25 50
25 91 71 81 -1 0 16 0.00 0.0 0 5.4 13 60 M M 1 1 19 50
26 91 75 83 1 0 18 0.51 0.0 0 5.0 16 320 M M 6 1 21 330
27 91 75 83 1 0 18 0.28 0.0 0 3.9 28 300 M M 3 13 40 300
28 92 74 83 1 0 18 1.11 0.0 0 2.4 23 70 M M 3 13 31 70
29 91 73 82 0 0 17 0.00 0.0 0 3.9 21 210 M M 1 13 29 220
30 91 75 83 1 0 18 0.31 0.0 0 4.0 15 140 M M 5 123 22 200
31 91 75 83 1 0 18 0.10 0.0 0 6.9 20 270 M M 2 1 26 280
================================================================================
SM 2762 2259 0 501 13.99 0.0 147.0 M 86
================================================================================
AV 89.1 72.9 4.7 FASTST M M 3 MAX(MPH)
MISC ----> 30 100 45 100
================================================================================
NOTES:
# LAST OF SEVERAL OCCURRENCES
COLUMN 17 PEAK WIND IN M.P.H.
PRELIMINARY LOCAL CLIMATOLOGICAL DATA (WS FORM: F-6) , PAGE 2
STATION: GAINESVILLE
MONTH: JULY
YEAR: 2021
LATITUDE: 29 40 N
LONGITUDE: 82 16 W
[TEMPERATURE DATA] [PRECIPITATION DATA] SYMBOLS USED IN COLUMN 16
AVERAGE MONTHLY: 81.0 TOTAL FOR MONTH: 13.99 1 = FOG OR MIST
DPTR FM NORMAL: -0.4 DPTR FM NORMAL: 7.31 2 = FOG REDUCING VISIBILITY
HIGHEST: 93 ON 23,17 GRTST 24HR 5.01 ON 6- 7 TO 1/4 MILE OR LESS
LOWEST: 70 ON 13 3 = THUNDER
SNOW, ICE PELLETS, HAIL 4 = ICE PELLETS
TOTAL MONTH: 0.0 INCH 5 = HAIL
GRTST 24HR 0.0 6 = FREEZING RAIN OR DRIZZLE
GRTST DEPTH: 0 7 = DUSTSTORM OR SANDSTORM:
VSBY 1/2 MILE OR LESS
8 = SMOKE OR HAZE
[NO. OF DAYS WITH] [WEATHER - DAYS WITH] 9 = BLOWING SNOW
X = TORNADO
MAX 32 OR BELOW: 0 0.01 INCH OR MORE: 19
MAX 90 OR ABOVE: 21 0.10 INCH OR MORE: 15
MIN 32 OR BELOW: 0 0.50 INCH OR MORE: 10
MIN 0 OR BELOW: 0 1.00 INCH OR MORE: 4
[HDD (BASE 65) ]
TOTAL THIS MO. 0 CLEAR (SCALE 0-3) 24
DPTR FM NORMAL 0 PTCLDY (SCALE 4-7) 6
TOTAL FM JUL 1 0 CLOUDY (SCALE 8-10) 1
DPTR FM NORMAL 0
[CDD (BASE 65) ]
TOTAL THIS MO. 501
DPTR FM NORMAL -6 [PRESSURE DATA]
TOTAL FM JAN 1 1520 HIGHEST SLP 30.30 ON 13
DPTR FM NORMAL 7 LOWEST SLP 29.89 ON 7
[REMARKS]
#FINAL-07-21#