000
CXUS54 KFWD 010730
CF6GOP
PRELIMINARY LOCAL CLIMATOLOGICAL DATA (WS FORM: F-6)
STATION: GATESVILLE
MONTH: OCTOBER
YEAR: 2022
LATITUDE: 31 25 N
LONGITUDE: 97 48 W
TEMPERATURE IN F: :PCPN: SNOW: WIND :SUNSHINE: SKY :PK WND
================================================================================
1 2 3 4 5 6A 6B 7 8 9 10 11 12 13 14 15 16 17 18
12Z AVG MX 2MIN
DY MAX MIN AVG DEP HDD CDD WTR SNW DPTH SPD SPD DIR MIN PSBL S-S WX SPD DR
================================================================================
1 86 46 66 -5 0 1 0.00 M M M M M M M 0 M M
2 84 48 66 -4 0 1 0.00 M M M M M M M 0 M M
3 86 48 67 -3 0 2 0.00 M M M M M M M 0 M M
4 88 52 70 0 0 5 0.00 M M M M M M M 0 8 M M
5 88 54 71 2 0 6 0.00 M M M M M M M 0 M M
6 90 55 73 4 0 8 0.00 M M M M M M M 0 M M
7 88 63 76 7 0 11 0.00 M M M M M M M 0 M M
8 84 57 71 3 0 6 0.00 M M M M M M M 0 M M
9 86 57 72 4 0 7 0.00 M M M M M M M 0 M M
10 88 59 74 6 0 9 0.00 M M M M M M M 0 M M
11 86 63 75 7 0 10 0.00 M M M M M M M 2 3 M M
12 97 68 83 16 0 18 0.00 M M M M M M M 0 M M
13 86 57 72 5 0 7 0.00 M M M M M M M 0 M M
14 88 50 69 2 0 4 0.00 M M M M M M M 0 M M
15 91 70 81 15 0 16 0.00 M M M M M M M 1 M M
16 82 64 73 7 0 8 0.27 M M M M M M M 5 1 M M
17 72 54 63 -3 2 0 0.02 M M M M M M M 2 M M
18 66 46 56 -9 9 0 0.00 M M M M M M M 0 M M
19 72 37 55 -10 10 0 0.00 M M M M M M M 0 M M
20 86 52 69 4 0 4 0.00 M M M M M M M 0 M M
21 90 52 71 7 0 6 0.00 M M M M M M M 0 M M
22 84 63 74 10 0 9 0.00 M M M M M M M 0 M M
23 86 70 78 14 0 13 0.00 M M M M M M M 4 M M
24 75 61 68 4 0 3 0.64 M M M M M M M 8 M M
25 72 46 59 -4 6 0 0.01 M M M M M M M 0 8 M M
26 73 41 57 -6 8 0 0.00 M M M M M M M 0 M M
27 77 46 62 -1 3 0 0.00 M M M M M M M 1 M M
28 66 54 60 -2 5 0 0.93 M M M M M M M 10 13 M M
29 68 54 61 -1 4 0 0.00 M M M M M M M 5 1 M M
30 73 50 62 0 3 0 0.00 M M M M M M M 0 M M
31 77 50 64 2 1 0 0.00 M M M M M M M 0 M M
================================================================================
SM 2535 1687 51 154 1.87 M M M 38
================================================================================
AV 81.8 54.4 M FASTST M M 1 MAX(MPH)
MISC ----> M M M M
================================================================================
NOTES:
# LAST OF SEVERAL OCCURRENCES
COLUMN 17 PEAK WIND IN M.P.H.
PRELIMINARY LOCAL CLIMATOLOGICAL DATA (WS FORM: F-6) , PAGE 2
STATION: GATESVILLE
MONTH: OCTOBER
YEAR: 2022
LATITUDE: 31 25 N
LONGITUDE: 97 48 W
[TEMPERATURE DATA] [PRECIPITATION DATA] SYMBOLS USED IN COLUMN 16
AVERAGE MONTHLY: 68.1 TOTAL FOR MONTH: 1.87 1 = FOG OR MIST
DPTR FM NORMAL: 2.0 DPTR FM NORMAL: M 2 = FOG REDUCING VISIBILITY
HIGHEST: 97 ON 12 GRTST 24HR 0.93 ON 28-28 TO 1/4 MILE OR LESS
LOWEST: 37 ON 19 3 = THUNDER
SNOW, ICE PELLETS, HAIL 4 = ICE PELLETS
TOTAL MONTH: M 5 = HAIL
GRTST 24HR M ON M 6 = FREEZING RAIN OR DRIZZLE
GRTST DEPTH: M ON M 7 = DUSTSTORM OR SANDSTORM:
VSBY 1/2 MILE OR LESS
8 = SMOKE OR HAZE
[NO. OF DAYS WITH] [WEATHER - DAYS WITH] 9 = BLOWING SNOW
X = TORNADO
MAX 32 OR BELOW: 0 0.01 INCH OR MORE: 5
MAX 90 OR ABOVE: 4 0.10 INCH OR MORE: 3
MIN 32 OR BELOW: 0 0.50 INCH OR MORE: 2
MIN 0 OR BELOW: 0 1.00 INCH OR MORE: 0
[HDD (BASE 65) ]
TOTAL THIS MO. 51 CLEAR (SCALE 0-3) 26
DPTR FM NORMAL -33 PTCLDY (SCALE 4-7) 4
TOTAL FM JUL 1 51 CLOUDY (SCALE 8-10) 1
DPTR FM NORMAL -41
[CDD (BASE 65) ]
TOTAL THIS MO. 154
DPTR FM NORMAL 37 [PRESSURE DATA]
TOTAL FM JAN 1 3254 HIGHEST SLP M ON M
DPTR FM NORMAL 964 LOWEST SLP M ON M
[REMARKS]
#FINAL-10-22#