000
CXUS54 KFWD 072153
CF6GOP
PRELIMINARY LOCAL CLIMATOLOGICAL DATA (WS FORM: F-6)
STATION: GATESVILLE
MONTH: AUGUST
YEAR: 2022
LATITUDE: 31 25 N
LONGITUDE: 97 48 W
TEMPERATURE IN F: :PCPN: SNOW: WIND :SUNSHINE: SKY :PK WND
================================================================================
1 2 3 4 5 6A 6B 7 8 9 10 11 12 13 14 15 16 17 18
12Z AVG MX 2MIN
DY MAX MIN AVG DEP HDD CDD WTR SNW DPTH SPD SPD DIR MIN PSBL S-S WX SPD DR
================================================================================
1 99 75 87 4 0 22 0.00 M M M M M M M 0 M M
2 102 79 91 8 0 26 0.00 M M M M M M M 0 M M
3 102 77 90 7 0 25 0.00 M M M M M M M 0 M M
4 102 77 90 7 0 25 0.00 M M M M M M M 0 M M
5 102 79 91 8 0 26 0.00 M M M M M M M 0 M M
6 95 75 85 2 0 20 0.00 M M M M M M M 0 M M
7 99 73 86 3 0 21 0.00 M M M M M M M 0 M M
8 100 75 88 5 0 23 0.00 M M M M M M M 0 M M
9 100 77 89 6 0 24 0.00 M M M M M M M 0 M M
10 99 73 86 3 0 21 0.71 M M M M M M M 1 13 M M
11 97 73 85 2 0 20 0.00 M M M M M M M 0 M M
12 97 73 85 2 0 20 0.00 M M M M M M M 0 M M
13 99 75 87 4 0 22 0.00 M M M M M M M 0 M M
14 95 73 84 1 0 19 0.00 M M M M M M M 0 M M
15 97 73 85 2 0 20 0.00 M M M M M M M 0 M M
16 97 75 86 3 0 21 0.00 M M M M M M M 0 M M
17 100 79 90 7 0 25 0.00 M M M M M M M 0 M M
18 93 73 83 0 0 18 0.06 M M M M M M M 2 3 M M
19 91 73 82 -1 0 17 0.08 M M M M M M M 2 M M
20 95 73 84 1 0 19 0.00 M M M M M M M 2 M M
21 93 73 83 0 0 18 0.00 M M M M M M M 3 M M
22 82 73 78 -4 0 13 0.17 M M M M M M M 4 3 M M
23 88 72 80 -2 0 15 0.00 M M M M M M M 6 M M
24 88 73 81 -1 0 16 0.00 M M M M M M M 4 M M
25 93 68 81 -1 0 16 0.00 M M M M M M M 1 M M
26 93 70 82 0 0 17 0.00 M M M M M M M 1 M M
27 95 72 84 2 0 19 0.00 M M M M M M M 1 M M
28 97 75 86 4 0 21 0.00 M M M M M M M 0 M M
29 97 75 86 5 0 21 0.00 M M M M M M M 2 M M
30 86 73 80 -1 0 15 0.18 M M M M M M M 7 M M
31 82 73 78 -3 0 13 0.00 M M M M M M M 5 1 M M
================================================================================
SM 2955 2297 0 618 1.20 M M M 41
================================================================================
AV 95.3 74.1 M FASTST M M 1 MAX(MPH)
MISC ----> M M M M
================================================================================
NOTES:
# LAST OF SEVERAL OCCURRENCES
COLUMN 17 PEAK WIND IN M.P.H.
PRELIMINARY LOCAL CLIMATOLOGICAL DATA (WS FORM: F-6) , PAGE 2
STATION: GATESVILLE
MONTH: AUGUST
YEAR: 2022
LATITUDE: 31 25 N
LONGITUDE: 97 48 W
[TEMPERATURE DATA] [PRECIPITATION DATA] SYMBOLS USED IN COLUMN 16
AVERAGE MONTHLY: 84.7 TOTAL FOR MONTH: 1.20 1 = FOG OR MIST
DPTR FM NORMAL: 2.1 DPTR FM NORMAL: M 2 = FOG REDUCING VISIBILITY
HIGHEST: 102 ON 5, 4 GRTST 24HR 0.71 ON 10-10 TO 1/4 MILE OR LESS
LOWEST: 68 ON 25 3 = THUNDER
SNOW, ICE PELLETS, HAIL 4 = ICE PELLETS
TOTAL MONTH: M 5 = HAIL
GRTST 24HR M ON M 6 = FREEZING RAIN OR DRIZZLE
GRTST DEPTH: M ON M 7 = DUSTSTORM OR SANDSTORM:
VSBY 1/2 MILE OR LESS
8 = SMOKE OR HAZE
[NO. OF DAYS WITH] [WEATHER - DAYS WITH] 9 = BLOWING SNOW
X = TORNADO
MAX 32 OR BELOW: 0 0.01 INCH OR MORE: 5
MAX 90 OR ABOVE: 26 0.10 INCH OR MORE: 3
MIN 32 OR BELOW: 0 0.50 INCH OR MORE: 1
MIN 0 OR BELOW: 0 1.00 INCH OR MORE: 0
[HDD (BASE 65) ]
TOTAL THIS MO. 0 CLEAR (SCALE 0-3) 26
DPTR FM NORMAL 0 PTCLDY (SCALE 4-7) 5
TOTAL FM JUL 1 0 CLOUDY (SCALE 8-10) 0
DPTR FM NORMAL 0
[CDD (BASE 65) ]
TOTAL THIS MO. 618
DPTR FM NORMAL 71 [PRESSURE DATA]
TOTAL FM JAN 1 2650 HIGHEST SLP M ON M
DPTR FM NORMAL 821 LOWEST SLP M ON M
[REMARKS]
#FINAL-08-22#