000
CXUS54 KLIX 010910
CF6GPT
PRELIMINARY LOCAL CLIMATOLOGICAL DATA (WS FORM: F-6)
STATION: GULFPORT
MONTH: FEBRUARY
YEAR: 2021
LATITUDE: 30 23 N
LONGITUDE: 89 4 W
TEMPERATURE IN F: :PCPN: SNOW: WIND :SUNSHINE: SKY :PK WND
================================================================================
1 2 3 4 5 6A 6B 7 8 9 10 11 12 13 14 15 16 17 18
12Z AVG MX 2MIN
DY MAX MIN AVG DEP HDD CDD WTR SNW DPTH SPD SPD DIR MIN PSBL S-S WX SPD DR
================================================================================
1 55 36 46 -6 19 0 0.00 0.0 M 15.2 26 330 M M 4 34 330
2 59 31 45 -7 20 0 0.00 0.0 M 6.5 15 300 M M 0 19 340
3 58 32 45 -7 20 0 0.00 M M 3.6 10 190 M M 0 14 220
4 68 38 53 1 12 0 T 0.0 M 5.6 15 160 M M 4 19 160
5 64 46 55 3 10 0 0.34 M M 10.0 20 340 M M 10 1 27 340
6 54 47 51 -1 14 0 0.08 M M 6.4 15 90 M M 10 1 20 80
7 62 43 53 0 12 0 0.00 M M 7.9 17 360 M M 5 1 23 360
8 64 43 54 1 11 0 0.10 M M 11.5 24 120 M M 8 13 30 100
9 75 58 67 14 0 2 0.12 M M 5.7 15 300 M M 6 1 18 300
10 66 58 62 9 3 0 1.65 0.0 M 6.8 14 130 M M 10 123 16 110
11 68 54 61 8 4 0 1.33 0.0 M 8.1 17 340 M M 10 123 21 340
12 54 42 48 -5 17 0 0.60 M M 11.2 21 340 M M 10 1 27 340
13 45 40 43 -11 22 0 0.01 M M 14.4 21 360 M M 10 1 29 350
14 48 37 43 -11 22 0 0.00 0.0 M 12.2 18 360 M M 10 1 24 360
15 42 23 33 -21 32 0 0.14 M M 13.0 29 320 M M 10 1 36 310
16 41 22 32 -22 33 0 0.00 0.0 M 9.2 18 340 M M 5 24 340
17 51 26 39 -15 26 0 0.38 0.0 M 10.7 25 330 M M 8 1 34 350
18 49 37 43 -11 22 0 0.05 0.0 M 14.3 22 350 M M 10 1 31 330
19 57 33 45 -9 20 0 0.00 M M 12.7 20 330 M M 5 27 330
20 58 27 43 -12 22 0 0.00 M M 3.6 13 150 M M 0 16 160
21 64 33 49 -6 16 0 0.00 M M 10.9 24 110 M M 6 33 120
22 75 44 60 5 5 0 0.07 M M 6.3 20 300 M M 3 128 26 300
23 66 35 51 -4 14 0 0.00 M M 2.9 12 180 M M 0 15 140
24 69 39 54 -1 11 0 0.00 0.0 M 4.7 15 140 M M 4 19 150
25 74 55 65 10 0 0 0.00 M M 4.1 12 150 M M 7 12 15 150
26 74 59 67 11 0 2 0.00 M M 6.7 14 160 M M 5 128 19 150
27 77 65 71 15 0 6 0.00 0.0 M 8.7 17 140 M M 7 12 21 150
28 77 66 72 16 0 7 0.00 M M 8.5 17 150 M M 7 128 22 140
================================================================================
SM 1714 1169 387 17 4.87 0.0 241.4 M 174
================================================================================
AV 61.2 41.8 8.6 FASTST M M 6 MAX(MPH)
MISC ----> 29 320 36 310
================================================================================
NOTES:
# LAST OF SEVERAL OCCURRENCES
COLUMN 17 PEAK WIND IN M.P.H.
PRELIMINARY LOCAL CLIMATOLOGICAL DATA (WS FORM: F-6) , PAGE 2
STATION: GULFPORT
MONTH: FEBRUARY
YEAR: 2021
LATITUDE: 30 23 N
LONGITUDE: 89 4 W
[TEMPERATURE DATA] [PRECIPITATION DATA] SYMBOLS USED IN COLUMN 16
AVERAGE MONTHLY: 51.5 TOTAL FOR MONTH: 4.87 1 = FOG OR MIST
DPTR FM NORMAL: -2.3 DPTR FM NORMAL: -0.36 2 = FOG REDUCING VISIBILITY
HIGHEST: 77 ON 28,27 GRTST 24HR 1.83 ON 11-12 TO 1/4 MILE OR LESS
LOWEST: 22 ON 16 3 = THUNDER
SNOW, ICE PELLETS, HAIL 4 = ICE PELLETS
TOTAL MONTH: 0.0 INCH 5 = HAIL
GRTST 24HR 0.0 6 = FREEZING RAIN OR DRIZZLE
GRTST DEPTH: M ON M 7 = DUSTSTORM OR SANDSTORM:
VSBY 1/2 MILE OR LESS
8 = SMOKE OR HAZE
[NO. OF DAYS WITH] [WEATHER - DAYS WITH] 9 = BLOWING SNOW
X = TORNADO
MAX 32 OR BELOW: 0 0.01 INCH OR MORE: 12
MAX 90 OR ABOVE: 0 0.10 INCH OR MORE: 8
MIN 32 OR BELOW: 6 0.50 INCH OR MORE: 3
MIN 0 OR BELOW: 0 1.00 INCH OR MORE: 2
[HDD (BASE 65) ]
TOTAL THIS MO. 387 CLEAR (SCALE 0-3) 4
DPTR FM NORMAL 65 PTCLDY (SCALE 4-7) 15
TOTAL FM JUL 1 1292 CLOUDY (SCALE 8-10) 9
DPTR FM NORMAL -77
[CDD (BASE 65) ]
TOTAL THIS MO. 17
DPTR FM NORMAL 9 [PRESSURE DATA]
TOTAL FM JAN 1 24 HIGHEST SLP 30.44 ON 20
DPTR FM NORMAL 19 LOWEST SLP 29.80 ON 15
[REMARKS]
#FINAL-02-21#