000
CXUS53 KGID 011951
CF6GRI
PRELIMINARY LOCAL CLIMATOLOGICAL DATA (WS FORM: F-6)
STATION: GRAND ISLAND NE
MONTH: OCTOBER
YEAR: 2023
LATITUDE: 40 58 N
LONGITUDE: 98 19 W
TEMPERATURE IN F: :PCPN: SNOW: WIND :SUNSHINE: SKY :PK WND
================================================================================
1 2 3 4 5 6A 6B 7 8 9 10 11 12 13 14 15 16 17 18
12Z AVG MX 2MIN
DY MAX MIN AVG DEP HDD CDD WTR SNW DPTH SPD SPD DIR MIN PSBL S-S WX SPD DR
================================================================================
1 91 68 80 20 0 15 0.00 0.0 0 15.0 29 170 M M 0 41 160
2 90 63 77 17 0 12 0.00 0.0 0 14.8 25 180 M M 0 35 170
3 80 55 68 9 0 3 0.55 0.0 0 11.7 36 250 M M 4 13 50 260
4 72 50 61 2 4 0 0.00 0.0 0 8.5 17 310 M M 0 23 330
5 73 47 60 2 5 0 0.00 0.0 0 12.1 28 330 M M 2 35 340
6 57 36 47 -11 18 0 T 0.0 0 15.9 32 340 M M 3 48 330
7 69 32 51 -6 14 0 0.00 0.0 0 8.8 20 230 M M 0 26 230
8 78 42 60 3 5 0 0.00 0.0 0 8.8 20 340 M M 0 8 35 20
9 69 38 54 -2 11 0 0.00 0.0 0 4.6 10 360 M M 0 8 17 40
10 75 37 56 0 9 0 0.00 0.0 0 7.9 17 170 M M 0 24 160
11 78 42 60 5 5 0 T 0.0 0 9.2 18 90 M M 2 3 25 90
12 67 51 59 4 6 0 0.03 0.0 0 14.1 26 140 M M 7 13 39 140
13 52 46 49 -5 16 0 0.06 0.0 0 22.3 37 330 M M 10 1 52 340
14 51 45 48 -6 17 0 0.02 0.0 0 14.7 28 330 M M 10 1 38 330
15 51 35 43 -11 22 0 0.00 0.0 0 10.7 17 340 M M 9 23 350
16 64 31 48 -5 17 0 0.00 0.0 0 5.8 10 230 M M 0 15 230
17 78 38 58 5 7 0 0.00 0.0 0 10.9 20 180 M M 0 27 170
18 71 49 60 8 5 0 T 0.0 0 15.5 35 310 M M 1 45 310
19 81 46 64 12 1 0 0.00 0.0 0 9.9 28 310 M M 0 36 310
20 89 42 66 15 0 1 0.00 0.0 0 7.5 17 320 M M 0 26 290
21 73 42 58 7 7 0 0.00 0.0 0 7.4 16 10 M M 0 22 10
22 70 40 55 5 10 0 0.00 0.0 0 10.5 24 110 M M 0 33 120
23 82 39 61 11 4 0 0.00 0.0 0 8.0 18 190 M M 0 25 190
24 72 50 61 12 4 0 0.00 0.0 0 12.8 23 210 M M 7 1 33 190
25 59 50 55 6 10 0 0.02 0.0 0 7.2 16 60 M M 10 12 22 60
26 63 37 50 2 15 0 0.01 0.0 0 12.6 29 330 M M 10 1 39 330
27 42 23 33 -15 32 0 0.00 0.0 0 14.5 30 350 M M 3 40 340
28 30 24 27 -21 38 0 0.05 0.7 0 13.7 20 10 M M 10 1 25 10
29 36 21 29 -18 36 0 0.03 0.2 1 11.4 21 330 M M 5 1 31 320
30 46 17 32 -15 33 0 0.00 0.0 0 11.5 28 330 M M 0 41 330
31 36 14 25 -21 40 0 0.00 0.0 0 10.6 25 340 M M 0 34 330
================================================================================
SM 2045 1250 391 31 0.77 0.9 348.9 M 93
================================================================================
AV 66.0 40.3 11.3 FASTST M M 3 MAX(MPH)
MISC ----> 37 330 52 340
================================================================================
NOTES:
# LAST OF SEVERAL OCCURRENCES
COLUMN 17 PEAK WIND IN M.P.H.
PRELIMINARY LOCAL CLIMATOLOGICAL DATA (WS FORM: F-6) , PAGE 2
STATION: GRAND ISLAND NE
MONTH: OCTOBER
YEAR: 2023
LATITUDE: 40 58 N
LONGITUDE: 98 19 W
[TEMPERATURE DATA] [PRECIPITATION DATA] SYMBOLS USED IN COLUMN 16
AVERAGE MONTHLY: 53.1 TOTAL FOR MONTH: 0.77 1 = FOG OR MIST
DPTR FM NORMAL: 0.0 DPTR FM NORMAL: -1.22 2 = FOG REDUCING VISIBILITY
HIGHEST: 91 ON 1 GRTST 24HR 0.55 ON 3- 3 TO 1/4 MILE OR LESS
LOWEST: 14 ON 31 3 = THUNDER
SNOW, ICE PELLETS, HAIL 4 = ICE PELLETS
TOTAL MONTH: 0.9 INCH 5 = HAIL
GRTST 24HR 0.7 ON 28-28 6 = FREEZING RAIN OR DRIZZLE
GRTST DEPTH: 1 ON 29 7 = DUSTSTORM OR SANDSTORM:
VSBY 1/2 MILE OR LESS
8 = SMOKE OR HAZE
[NO. OF DAYS WITH] [WEATHER - DAYS WITH] 9 = BLOWING SNOW
X = TORNADO
MAX 32 OR BELOW: 1 0.01 INCH OR MORE: 8
MAX 90 OR ABOVE: 2 0.10 INCH OR MORE: 1
MIN 32 OR BELOW: 7 0.50 INCH OR MORE: 1
MIN 0 OR BELOW: 0 1.00 INCH OR MORE: 0
[HDD (BASE 65) ]
TOTAL THIS MO. 391 CLEAR (SCALE 0-3) 20
DPTR FM NORMAL 7 PTCLDY (SCALE 4-7) 5
TOTAL FM JUL 1 399 CLOUDY (SCALE 8-10) 6
DPTR FM NORMAL -74
[CDD (BASE 65) ]
TOTAL THIS MO. 31
DPTR FM NORMAL 16 [PRESSURE DATA]
TOTAL FM JAN 1 1333 HIGHEST SLP 30.61 ON 31
DPTR FM NORMAL 179 LOWEST SLP 29.27 ON 12
[REMARKS]
#FINAL-10-23#