000
CXGM50 PGUM 010030
CF6GSN
PRELIMINARY LOCAL CLIMATOLOGICAL DATA (WS FORM: F-6)
STATION: SAIPAN/ISLEY_(CGS) MP
MONTH: SEPTEMBER
YEAR: 2021
LATITUDE: 15 7 N
LONGITUDE: 145-44 E
TEMPERATURE IN F: :PCPN: SNOW: WIND :SUNSHINE: SKY :PK WND
================================================================================
1 2 3 4 5 6A 6B 7 8 9 10 11 12 13 14 15 16 17 18
12Z AVG MX 2MIN
DY MAX MIN AVG DEP HDD CDD WTR SNW DPTH SPD SPD DIR MIN PSBL S-S WX SPD DR
================================================================================
1 88 77 83 1 0 18 0.14 0.0 0 9.2 18 110 M M 2 25 110
2 89 78 84 2 0 19 0.09 0.0 0 7.9 21 80 M M 3 26 90
3 89 78 84 2 0 19 0.23 0.0 0 10.4 24 110 M M 4 30 110
4 88 79 84 2 0 19 0.29 0.0 0 11.9 22 100 M M 4 28 150
5 88 75 82 0 0 17 1.00 0.0 0 14.0 25 90 M M 6 32 70
6 89 79 84 2 0 19 0.14 0.0 0 8.9 17 90 M M 3 20 90
7 88 79 84 2 0 19 0.14 0.0 0 12.8 21 90 M M 4 27 80
8 87 79 83 1 0 18 0.12 0.0 0 11.0 17 130 M M 4 23 130
9 89 79 84 2 0 19 0.02 0.0 0 5.6 15 80 M M 4 20 90
10 90 81 86 4 0 21 0.04 M M 11.2 20 80 M M 3 1 24 70
11 90 80 85 3 0 20 0.01 M M 9.7 17 80 M M 2 21 80
12 89 80 85 3 0 20 0.04 M M 9.5 17 80 M M 3 1 21 110
13 90 81 86 4 0 21 0.02 M M 11.5 22 40 M M 3 18 26 50
14 91 81 86 4 0 21 0.46 M M 14.7 26 70 M M 3 18 33 70
15 88 80 84 2 0 19 0.11 M M 8.5 18 70 M M 2 1 23 80
16 89 79 84 2 0 19 0.78 0.0 0 4.7 14 260 M M 2 16 240
17 89 79 84 2 0 19 0.47 0.0 0 6.0 14 120 M M 3 19 120
18 89 81 85 3 0 20 T M M 6.0 15 140 M M 2 19 140
19 89 79 84 2 0 19 0.03 M M 4.8 16 100 M M 3 1 19 110
20 90 79 85 3 0 20 T M M 6.9 14 70 M M 3 17 100
21 91 81 86 4 0 21 0.04 M M 9.7 15 60 M M 2 1 19 80
22 92 78 85 3 0 20 0.06 M M 16.5 25 70 M M 4 1 31 70
23 86 76 81 -1 0 16 3.20 M M 19.8 38 80 M M 8 18 45 70
24 87 77 82 0 0 17 0.32 0.0 0 12.4 23 100 M M 7 31 110
25 86 78 82 0 0 17 0.90 M M 5.2 16 130 M M 6 1 20 100
26 85 78 82 0 0 17 0.01 M M 6.4 17 250 M M 3 M M
27 89 80 85 3 0 20 0.00 M M 6.6 13 210 M M 1 8 15 210
28 89 80 85 3 0 20 0.00 M M 6.3 12 200 M M 1 14 200
29 88 78 83 1 0 18 0.00 M M 4.0 9 150 M M 1 12 150
30 91 78 85 3 0 20 0.46 M M 6.9 24 70 M M 2 18 28 70
================================================================================
SM 2663 2367 0 572 9.12 0.0 279.0 M 98
================================================================================
AV 88.8 78.9 9.3 FASTST M M 3 MAX(MPH)
MISC ----> 38 80 45 70
================================================================================
NOTES:
# LAST OF SEVERAL OCCURRENCES
COLUMN 17 PEAK WIND IN M.P.H.
PRELIMINARY LOCAL CLIMATOLOGICAL DATA (WS FORM: F-6) , PAGE 2
STATION: SAIPAN/ISLEY_(CGS) MP
MONTH: SEPTEMBER
YEAR: 2021
LATITUDE: 15 7 N
LONGITUDE: 145-44 E
[TEMPERATURE DATA] [PRECIPITATION DATA] SYMBOLS USED IN COLUMN 16
AVERAGE MONTHLY: 83.8 TOTAL FOR MONTH: 9.12 1 = FOG OR MIST
DPTR FM NORMAL: 1.6 DPTR FM NORMAL: -2.30 2 = FOG REDUCING VISIBILITY
HIGHEST: 92 ON 22 GRTST 24HR 3.21 ON 23-24 TO 1/4 MILE OR LESS
LOWEST: 75 ON 5 3 = THUNDER
SNOW, ICE PELLETS, HAIL 4 = ICE PELLETS
TOTAL MONTH: 0.0 INCH 5 = HAIL
GRTST 24HR 0.0 6 = FREEZING RAIN OR DRIZZLE
GRTST DEPTH: 0 7 = DUSTSTORM OR SANDSTORM:
VSBY 1/2 MILE OR LESS
8 = SMOKE OR HAZE
[NO. OF DAYS WITH] [WEATHER - DAYS WITH] 9 = BLOWING SNOW
X = TORNADO
MAX 32 OR BELOW: 0 0.01 INCH OR MORE: 25
MAX 90 OR ABOVE: 8 0.10 INCH OR MORE: 15
MIN 32 OR BELOW: 0 0.50 INCH OR MORE: 4
MIN 0 OR BELOW: 0 1.00 INCH OR MORE: 2
[HDD (BASE 65) ]
TOTAL THIS MO. 0 CLEAR (SCALE 0-3) 14
DPTR FM NORMAL 0 PTCLDY (SCALE 4-7) 15
TOTAL FM JUL 1 0 CLOUDY (SCALE 8-10) 1
DPTR FM NORMAL 0
[CDD (BASE 65) ]
TOTAL THIS MO. 572
DPTR FM NORMAL 56 [PRESSURE DATA]
TOTAL FM JAN 1 5226 HIGHEST SLP 29.95 ON 1
DPTR FM NORMAL 683 LOWEST SLP 29.87 ON 1
[REMARKS]
#FINAL-09-21#