000
CXGM50 PGUM 010005
CF6GSN
PRELIMINARY LOCAL CLIMATOLOGICAL DATA (WS FORM: F-6)
STATION: SAIPAN/ISLEY_(CGS) MP
MONTH: FEBRUARY
YEAR: 2020
LATITUDE: 15 7 N
LONGITUDE: 145-44 E
TEMPERATURE IN F: :PCPN: SNOW: WIND :SUNSHINE: SKY :PK WND
================================================================================
1 2 3 4 5 6A 6B 7 8 9 10 11 12 13 14 15 16 17 18
12Z AVG MX 2MIN
DY MAX MIN AVG DEP HDD CDD WTR SNW DPTH SPD SPD DIR MIN PSBL S-S WX SPD DR
================================================================================
1 84 77 81 M 0 16 0.96 0.0 0 8.3 20 40 M M 8 1 25 40
2 80 74 77 M 0 12 0.20 0.0 0 16.8 25 40 M M 10 18 32 40
3 84 75 80 M 0 15 0.03 0.0 0 21.0 31 60 M M 8 1 38 60
4 86 79 83 M 0 18 0.06 0.0 0 18.4 24 80 M M 6 1 30 80
5 88 78 83 M 0 18 0.02 0.0 0 15.7 22 110 M M 5 1 28 110
6 86 77 82 M 0 17 0.01 0.0 0 8.0 14 130 M M 3 18 120
7 87 78 83 M 0 18 T 0.0 0 11.6 21 90 M M 4 26 90
8 86 78 82 M 0 17 0.00 0.0 0 10.8 17 70 M M 3 22 70
9 85 77 81 M 0 16 0.06 0.0 0 5.9 14 80 M M 5 16 80
10 87 76 82 M 0 17 0.03 0.0 0 10.3 18 30 M M 5 24 30
11 85 76 81 M 0 16 T 0.0 0 18.1 25 40 M M 5 33 50
12 84 75 80 M 0 15 T 0.0 0 21.8 31 50 M M 6 39 40
13 84 74 79 M 0 14 0.01 0.0 0 21.9 29 70 M M 5 36 60
14 85 75 80 M 0 15 T 0.0 0 23.4 29 60 M M 6 36 60
15 86 74 80 M 0 15 0.01 0.0 0 21.0 29 80 M M 6 34 80
16 87 76 82 M 0 17 T 0.0 0 21.8 29 80 M M 3 36 90
17 87 75 81 M 0 16 0.01 0.0 0 18.4 29 70 M M 5 35 80
18 86 77 82 M 0 17 T 0.0 0 18.3 25 70 M M 3 31 70
19 87 77 82 M 0 17 T 0.0 0 18.2 25 60 M M 3 30 50
20 86 74 80 M 0 15 0.17 0.0 0 18.3 29 80 M M 6 34 80
21 87 76 82 M 0 17 0.01 0.0 0 17.8 25 70 M M 4 29 60
22 87 78 83 M 0 18 0.00 0.0 0 22.2 29 70 M M 5 35 70
23 87 77 82 M 0 17 T 0.0 0 21.2 31 70 M M 4 37 80
24 86 76 81 M 0 16 0.06 0.0 0 20.4 28 60 M M 4 36 60
25 86 76 81 M 0 16 0.13 0.0 0 19.5 26 60 M M 6 32 70
26 87 77 82 M 0 17 0.00 0.0 0 16.7 23 100 M M 5 30 90
27 87 77 82 M 0 17 0.00 0.0 0 12.7 17 80 M M 3 22 80
28 86 76 81 M 0 16 0.00 0.0 0 14.2 25 50 M M 2 29 50
29 87 75 81 M 0 16 T 0.0 0 18.0 24 70 M M 4 33 60
================================================================================
SM 2490 2210 0 471 1.77 0.0 490.7 M 142
================================================================================
AV 85.9 76.2 16.9 FASTST M M 5 MAX(MPH)
MISC ----> # 31 60 # 39 40
================================================================================
NOTES:
# LAST OF SEVERAL OCCURRENCES
COLUMN 17 PEAK WIND IN M.P.H.
PRELIMINARY LOCAL CLIMATOLOGICAL DATA (WS FORM: F-6) , PAGE 2
STATION: SAIPAN/ISLEY_(CGS) MP
MONTH: FEBRUARY
YEAR: 2020
LATITUDE: 15 7 N
LONGITUDE: 145-44 E
[TEMPERATURE DATA] [PRECIPITATION DATA] SYMBOLS USED IN COLUMN 16
AVERAGE MONTHLY: 81.0 TOTAL FOR MONTH: 1.77 1 = FOG OR MIST
DPTR FM NORMAL: M DPTR FM NORMAL: -0.83 2 = FOG REDUCING VISIBILITY
HIGHEST: 88 ON 5 GRTST 24HR 0.96 ON 1- 1 TO 1/4 MILE OR LESS
LOWEST: 74 ON 20,15 3 = THUNDER
SNOW, ICE PELLETS, HAIL 4 = ICE PELLETS
TOTAL MONTH: 0.0 INCH 5 = HAIL
GRTST 24HR 0.0 6 = FREEZING RAIN OR DRIZZLE
GRTST DEPTH: 0 7 = DUSTSTORM OR SANDSTORM:
VSBY 1/2 MILE OR LESS
8 = SMOKE OR HAZE
[NO. OF DAYS WITH] [WEATHER - DAYS WITH] 9 = BLOWING SNOW
X = TORNADO
MAX 32 OR BELOW: 0 0.01 INCH OR MORE: 15
MAX 90 OR ABOVE: 0 0.10 INCH OR MORE: 4
MIN 32 OR BELOW: 0 0.50 INCH OR MORE: 1
MIN 0 OR BELOW: 0 1.00 INCH OR MORE: 0
[HDD (BASE 65) ]
TOTAL THIS MO. 0 CLEAR (SCALE 0-3) 6
DPTR FM NORMAL M PTCLDY (SCALE 4-7) 21
TOTAL FM JUL 1 0 CLOUDY (SCALE 8-10) 2
DPTR FM NORMAL M
[CDD (BASE 65) ]
TOTAL THIS MO. 471
DPTR FM NORMAL M [PRESSURE DATA]
TOTAL FM JAN 1 1000 HIGHEST SLP M ON M
DPTR FM NORMAL M LOWEST SLP 29.89 ON 1
[REMARKS]
#FINAL-02-20#