000
CXUS52 KRAH 010845
CF6GSO
PRELIMINARY LOCAL CLIMATOLOGICAL DATA (WS FORM: F-6)
STATION: GREENSBORO NC
MONTH: AUGUST
YEAR: 2022
LATITUDE: 36 4 N
LONGITUDE: 79 57 W
TEMPERATURE IN F: :PCPN: SNOW: WIND :SUNSHINE: SKY :PK WND
================================================================================
1 2 3 4 5 6A 6B 7 8 9 10 11 12 13 14 15 16 17 18
12Z AVG MX 2MIN
DY MAX MIN AVG DEP HDD CDD WTR SNW DPTH SPD SPD DIR MIN PSBL S-S WX SPD DR
================================================================================
1 89 73 81 2 0 16 0.00 0.0 M 10.0 22 240 M M 7 27 260
2 91 70 81 2 0 16 0.00 0.0 0 7.7 15 300 M M 6 20 300
3 91 70 81 3 0 16 0.00 0.0 0 3.2 10 190 M M 4 18 270
4 91 73 82 4 0 17 0.00 0.0 0 6.4 16 290 M M 7 20 310
5 90 73 82 4 0 17 0.08 0.0 0 8.4 21 260 M M 8 13 25 270
6 90 70 80 2 0 15 0.37 0.0 0 5.3 18 50 M M 8 13 23 50
7 91 69 80 2 0 15 0.37 0.0 M 2.4 14 220 M M 7 3 16 320
8 90 72 81 3 0 16 0.00 0.0 0 7.3 15 200 M M 5 3 21 290
9 91 72 82 4 0 17 0.78 0.0 0 5.6 20 340 M M 4 3 27 330
10 92 71 82 4 0 17 0.00 0.0 0 7.5 15 250 M M 5 3 19 210
11 87 72 80 2 0 15 T 0.0 0 6.5 15 260 M M 8 3 19 270
12 81 66 74 -4 0 9 0.00 0.0 0 8.0 20 60 M M 6 25 50
13 83 62 73 -5 0 8 0.00 0.0 0 5.1 15 50 M M 3 20 100
14 83 62 73 -5 0 8 0.02 0.0 0 3.8 14 190 M M 8 20 110
15 80 63 72 -6 0 7 0.40 0.0 0 7.8 18 180 M M 10 1 24 30
16 74 63 69 -9 0 4 T 0.0 M 8.1 15 50 M M 9 17 40
17 81 63 72 -5 0 7 T 0.0 0 5.4 14 80 M M 7 17 70
18 82 63 73 -4 0 8 0.24 0.0 0 3.3 15 170 M M 7 19 160
19 81 64 73 -4 0 8 0.00 0.0 0 4.4 13 150 M M 7 28 150
20 83 65 74 -3 0 9 0.00 0.0 0 3.5 8 190 M M 8 15 190
21 81 69 75 -2 0 10 0.54 0.0 M 7.1 22 250 M M 9 13 31 240
22 83 67 75 -2 0 10 0.71 0.0 M 5.9 18 330 M M 9 13 24 310
23 85 65 75 -2 0 10 0.00 0.0 M 4.0 12 320 M M 5 17 330
24 88 67 78 2 0 13 0.00 0.0 0 3.1 8 180 M M 7 13 20
25 81 68 75 -1 0 10 0.00 0.0 0 4.7 15 170 M M 9 18 170
26 87 66 77 1 0 12 T 0.0 0 4.0 15 350 M M 7 123 22 360
27 90 67 79 3 0 14 0.00 0.0 0 1.8 14 220 M M 4 18 170
28 89 69 79 3 0 14 0.00 0.0 0 3.9 13 150 M M 5 17 110
29 88 69 79 3 0 14 0.00 0.0 0 4.6 13 170 M M 4 16 140
30 89 69 79 3 0 14 0.06 0.0 0 7.5 21 320 M M 7 13 26 310
31 85 65 75 0 0 10 0.00 0.0 0 5.6 14 310 M M 3 18 310
================================================================================
SM 2667 2097 0 376 3.57 0.0 171.9 M 203
================================================================================
AV 86.0 67.6 5.5 FASTST M M 7 MAX(MPH)
MISC ----> # 22 240 31 240
================================================================================
NOTES:
# LAST OF SEVERAL OCCURRENCES
COLUMN 17 PEAK WIND IN M.P.H.
PRELIMINARY LOCAL CLIMATOLOGICAL DATA (WS FORM: F-6) , PAGE 2
STATION: GREENSBORO NC
MONTH: AUGUST
YEAR: 2022
LATITUDE: 36 4 N
LONGITUDE: 79 57 W
[TEMPERATURE DATA] [PRECIPITATION DATA] SYMBOLS USED IN COLUMN 16
AVERAGE MONTHLY: 76.8 TOTAL FOR MONTH: 3.57 1 = FOG OR MIST
DPTR FM NORMAL: -0.5 DPTR FM NORMAL: -0.79 2 = FOG REDUCING VISIBILITY
HIGHEST: 92 ON 10 GRTST 24HR 1.25 ON 21-22 TO 1/4 MILE OR LESS
LOWEST: 62 ON 14,13 3 = THUNDER
SNOW, ICE PELLETS, HAIL 4 = ICE PELLETS
TOTAL MONTH: 0.0 INCH 5 = HAIL
GRTST 24HR 0.0 6 = FREEZING RAIN OR DRIZZLE
GRTST DEPTH: 0 7 = DUSTSTORM OR SANDSTORM:
VSBY 1/2 MILE OR LESS
8 = SMOKE OR HAZE
[NO. OF DAYS WITH] [WEATHER - DAYS WITH] 9 = BLOWING SNOW
X = TORNADO
MAX 32 OR BELOW: 0 0.01 INCH OR MORE: 10
MAX 90 OR ABOVE: 10 0.10 INCH OR MORE: 7
MIN 32 OR BELOW: 0 0.50 INCH OR MORE: 3
MIN 0 OR BELOW: 0 1.00 INCH OR MORE: 0
[HDD (BASE 65) ]
TOTAL THIS MO. 0 CLEAR (SCALE 0-3) 2
DPTR FM NORMAL 0 PTCLDY (SCALE 4-7) 23
TOTAL FM JUL 1 0 CLOUDY (SCALE 8-10) 6
DPTR FM NORMAL 0
[CDD (BASE 65) ]
TOTAL THIS MO. 376
DPTR FM NORMAL -6 [PRESSURE DATA]
TOTAL FM JAN 1 1388 HIGHEST SLP 30.26 ON 6
DPTR FM NORMAL 78 LOWEST SLP 29.83 ON 30
[REMARKS]
#FINAL-08-22#