000
CXUS52 KRAH 010945
CF6GSO
PRELIMINARY LOCAL CLIMATOLOGICAL DATA (WS FORM: F-6)
STATION: GREENSBORO NC
MONTH: JANUARY
YEAR: 2024
LATITUDE: 36 4 N
LONGITUDE: 79 57 W
TEMPERATURE IN F: :PCPN: SNOW: WIND :SUNSHINE: SKY :PK WND
================================================================================
1 2 3 4 5 6A 6B 7 8 9 10 11 12 13 14 15 16 17 18
12Z AVG MX 2MIN
DY MAX MIN AVG DEP HDD CDD WTR SNW DPTH SPD SPD DIR MIN PSBL S-S WX SPD DR
================================================================================
1 47 29 38 -2 27 0 0.00 0.0 0 7.4 20 310 M M 5 26 300
2 49 26 38 -2 27 0 0.00 0.0 0 4.9 14 310 M M 1 20 310
3 51 25 38 -2 27 0 0.00 0.0 0 4.2 12 240 M M 8 16 200
4 46 26 36 -4 29 0 0.00 0.0 0 6.6 17 20 M M 4 25 360
5 44 21 33 -7 32 0 0.00 0.0 0 3.0 10 190 M M 6 8 17 260
6 40 33 37 -3 28 0 1.03 0.0 0 5.9 17 20 M M 10 12 26 100
7 53 34 44 4 21 0 0.00 0.0 0 11.0 28 290 M M 6 12 36 290
8 48 27 38 -2 27 0 0.00 0.0 0 5.1 13 120 M M 4 17 110
9 59 37 48 8 17 0 2.47 0.0 0 17.3 32 150 M M 9 13 48 160
10 49 31 40 0 25 0 0.07 T 0 11.7 28 250 M M 6 14 38 240
11 56 25 41 1 24 0 0.00 0.0 0 4.9 16 220 M M 2 23 230
12 55 29 42 3 23 0 0.75 0.0 0 5.4 20 300 M M 7 1 28 120
13 50 31 41 2 24 0 0.00 0.0 0 15.5 29 270 M M 5 1 39 300
14 54 26 40 1 25 0 0.00 0.0 0 10.1 24 240 M M 4 34 240
15 41 34 38 -1 27 0 0.01 T 0 7.2 12 70 M M 10 4 15 80
16 39 19 29 -10 36 0 0.11 0.0 0 6.4 20 310 M M 8 18 27 330
17 35 13 24 -15 41 0 0.00 0.0 0 6.7 15 280 M M 1 20 280
18 48 21 35 -4 30 0 0.00 0.0 0 6.9 21 220 M M 6 30 210
19 50 24 37 -2 28 0 T 0.0 0 12.7 35 310 M M 4 47 300
20 30 15 23 -17 42 0 0.00 0.0 0 11.7 22 310 M M 1 29 300
21 39 11 25 -15 40 0 0.00 0.0 0 3.4 13 310 M M 2 8 18 310
22 47 19 33 -7 32 0 0.00 0.0 0 5.0 14 200 M M 4 19 210
23 49 31 40 0 25 0 T 0.0 0 3.2 8 270 M M 9 12 270
24 66 44 55 15 10 0 0.15 0.0 0 7.1 17 170 M M 10 18 23 170
25 65 62 64 24 1 0 0.77 0.0 0 9.8 21 190 M M 10 1 32 180
26 73 55 64 24 1 0 0.01 0.0 0 10.0 18 190 M M 9 1 26 210
27 62 51 57 17 8 0 1.81 0.0 0 6.1 14 100 M M 9 1 19 30
28 56 40 48 8 17 0 0.12 0.0 0 10.1 22 300 M M 9 1 30 300
29 53 33 43 3 22 0 0.00 0.0 0 7.9 20 320 M M 4 25 300
30 50 28 39 -1 26 0 T 0.0 0 3.1 10 180 M M 6 17 210
31 49 36 43 3 22 0 0.13 0.0 0 5.8 14 30 M M 8 1 22 350
================================================================================
SM 1553 936 764 0 7.43 T 236.1 M 187
================================================================================
AV 50.1 30.2 7.6 FASTST M M 6 MAX(MPH)
MISC ----> 35 310 48 160
================================================================================
NOTES:
# LAST OF SEVERAL OCCURRENCES
COLUMN 17 PEAK WIND IN M.P.H.
PRELIMINARY LOCAL CLIMATOLOGICAL DATA (WS FORM: F-6) , PAGE 2
STATION: GREENSBORO NC
MONTH: JANUARY
YEAR: 2024
LATITUDE: 36 4 N
LONGITUDE: 79 57 W
[TEMPERATURE DATA] [PRECIPITATION DATA] SYMBOLS USED IN COLUMN 16
AVERAGE MONTHLY: 40.1 TOTAL FOR MONTH: 7.43 1 = FOG OR MIST
DPTR FM NORMAL: 0.4 DPTR FM NORMAL: 4.04 2 = FOG REDUCING VISIBILITY
HIGHEST: 73 ON 26 GRTST 24HR 2.47 ON 9- 9 TO 1/4 MILE OR LESS
LOWEST: 11 ON 21 3 = THUNDER
SNOW, ICE PELLETS, HAIL 4 = ICE PELLETS
TOTAL MONTH: T 5 = HAIL
GRTST 24HR T ON 10-10 6 = FREEZING RAIN OR DRIZZLE
GRTST DEPTH: 0 7 = DUSTSTORM OR SANDSTORM:
VSBY 1/2 MILE OR LESS
8 = SMOKE OR HAZE
[NO. OF DAYS WITH] [WEATHER - DAYS WITH] 9 = BLOWING SNOW
X = TORNADO
MAX 32 OR BELOW: 1 0.01 INCH OR MORE: 12
MAX 90 OR ABOVE: 0 0.10 INCH OR MORE: 9
MIN 32 OR BELOW: 20 0.50 INCH OR MORE: 5
MIN 0 OR BELOW: 0 1.00 INCH OR MORE: 3
[HDD (BASE 65) ]
TOTAL THIS MO. 764 CLEAR (SCALE 0-3) 5
DPTR FM NORMAL -20 PTCLDY (SCALE 4-7) 17
TOTAL FM JUL 1 1994 CLOUDY (SCALE 8-10) 9
DPTR FM NORMAL -163
[CDD (BASE 65) ]
TOTAL THIS MO. 0
DPTR FM NORMAL 0 [PRESSURE DATA]
TOTAL FM JAN 1 0 HIGHEST SLP 30.65 ON 22
DPTR FM NORMAL 0 LOWEST SLP 29.21 ON 9
[REMARKS]
#FINAL-01-24#