000
CXUS52 KGSP 010817
CF6GSP
PRELIMINARY LOCAL CLIMATOLOGICAL DATA (WS FORM: F-6)
STATION: GREENVILLE-SPARTANBURG SC
MONTH: JUNE
YEAR: 2021
LATITUDE: 34 54 N
LONGITUDE: 82 13 W
TEMPERATURE IN F: :PCPN: SNOW: WIND :SUNSHINE: SKY :PK WND
================================================================================
1 2 3 4 5 6A 6B 7 8 9 10 11 12 13 14 15 16 17 18
12Z AVG MX 2MIN
DY MAX MIN AVG DEP HDD CDD WTR SNW DPTH SPD SPD DIR MIN PSBL S-S WX SPD DR
================================================================================
1 79 52 66 -7 0 1 0.00 0.0 0 1.5 10 60 M M 2 16 140
2 81 58 70 -3 0 5 T 0.0 0 2.4 12 220 M M 4 14 200
3 85 60 73 -1 0 8 0.21 0.0 0 93.8 13 220 M M 5 17 200
4 89 67 78 4 0 13 0.01 0.0 0 3.3 12 190 M M M 15 130
5 84 65 75 1 0 10 2.82 0.0 0 3.6 30 100 M M M 13 38 90
6 87 69 78 4 0 13 0.00 0.0 0 4.6 23 160 M M 0 1 29 160
7 83 70 77 3 0 12 0.43 0.0 0 4.8 16 190 M M 6 138 20 190
8 87 68 78 3 0 13 0.85 0.0 0 6.8 14 290 M M 7 138 22 280
9 87 68 78 3 0 13 0.09 0.0 0 8.2 17 210 M M 5 1 23 220
10 87 69 78 3 0 13 0.00 0.0 0 9.0 20 230 M M 2 29 240
11 88 69 79 3 0 14 0.15 0.0 0 8.3 16 290 M M 5 3 24 290
12 86 69 78 2 0 13 0.09 0.0 0 5.7 18 50 M M 3 3 26 40
13 84 68 76 0 0 11 0.00 0.0 0 5.1 13 50 M M 6 16 50
14 91 68 80 4 0 15 0.06 0.0 0 4.2 20 250 M M 2 138 25 240
15 87 65 76 0 0 11 0.00 0.0 0 5.2 14 360 M M 1 128 21 360
16 85 61 73 -4 0 8 0.00 0.0 0 4.1 12 20 M M 3 14 30
17 85 59 72 -5 0 7 0.00 0.0 0 4.8 10 130 M M 1 17 140
18 90 59 75 -2 0 10 0.00 0.0 0 5.0 15 220 M M 1 20 220
19 90 67 79 2 0 14 T 0.0 0 8.1 23 210 M M 1 29 220
20 79 68 74 -4 0 9 1.87 0.0 0 4.6 14 20 M M 8 1 17 20
21 90 68 79 1 0 14 T 0.0 0 11.0 24 210 M M 3 13 29 210
22 81 65 73 -5 0 8 0.02 0.0 0 8.3 18 240 M M 7 24 220
23 82 61 72 -6 0 7 0.00 0.0 0 5.9 13 90 M M 5 8 18 60
24 80 61 71 -7 0 6 0.00 0.0 0 6.3 13 80 M M 4 8 18 70
25 82 59 71 -7 0 6 0.00 0.0 0 4.2 10 100 M M 0 18 90
26 86 60 73 -5 0 8 0.00 0.0 0 4.3 12 120 M M 5 18 15 150
27 89 69 79 0 0 14 0.02 0.0 0 5.2 12 150 M M 4 1 16 150
28 90 69 80 1 0 15 0.00 0.0 0 6.6 16 100 M M 3 21 90
29 86 71 79 0 0 14 0.28 0.0 0 7.0 15 80 M M 7 18 20 130
30 92 67 80 1 0 15 0.00 0.0 0 4.6 15 180 M M 3 13 19 180
================================================================================
SM 2572 1949 0 320 6.90 0.0 256.5 M 103
================================================================================
AV 85.7 65.0 8.6 FASTST M M 4 MAX(MPH)
MISC ----> 30 100 38 90
================================================================================
NOTES:
# LAST OF SEVERAL OCCURRENCES
COLUMN 17 PEAK WIND IN M.P.H.
PRELIMINARY LOCAL CLIMATOLOGICAL DATA (WS FORM: F-6) , PAGE 2
STATION: GREENVILLE-SPARTANBURG SC
MONTH: JUNE
YEAR: 2021
LATITUDE: 34 54 N
LONGITUDE: 82 13 W
[TEMPERATURE DATA] [PRECIPITATION DATA] SYMBOLS USED IN COLUMN 16
AVERAGE MONTHLY: 75.4 TOTAL FOR MONTH: 6.90 1 = FOG OR MIST
DPTR FM NORMAL: -1.0 DPTR FM NORMAL: 3.00 2 = FOG REDUCING VISIBILITY
HIGHEST: 92 ON 30 GRTST 24HR 2.82 ON 5- 5 TO 1/4 MILE OR LESS
LOWEST: 52 ON 1 3 = THUNDER
SNOW, ICE PELLETS, HAIL 4 = ICE PELLETS
TOTAL MONTH: 0.0 INCH 5 = HAIL
GRTST 24HR 0.0 6 = FREEZING RAIN OR DRIZZLE
GRTST DEPTH: 0 7 = DUSTSTORM OR SANDSTORM:
VSBY 1/2 MILE OR LESS
8 = SMOKE OR HAZE
[NO. OF DAYS WITH] [WEATHER - DAYS WITH] 9 = BLOWING SNOW
X = TORNADO
MAX 32 OR BELOW: 0 0.01 INCH OR MORE: 13
MAX 90 OR ABOVE: 6 0.10 INCH OR MORE: 7
MIN 32 OR BELOW: 0 0.50 INCH OR MORE: 3
MIN 0 OR BELOW: 0 1.00 INCH OR MORE: 2
[HDD (BASE 65) ]
TOTAL THIS MO. 0 CLEAR (SCALE 0-3) 13
DPTR FM NORMAL -2 PTCLDY (SCALE 4-7) 15
TOTAL FM JUL 1 2917 CLOUDY (SCALE 8-10) 2
DPTR FM NORMAL -100
[CDD (BASE 65) ]
TOTAL THIS MO. 320
DPTR FM NORMAL -23 [PRESSURE DATA]
TOTAL FM JAN 1 488 HIGHEST SLP 30.31 ON 1
DPTR FM NORMAL -67 LOWEST SLP 29.74 ON 12
[REMARKS]
#FINAL-06-21#