000
CXUS56 KTFX 011110
CF6GTF
PRELIMINARY LOCAL CLIMATOLOGICAL DATA (WS FORM: F-6)
STATION: GREAT FALLS MT
MONTH: AUGUST
YEAR: 2022
LATITUDE: 47 28 N
LONGITUDE: 111 22 W
TEMPERATURE IN F: :PCPN: SNOW: WIND :SUNSHINE: SKY :PK WND
================================================================================
1 2 3 4 5 6A 6B 7 8 9 10 11 12 13 14 15 16 17 18
12Z AVG MX 2MIN
DY MAX MIN AVG DEP HDD CDD WTR SNW DPTH SPD SPD DIR MIN PSBL S-S WX SPD DR
================================================================================
1 101 59 80 10 0 15 T 0.0 0 13.0 30 290 M M 0 49 260
2 93 59 76 6 0 11 0.00 0.0 0 14.2 28 250 M M 0 40 290
3 94 54 74 4 0 9 0.00 0.0 0 12.6 29 270 M M 0 41 260
4 98 63 81 11 0 16 0.00 0.0 0 18.2 40 270 M M 0 51 250
5 83 44 64 -6 1 0 0.00 0.0 0 9.8 25 60 M M 1 8 35 50
6 76 53 65 -4 0 0 0.02 0.0 0 11.0 23 50 M M 7 3 32 300
7 89 52 71 2 0 6 0.00 0.0 0 9.9 18 220 M M 0 26 260
8 96 55 76 7 0 11 0.00 0.0 0 8.1 18 280 M M 0 25 260
9 89 51 70 1 0 5 0.00 0.0 0 8.0 18 320 M M 0 26 330
10 94 58 76 7 0 11 0.00 0.0 0 4.5 14 300 M M 1 20 310
11 96 64 80 12 0 15 0.00 0.0 0 9.0 22 240 M M 1 3 30 240
12 97 61 79 11 0 14 0.05 0.0 0 6.0 38 270 M M 2 3 54 270
13 95 54 75 7 0 10 0.00 0.0 0 6.1 18 350 M M 0 24 10
14 91 56 74 6 0 9 0.00 0.0 0 7.7 14 350 M M 0 20 350
15 93 50 72 5 0 7 0.00 0.0 0 6.1 12 210 M M 0 15 320
16 96 52 74 7 0 9 0.00 0.0 0 7.3 15 340 M M 0 22 350
17 88 56 72 5 0 7 0.00 0.0 0 8.1 16 280 M M 0 22 280
18 90 52 71 5 0 6 0.00 0.0 0 8.4 18 30 M M 0 8 25 50
19 93 51 72 6 0 7 0.00 0.0 0 6.2 16 50 M M 0 24 50
20 96 63 80 14 0 15 0.00 0.0 0 7.1 26 300 M M 0 34 300
21 91 63 77 11 0 12 0.00 0.0 0 6.5 16 290 M M 1 21 310
22 91 54 73 8 0 8 0.00 0.0 0 6.6 15 280 M M 0 20 290
23 82 62 72 7 0 7 0.00 0.0 0 9.4 18 40 M M 4 3 23 60
24 74 57 66 1 0 1 0.30 0.0 0 9.2 22 10 M M 9 13 28 360
25 85 58 72 8 0 7 0.03 0.0 0 6.0 36 290 M M 3 13 48 300
26 85 53 69 5 0 4 0.00 0.0 0 13.9 31 280 M M 1 39 270
27 82 47 65 1 0 0 0.00 0.0 0 18.2 39 250 M M 1 52 250
28 77 47 62 -1 3 0 0.00 0.0 0 9.7 22 250 M M 2 31 240
29 87 43 65 2 0 0 0.00 0.0 0 7.0 16 230 M M 0 24 210
30 94 48 71 8 0 6 0.00 0.0 0 6.6 12 10 M M 0 16 190
31 95 51 73 11 0 8 0.00 0.0 0 7.7 17 280 M M 0 26 270
================================================================================
SM 2791 1690 4 236 0.40 0.0 282.1 M 33
================================================================================
AV 90.0 54.5 9.1 FASTST M M 1 MAX(MPH)
MISC ----> 40 270 54 270
================================================================================
NOTES:
# LAST OF SEVERAL OCCURRENCES
COLUMN 17 PEAK WIND IN M.P.H.
PRELIMINARY LOCAL CLIMATOLOGICAL DATA (WS FORM: F-6) , PAGE 2
STATION: GREAT FALLS MT
MONTH: AUGUST
YEAR: 2022
LATITUDE: 47 28 N
LONGITUDE: 111 22 W
[TEMPERATURE DATA] [PRECIPITATION DATA] SYMBOLS USED IN COLUMN 16
AVERAGE MONTHLY: 72.3 TOTAL FOR MONTH: 0.40 1 = FOG OR MIST
DPTR FM NORMAL: 5.6 DPTR FM NORMAL: -0.82 2 = FOG REDUCING VISIBILITY
HIGHEST: 101 ON 1 GRTST 24HR 0.30 ON 24-24 TO 1/4 MILE OR LESS
LOWEST: 43 ON 29 3 = THUNDER
SNOW, ICE PELLETS, HAIL 4 = ICE PELLETS
TOTAL MONTH: 0.0 INCH 5 = HAIL
GRTST 24HR 0.0 6 = FREEZING RAIN OR DRIZZLE
GRTST DEPTH: 0 7 = DUSTSTORM OR SANDSTORM:
VSBY 1/2 MILE OR LESS
8 = SMOKE OR HAZE
[NO. OF DAYS WITH] [WEATHER - DAYS WITH] 9 = BLOWING SNOW
X = TORNADO
MAX 32 OR BELOW: 0 0.01 INCH OR MORE: 4
MAX 90 OR ABOVE: 19 0.10 INCH OR MORE: 1
MIN 32 OR BELOW: 0 0.50 INCH OR MORE: 0
MIN 0 OR BELOW: 0 1.00 INCH OR MORE: 0
[HDD (BASE 65) ]
TOTAL THIS MO. 4 CLEAR (SCALE 0-3) 28
DPTR FM NORMAL -62 PTCLDY (SCALE 4-7) 2
TOTAL FM JUL 1 13 CLOUDY (SCALE 8-10) 1
DPTR FM NORMAL -103
[CDD (BASE 65) ]
TOTAL THIS MO. 236
DPTR FM NORMAL 116 [PRESSURE DATA]
TOTAL FM JAN 1 461 HIGHEST SLP 30.19 ON 24
DPTR FM NORMAL 178 LOWEST SLP 29.52 ON 27
[REMARKS]
#FINAL-08-22#