000
CXUS56 KTFX 011110
CF6GTF
PRELIMINARY LOCAL CLIMATOLOGICAL DATA (WS FORM: F-6)
STATION: GREAT FALLS MT
MONTH: MAY
YEAR: 2022
LATITUDE: 47 28 N
LONGITUDE: 111 22 W
TEMPERATURE IN F: :PCPN: SNOW: WIND :SUNSHINE: SKY :PK WND
================================================================================
1 2 3 4 5 6A 6B 7 8 9 10 11 12 13 14 15 16 17 18
12Z AVG MX 2MIN
DY MAX MIN AVG DEP HDD CDD WTR SNW DPTH SPD SPD DIR MIN PSBL S-S WX SPD DR
================================================================================
1 53 41 47 1 18 0 0.08 0.0 0 9.4 20 80 M M 10 27 80
2 65 39 52 5 13 0 0.00 0.0 0 10.0 20 190 M M 2 26 180
3 66 35 51 4 14 0 T 0.0 0 6.6 16 40 M M 4 21 40
4 70 42 56 8 9 0 0.00 0.0 0 12.2 25 220 M M 0 30 230
5 77 44 61 13 4 0 0.03 0.0 0 16.5 44 240 M M 2 59 240
6 68 47 58 10 7 0 T 0.0 0 21.7 38 230 M M 2 51 250
7 60 38 49 0 16 0 T 0.0 0 17.5 31 250 M M 3 49 250
8 55 36 46 -3 19 0 0.00 0.0 0 12.3 26 240 M M 4 32 240
9 55 26 41 -8 24 0 0.00 0.0 0 14.5 31 240 M M 2 43 250
10 59 30 45 -5 20 0 0.00 0.0 0 12.9 25 230 M M 2 33 210
11 62 25 44 -6 21 0 0.01 0.0 0 6.8 26 120 M M 3 36 130
12 57 36 47 -3 18 0 0.69 0.0 0 6.6 18 300 M M 8 1 25 300
13 56 32 44 -7 21 0 0.00 0.0 0 21.2 40 280 M M 1 54 270
14 61 28 45 -6 20 0 0.00 0.0 0 14.8 25 250 M M 3 32 240
15 71 36 54 3 11 0 0.00 0.0 0 9.6 18 220 M M 0 26 230
16 75 45 60 8 5 0 0.04 0.0 0 11.6 23 310 M M 3 33 240
17 69 38 54 2 11 0 0.00 0.0 0 14.2 24 290 M M 0 33 260
18 70 39 55 3 10 0 0.00 0.0 0 15.5 35 240 M M 4 45 240
19 54 32 43 -10 22 0 0.27 0.2 0 23.1 37 250 M M 6 1 48 260
20 48 32 40 -13 25 0 0.11 T 0 11.4 24 30 M M 9 1 32 30
21 49 24 37 -16 28 0 0.00 0.0 0 4.7 12 340 M M 5 15 20
22 60 31 46 -8 19 0 0.00 0.0 0 4.0 12 230 M M 4 15 140
23 64 36 50 -4 15 0 0.00 0.0 0 10.2 16 200 M M 5 29 210
24 68 35 52 -2 13 0 T 0.0 0 10.6 22 230 M M 2 28 270
25 69 41 55 1 10 0 T 0.0 0 16.0 32 260 M M 5 43 240
26 74 43 59 4 6 0 0.00 0.0 0 9.5 18 260 M M 0 23 90
27 75 48 62 7 3 0 0.00 0.0 0 14.9 31 270 M M 4 45 270
28 65 49 57 2 8 0 0.01 0.0 0 7.7 18 290 M M 8 25 290
29 61 46 54 -1 11 0 T 0.0 0 8.1 20 340 M M 10 3 26 360
30 58 46 52 -4 13 0 T 0.0 0 15.9 28 350 M M 10 1 38 350
31 64 32 48 -8 17 0 0.00 0.0 0 4.1 16 160 M M 4 26 260
================================================================================
SM 1958 1152 451 0 1.24 0.2 374.1 M 125
================================================================================
AV 63.2 37.2 12.1 FASTST M M 4 MAX(MPH)
MISC ----> 44 240 59 240
================================================================================
NOTES:
# LAST OF SEVERAL OCCURRENCES
COLUMN 17 PEAK WIND IN M.P.H.
PRELIMINARY LOCAL CLIMATOLOGICAL DATA (WS FORM: F-6) , PAGE 2
STATION: GREAT FALLS MT
MONTH: MAY
YEAR: 2022
LATITUDE: 47 28 N
LONGITUDE: 111 22 W
[TEMPERATURE DATA] [PRECIPITATION DATA] SYMBOLS USED IN COLUMN 16
AVERAGE MONTHLY: 50.2 TOTAL FOR MONTH: 1.24 1 = FOG OR MIST
DPTR FM NORMAL: -1.3 DPTR FM NORMAL: -1.19 2 = FOG REDUCING VISIBILITY
HIGHEST: 77 ON 5 GRTST 24HR 0.70 ON 11-12 TO 1/4 MILE OR LESS
LOWEST: 24 ON 21 3 = THUNDER
SNOW, ICE PELLETS, HAIL 4 = ICE PELLETS
TOTAL MONTH: 0.2 INCH 5 = HAIL
GRTST 24HR 0.2 ON 19-19 6 = FREEZING RAIN OR DRIZZLE
GRTST DEPTH: 0 7 = DUSTSTORM OR SANDSTORM:
VSBY 1/2 MILE OR LESS
8 = SMOKE OR HAZE
[NO. OF DAYS WITH] [WEATHER - DAYS WITH] 9 = BLOWING SNOW
X = TORNADO
MAX 32 OR BELOW: 0 0.01 INCH OR MORE: 8
MAX 90 OR ABOVE: 0 0.10 INCH OR MORE: 3
MIN 32 OR BELOW: 10 0.50 INCH OR MORE: 1
MIN 0 OR BELOW: 0 1.00 INCH OR MORE: 0
[HDD (BASE 65) ]
TOTAL THIS MO. 451 CLEAR (SCALE 0-3) 14
DPTR FM NORMAL 29 PTCLDY (SCALE 4-7) 13
TOTAL FM JUL 1 7335 CLOUDY (SCALE 8-10) 4
DPTR FM NORMAL -191
[CDD (BASE 65) ]
TOTAL THIS MO. 0
DPTR FM NORMAL -3 [PRESSURE DATA]
TOTAL FM JAN 1 0 HIGHEST SLP 30.39 ON 21
DPTR FM NORMAL -3 LOWEST SLP 29.43 ON 7
[REMARKS]
#FINAL-05-22#