000
CXUS56 KTFX 011110
CF6GTF
PRELIMINARY LOCAL CLIMATOLOGICAL DATA (WS FORM: F-6)
STATION: GREAT FALLS MT
MONTH: AUGUST
YEAR: 2021
LATITUDE: 47 28 N
LONGITUDE: 111 22 W
TEMPERATURE IN F: :PCPN: SNOW: WIND :SUNSHINE: SKY :PK WND
================================================================================
1 2 3 4 5 6A 6B 7 8 9 10 11 12 13 14 15 16 17 18
12Z AVG MX 2MIN
DY MAX MIN AVG DEP HDD CDD WTR SNW DPTH SPD SPD DIR MIN PSBL S-S WX SPD DR
================================================================================
1 98 62 80 10 0 15 0.00 0.0 0 6.5 17 80 M M 0 8 25 70
2 92 69 81 11 0 16 T 0.0 0 8.6 30 270 M M 3 38 45 280
3 91 62 77 7 0 12 0.00 0.0 0 9.8 15 330 M M 2 8 20 330
4 93 59 76 6 0 11 T 0.0 0 8.1 18 40 M M 0 38 24 30
5 89 50 70 0 0 5 0.00 0.0 0 7.6 24 230 M M 0 8 33 210
6 91 61 76 7 0 11 0.00 0.0 0 11.8 21 290 M M 0 8 28 290
7 90 62 76 7 0 11 0.00 0.0 0 13.6 26 240 M M 0 41 280
8 68 50 59 -10 6 0 0.33 0.0 0 11.1 23 110 M M 6 13 31 110
9 74 45 60 -9 5 0 0.03 0.0 0 13.0 28 290 M M 4 1 37 300
10 85 57 71 2 0 6 0.00 0.0 0 16.6 31 240 M M 1 41 230
11 93 57 75 7 0 10 0.00 0.0 0 13.5 21 270 M M 0 8 29 250
12 84 49 67 -1 0 2 0.00 0.0 0 7.7 20 50 M M 0 25 40
13 89 48 69 1 0 4 0.00 0.0 0 6.7 13 90 M M 0 18 80
14 94 52 73 5 0 8 0.00 0.0 0 9.7 16 280 M M 1 8 25 240
15 98 60 79 12 0 14 0.00 0.0 0 12.7 24 290 M M 3 8 31 300
16 96 68 82 15 0 17 0.00 0.0 0 13.8 29 230 M M 0 8 40 250
17 68 47 58 -9 7 0 0.91 0.0 0 13.4 24 330 M M 6 138 32 330
18 48 44 46 -20 19 0 0.71 0.0 0 6.0 20 30 M M 9 1 26 30
19 67 44 56 -10 9 0 0.00 0.0 0 5.5 13 80 M M 5 15 80
20 67 50 59 -7 6 0 0.07 0.0 0 8.3 16 240 M M 7 1 22 340
21 68 49 59 -7 6 0 0.10 0.0 0 6.1 15 270 M M 4 1 20 70
22 75 51 63 -2 2 0 0.00 0.0 0 12.8 26 250 M M 3 36 240
23 79 46 63 -2 2 0 0.00 0.0 0 8.7 31 250 M M 1 44 260
24 68 35 52 -13 13 0 0.00 0.0 0 7.7 14 60 M M 0 20 60
25 73 39 56 -8 9 0 0.00 0.0 0 5.4 12 80 M M 0 15 80
26 79 48 64 0 1 0 0.02 0.0 0 7.3 28 240 M M 2 3 39 260
27 71 48 60 -4 5 0 T 0.0 0 10.2 28 250 M M 4 36 250
28 72 46 59 -4 6 0 0.01 0.0 0 6.7 14 230 M M 4 20 240
29 81 40 61 -2 4 0 0.00 0.0 0 6.7 14 240 M M 0 17 240
30 87 44 66 3 0 1 T 0.0 0 6.6 21 140 M M 0 38 31 140
31 81 47 64 2 1 0 0.00 0.0 0 10.0 31 250 M M 0 40 250
================================================================================
SM 2509 1589 101 143 2.18 0.0 292.2 M 65
================================================================================
AV 80.9 51.3 9.4 FASTST M M 2 MAX(MPH)
MISC ----> # 31 240 45 280
================================================================================
NOTES:
# LAST OF SEVERAL OCCURRENCES
COLUMN 17 PEAK WIND IN M.P.H.
PRELIMINARY LOCAL CLIMATOLOGICAL DATA (WS FORM: F-6) , PAGE 2
STATION: GREAT FALLS MT
MONTH: AUGUST
YEAR: 2021
LATITUDE: 47 28 N
LONGITUDE: 111 22 W
[TEMPERATURE DATA] [PRECIPITATION DATA] SYMBOLS USED IN COLUMN 16
AVERAGE MONTHLY: 66.1 TOTAL FOR MONTH: 2.18 1 = FOG OR MIST
DPTR FM NORMAL: -0.6 DPTR FM NORMAL: 0.96 2 = FOG REDUCING VISIBILITY
HIGHEST: 98 ON 15, 1 GRTST 24HR 1.62 ON 17-18 TO 1/4 MILE OR LESS
LOWEST: 35 ON 24 3 = THUNDER
SNOW, ICE PELLETS, HAIL 4 = ICE PELLETS
TOTAL MONTH: 0.0 INCH 5 = HAIL
GRTST 24HR 0.0 6 = FREEZING RAIN OR DRIZZLE
GRTST DEPTH: 0 7 = DUSTSTORM OR SANDSTORM:
VSBY 1/2 MILE OR LESS
8 = SMOKE OR HAZE
[NO. OF DAYS WITH] [WEATHER - DAYS WITH] 9 = BLOWING SNOW
X = TORNADO
MAX 32 OR BELOW: 0 0.01 INCH OR MORE: 8
MAX 90 OR ABOVE: 10 0.10 INCH OR MORE: 4
MIN 32 OR BELOW: 0 0.50 INCH OR MORE: 2
MIN 0 OR BELOW: 0 1.00 INCH OR MORE: 0
[HDD (BASE 65) ]
TOTAL THIS MO. 101 CLEAR (SCALE 0-3) 21
DPTR FM NORMAL 35 PTCLDY (SCALE 4-7) 9
TOTAL FM JUL 1 104 CLOUDY (SCALE 8-10) 1
DPTR FM NORMAL -12
[CDD (BASE 65) ]
TOTAL THIS MO. 143
DPTR FM NORMAL 23 [PRESSURE DATA]
TOTAL FM JAN 1 516 HIGHEST SLP 30.23 ON 13
DPTR FM NORMAL 233 LOWEST SLP 29.57 ON 16
[REMARKS]
#FINAL-08-21#