000
CXUS54 KAMA 010810
CF6GUY
PRELIMINARY LOCAL CLIMATOLOGICAL DATA (WS FORM: F-6)
STATION: GUYMON
MONTH: FEBRUARY
YEAR: 2021
LATITUDE: 36 41 N
LONGITUDE: 101 30 W
TEMPERATURE IN F: :PCPN: SNOW: WIND :SUNSHINE: SKY :PK WND
================================================================================
1 2 3 4 5 6A 6B 7 8 9 10 11 12 13 14 15 16 17 18
12Z AVG MX 2MIN
DY MAX MIN AVG DEP HDD CDD WTR SNW DPTH SPD SPD DIR MIN PSBL S-S WX SPD DR
================================================================================
1 64 21 43 6 22 0 0.00 M M 10.7 25 200 M M 0 32 200
2 69 29 49 12 16 0 0.00 M M 7.8 15 350 M M 0 19 340
3 80 29 55 18 10 0 0.00 M M 8.1 25 280 M M 0 32 270
4 56 24 40 3 25 0 T M M 13.8 31 360 M M 3 41 350
5 52 16 34 -3 31 0 0.00 M M 4.1 13 170 M M 3 16 170
6 49 22 36 -1 29 0 0.00 M M 12.2 26 10 M M 1 36 360
7 52 21 37 0 28 0 0.00 M M 9.7 21 60 M M 6 1 27 60
8 25 16 21 -16 44 0 0.01 M M 10.1 21 60 M M 10 18 26 60
9 24 17 21 -17 44 0 T M M 6.5 12 80 M M 10 8 15 80
10 24 16 20 -18 45 0 0.02 M M 7.8 14 40 M M 10 8 16 40
11 22 9 16 -22 49 0 T M M 7.9 16 90 M M 10 8 20 60
12 15 7 11 -27 54 0 T M M 9.5 20 50 M M 10 8 23 40
13 12 6 9 -29 56 0 0.07 M M 8.7 16 80 M M 10 8 19 90
14 10 -7 2 -36 63 0 0.11 M M 13.2 21 20 M M 9 8 25 20
15 9 -14 -2 -40 67 0 0.00 M M 3.7 9 170 M M 1 11 160
16 19 -6 7 -32 58 0 T M M 11.3 18 150 M M 8 8 25 170
17 27 7 17 -22 48 0 T M M 4.7 9 110 M M 5 18 13 120
18 29 13 21 -18 44 0 T M M 6.5 17 20 M M 9 18 22 20
19 48 9 29 -10 36 0 0.00 M M 6.7 13 200 M M 0 19 140
20 59 19 39 0 26 0 0.00 M M 9.5 22 180 M M 0 28 190
21 52 25 39 -1 26 0 0.00 M M 16.1 36 340 M M 1 41 350
22 65 21 43 3 22 0 0.00 M M 5.9 18 330 M M 0 26 330
23 75 27 51 11 14 0 0.00 M M 13.6 39 20 M M 0 51 30
24 53 28 41 1 24 0 0.00 M M 12.1 28 10 M M 0 36 20
25 48 24 36 -5 29 0 0.00 M M 5.0 14 90 M M 5 18 110
26 63 20 42 1 23 0 0.00 M M 9.0 23 310 M M 0 30 330
27 75 19 47 6 18 0 0.00 M M 16.0 40 230 M M 0 49 230
28 50 25 38 -4 27 0 0.00 M M 12.9 28 360 M M 0 33 360
================================================================================
SM 1226 443 978 0 0.21 M 263.1 M 111
================================================================================
AV 43.8 15.8 9.4 FASTST M M 4 MAX(MPH)
MISC ----> 40 230 51 30
================================================================================
NOTES:
# LAST OF SEVERAL OCCURRENCES
COLUMN 17 PEAK WIND IN M.P.H.
PRELIMINARY LOCAL CLIMATOLOGICAL DATA (WS FORM: F-6) , PAGE 2
STATION: GUYMON
MONTH: FEBRUARY
YEAR: 2021
LATITUDE: 36 41 N
LONGITUDE: 101 30 W
[TEMPERATURE DATA] [PRECIPITATION DATA] SYMBOLS USED IN COLUMN 16
AVERAGE MONTHLY: 29.8 TOTAL FOR MONTH: 0.21 1 = FOG OR MIST
DPTR FM NORMAL: -8.8 DPTR FM NORMAL: -0.26 2 = FOG REDUCING VISIBILITY
HIGHEST: 80 ON 3 GRTST 24HR 0.17 ON 13-14 TO 1/4 MILE OR LESS
LOWEST: -14 ON 15 3 = THUNDER
SNOW, ICE PELLETS, HAIL 4 = ICE PELLETS
TOTAL MONTH: M 5 = HAIL
GRTST 24HR M ON M 6 = FREEZING RAIN OR DRIZZLE
GRTST DEPTH: M ON M 7 = DUSTSTORM OR SANDSTORM:
VSBY 1/2 MILE OR LESS
8 = SMOKE OR HAZE
[NO. OF DAYS WITH] [WEATHER - DAYS WITH] 9 = BLOWING SNOW
X = TORNADO
MAX 32 OR BELOW: 11 0.01 INCH OR MORE: 4
MAX 90 OR ABOVE: 0 0.10 INCH OR MORE: 1
MIN 32 OR BELOW: 28 0.50 INCH OR MORE: 0
MIN 0 OR BELOW: 3 1.00 INCH OR MORE: 0
[HDD (BASE 65) ]
TOTAL THIS MO. 978 CLEAR (SCALE 0-3) 15
DPTR FM NORMAL 239 PTCLDY (SCALE 4-7) 5
TOTAL FM JUL 1 3528 CLOUDY (SCALE 8-10) 8
DPTR FM NORMAL 61
[CDD (BASE 65) ]
TOTAL THIS MO. 0
DPTR FM NORMAL 0 [PRESSURE DATA]
TOTAL FM JAN 1 0 HIGHEST SLP M ON M
DPTR FM NORMAL 0 LOWEST SLP 29.46 ON 3
[REMARKS]
#FINAL-02-21#