000
CXUS54 KAMA 010811
CF6GUY
PRELIMINARY LOCAL CLIMATOLOGICAL DATA (WS FORM: F-6)
STATION: GUYMON
MONTH: JANUARY
YEAR: 2024
LATITUDE: 36 41 N
LONGITUDE: 101 30 W
TEMPERATURE IN F: :PCPN: SNOW: WIND :SUNSHINE: SKY :PK WND
================================================================================
1 2 3 4 5 6A 6B 7 8 9 10 11 12 13 14 15 16 17 18
12Z AVG MX 2MIN
DY MAX MIN AVG DEP HDD CDD WTR SNW DPTH SPD SPD DIR MIN PSBL S-S WX SPD DR
================================================================================
1 51 18 35 0 30 0 0.00 M M 6.8 18 190 M M 0 25 190
2 48 25 37 2 28 0 0.00 M M 9.1 20 10 M M 0 26 10
3 53 19 36 1 29 0 0.00 M M 6.2 13 160 M M 0 19 150
4 37 23 30 -5 35 0 0.40 M M 8.7 18 110 M M 7 1 29 120
5 35 26 31 -5 34 0 0.12 M M 9.5 18 350 M M 9 1 24 350
6 37 20 29 -7 36 0 0.00 M M 10.0 20 330 M M 1 26 330
7 40 19 30 -6 35 0 0.00 M M 8.2 22 190 M M 0 31 190
8 42 22 32 -4 33 0 0.06 M M 22.9 47 360 M M 9 12 73 360
9 37 17 27 -9 38 0 0.00 M M 10.9 28 350 M M 1 40 340
10 48 20 34 -2 31 0 0.00 M M 10.0 21 10 M M 0 34 360
11 51 14 33 -3 32 0 T M M 17.0 37 360 M M 3 49 360
12 43 8 26 -10 39 0 0.00 M M 12.9 21 310 M M 0 32 330
13 28 -1 14 -22 51 0 T M M 14.0 25 20 M M 5 32 10
14 8 -1 4 -32 61 0 0.00 M M 6.0 12 80 M M 6 15 80
15 12 2 7 -29 58 0 0.00 M M 12.1 21 20 M M 6 29 10
16 33 2 18 -18 47 0 0.00 M M 9.8 17 230 M M 3 23 200
17 56 12 34 -2 31 0 0.00 M M 8.1 20 350 M M 0 27 350
18 64 16 40 4 25 0 0.00 M M 13.5 37 20 M M 0 49 10
19 30 12 21 -16 44 0 0.00 M M 5.5 22 10 M M 0 29 20
20 35 12 24 -13 41 0 0.00 M M 12.2 23 170 M M 0 30 170
21 50 21 36 -1 29 0 0.00 M M 18.3 28 210 M M 1 35 190
22 57 25 41 4 24 0 0.00 M M 4.8 18 200 M M 2 25 200
23 35 28 32 -5 33 0 0.00 M M 4.6 10 10 M M 9 1 13 10
24 43 29 36 -1 29 0 0.00 M M 3.0 8 210 M M 8 1 10 160
25 54 30 42 5 23 0 0.00 M M 4.8 13 90 M M 5 1 17 60
26 41 33 37 0 28 0 0.09 M M 6.7 15 20 M M 9 1 20 50
27 54 26 40 3 25 0 0.00 M M 9.6 17 340 M M 0 24 330
28 65 25 45 8 20 0 0.00 M M 5.6 13 260 M M 0 16 270
29 69 28 49 12 16 0 0.00 M M 2.4 10 300 M M 0 12 320
30 67 33 50 13 15 0 0.00 M M 4.0 10 300 M M 0 15 320
31 70 26 48 11 17 0 0.00 M M 10.4 24 210 M M 0 33 200
================================================================================
SM 1393 589 1017 0 0.67 M 287.6 M 84
================================================================================
AV 44.9 19.0 9.3 FASTST M M 3 MAX(MPH)
MISC ----> 47 360 73 360
================================================================================
NOTES:
# LAST OF SEVERAL OCCURRENCES
COLUMN 17 PEAK WIND IN M.P.H.
PRELIMINARY LOCAL CLIMATOLOGICAL DATA (WS FORM: F-6) , PAGE 2
STATION: GUYMON
MONTH: JANUARY
YEAR: 2024
LATITUDE: 36 41 N
LONGITUDE: 101 30 W
[TEMPERATURE DATA] [PRECIPITATION DATA] SYMBOLS USED IN COLUMN 16
AVERAGE MONTHLY: 32.0 TOTAL FOR MONTH: 0.67 1 = FOG OR MIST
DPTR FM NORMAL: -4.3 DPTR FM NORMAL: 0.26 2 = FOG REDUCING VISIBILITY
HIGHEST: 70 ON 31 GRTST 24HR 0.64 ON 4- 5 TO 1/4 MILE OR LESS
LOWEST: -1 ON 14,13 3 = THUNDER
SNOW, ICE PELLETS, HAIL 4 = ICE PELLETS
TOTAL MONTH: M 5 = HAIL
GRTST 24HR M ON M 6 = FREEZING RAIN OR DRIZZLE
GRTST DEPTH: M ON M 7 = DUSTSTORM OR SANDSTORM:
VSBY 1/2 MILE OR LESS
8 = SMOKE OR HAZE
[NO. OF DAYS WITH] [WEATHER - DAYS WITH] 9 = BLOWING SNOW
X = TORNADO
MAX 32 OR BELOW: 4 0.01 INCH OR MORE: 4
MAX 90 OR ABOVE: 0 0.10 INCH OR MORE: 2
MIN 32 OR BELOW: 29 0.50 INCH OR MORE: 0
MIN 0 OR BELOW: 2 1.00 INCH OR MORE: 0
[HDD (BASE 65) ]
TOTAL THIS MO. 1017 CLEAR (SCALE 0-3) 21
DPTR FM NORMAL 127 PTCLDY (SCALE 4-7) 5
TOTAL FM JUL 1 2538 CLOUDY (SCALE 8-10) 5
DPTR FM NORMAL -107
[CDD (BASE 65) ]
TOTAL THIS MO. 0
DPTR FM NORMAL 0 [PRESSURE DATA]
TOTAL FM JAN 1 0 HIGHEST SLP M ON M
DPTR FM NORMAL 0 LOWEST SLP 29.35 ON 8
[REMARKS]
#FINAL-01-24#