000
CXUS52 KFFC 011110
CF6GVL
PRELIMINARY LOCAL CLIMATOLOGICAL DATA (WS FORM: F-6)
STATION: GAINESVILLE
MONTH: DECEMBER
YEAR: 2021
LATITUDE: 34 16 N
LONGITUDE: 83 50 W
TEMPERATURE IN F: :PCPN: SNOW: WIND :SUNSHINE: SKY :PK WND
================================================================================
1 2 3 4 5 6A 6B 7 8 9 10 11 12 13 14 15 16 17 18
12Z AVG MX 2MIN
DY MAX MIN AVG DEP HDD CDD WTR SNW DPTH SPD SPD DIR MIN PSBL S-S WX SPD DR
================================================================================
1 67 40 54 6 11 0 0.00 M M 5.2 14 250 M M 0 20 250
2 70 45 58 10 7 0 0.00 M M 8.9 20 290 M M 0 27 300
3 75 49 62 15 3 0 0.00 M M 6.9 13 260 M M 0 19 220
4 68 51 60 13 5 0 0.00 M M 5.8 13 250 M M 0 18 17 170
5 60 53 57 10 8 0 0.03 M M 5.9 16 80 M M 8 18 25 70
6 62 45 54 7 11 0 0.13 M M 6.4 15 310 M M 8 138 22 300
7 50 35 43 -3 22 0 0.01 M M 5.6 14 90 M M 7 18 90
8 53 37 45 -1 20 0 0.43 M M 6.7 13 270 M M 6 13 18 280
9 51 33 42 -4 23 0 0.00 M M 6.0 13 90 M M 3 12 17 100
10 50 43 47 1 18 0 0.27 M M 5.1 9 100 M M 10 12 12 70
11 72 48 60 14 5 0 0.44 M M 8.2 23 290 M M 9 123 47 290
12 56 35 46 1 19 0 0.00 M M 6.1 16 310 M M 0 22 310
13 59 34 47 2 18 0 0.00 M M 1.6 8 260 M M 0 13 210
14 66 31 49 4 16 0 0.00 M M 4.2 12 100 M M 0 1 17 80
15 60 44 52 7 13 0 0.00 M M 7.3 14 80 M M 4 21 100
16 66 51 59 14 6 0 0.00 M M 4.1 9 80 M M 10 1 13 70
17 68 56 62 18 3 0 0.00 M M 2.2 9 290 M M 9 12 12 280
18 64 60 62 18 3 0 1.06 M M 3.5 12 230 M M 10 12 17 240
19 61 43 52 8 13 0 0.02 M M 7.7 16 310 M M 6 12 23 310
20 48 36 42 -2 23 0 0.00 M M 9.0 17 100 M M 1 23 90
21 42 38 40 -4 25 0 0.13 M M 5.7 12 30 M M 9 1 16 290
22 57 37 47 3 18 0 0.00 M M 11.2 24 310 M M 1 39 290
23 59 32 46 2 19 0 0.00 M M 1.9 8 230 M M 0 17 140
24 62 34 48 4 17 0 0.00 M M 3.5 15 230 M M 2 24 240
25 67 52 60 17 5 0 0.00 M M 10.8 20 250 M M 9 29 250
26 73 55 64 21 1 0 0.00 M M 5.8 13 270 M M 3 1 16 270
27 70 55 63 20 2 0 0.00 M M 8.3 24 260 M M 7 12 38 270
28 69 58 64 21 1 0 0.01 M M 4.3 12 230 M M 9 18 210
29 70 64 67 24 0 2 0.52 M M 5.6 17 310 M M 9 13 24 300
30 67 60 64 21 1 0 2.13 M M 4.5 18 290 M M 10 13 29 300
31 64 57 61 18 4 0 T M M 2.0 9 280 M M 10 12 13 280
================================================================================
SM 1926 1411 340 2 5.18 M 180.0 M 160
================================================================================
AV 62.1 45.5 5.8 FASTST M M 5 MAX(MPH)
MISC ----> # 24 310 47 290
================================================================================
NOTES:
# LAST OF SEVERAL OCCURRENCES
COLUMN 17 PEAK WIND IN M.P.H.
PRELIMINARY LOCAL CLIMATOLOGICAL DATA (WS FORM: F-6) , PAGE 2
STATION: GAINESVILLE
MONTH: DECEMBER
YEAR: 2021
LATITUDE: 34 16 N
LONGITUDE: 83 50 W
[TEMPERATURE DATA] [PRECIPITATION DATA] SYMBOLS USED IN COLUMN 16
AVERAGE MONTHLY: 53.8 TOTAL FOR MONTH: 5.18 1 = FOG OR MIST
DPTR FM NORMAL: 8.9 DPTR FM NORMAL: 0.47 2 = FOG REDUCING VISIBILITY
HIGHEST: 75 ON 3 GRTST 24HR 2.18 ON 29-30 TO 1/4 MILE OR LESS
LOWEST: 31 ON 14 3 = THUNDER
SNOW, ICE PELLETS, HAIL 4 = ICE PELLETS
TOTAL MONTH: M 5 = HAIL
GRTST 24HR M ON M 6 = FREEZING RAIN OR DRIZZLE
GRTST DEPTH: M ON M 7 = DUSTSTORM OR SANDSTORM:
VSBY 1/2 MILE OR LESS
8 = SMOKE OR HAZE
[NO. OF DAYS WITH] [WEATHER - DAYS WITH] 9 = BLOWING SNOW
X = TORNADO
MAX 32 OR BELOW: 0 0.01 INCH OR MORE: 12
MAX 90 OR ABOVE: 0 0.10 INCH OR MORE: 8
MIN 32 OR BELOW: 2 0.50 INCH OR MORE: 3
MIN 0 OR BELOW: 0 1.00 INCH OR MORE: 2
[HDD (BASE 65) ]
TOTAL THIS MO. 340 CLEAR (SCALE 0-3) 13
DPTR FM NORMAL -284 PTCLDY (SCALE 4-7) 7
TOTAL FM JUL 1 784 CLOUDY (SCALE 8-10) 11
DPTR FM NORMAL -391
[CDD (BASE 65) ]
TOTAL THIS MO. 2
DPTR FM NORMAL 1 [PRESSURE DATA]
TOTAL FM JAN 1 1707 HIGHEST SLP 30.51 ON 15
DPTR FM NORMAL 75 LOWEST SLP 29.83 ON 22
[REMARKS]
#FINAL-12-21#