000
CXUS55 KBOU 010900
CF6GXY
PRELIMINARY LOCAL CLIMATOLOGICAL DATA (WS FORM: F-6)
STATION: GREELEY CO
MONTH: JULY
YEAR: 2021
LATITUDE: 40 25 N
LONGITUDE: 104 38 W
TEMPERATURE IN F: :PCPN: SNOW: WIND :SUNSHINE: SKY :PK WND
================================================================================
1 2 3 4 5 6A 6B 7 8 9 10 11 12 13 14 15 16 17 18
12Z AVG MX 2MIN
DY MAX MIN AVG DEP HDD CDD WTR SNW DPTH SPD SPD DIR MIN PSBL S-S WX SPD DR
================================================================================
1 83 62 73 M 0 8 1.78 M M 7.6 21 60 M M 3 13 27 70
2 88 59 74 M 0 9 0.00 M M 5.4 13 180 M M 2 M M
3 94 59 77 M 0 12 0.00 M M 4.7 18 360 M M 1 M M
4 90 60 75 M 0 10 0.00 M M 4.8 17 330 M M 0 M M
5 93 58 76 M 0 11 0.00 M M 5.4 13 280 M M 0 18 130
6 85 62 74 M 0 9 0.00 M M 8.6 15 50 M M 3 20 60
7 94 58 76 M 0 11 0.00 M M 6.3 13 150 M M 0 18 140
8 103 59 81 M 0 16 0.00 M M 4.4 13 200 M M 0 37 350
9 101 60 81 M 0 16 0.00 M M 7.6 30 350 M M 0 39 10
10 86 58 72 M 0 7 0.00 M M 8.2 24 360 M M 2 33 360
11 88 54 71 M 0 6 0.00 M M 4.2 8 50 M M 0 M M
12 93 52 73 M 0 8 0.00 M M 6.0 12 120 M M 0 8 17 120
13 87 62 75 M 0 10 0.00 M M 6.4 14 330 M M 0 21 330
14 81 59 70 M 0 5 T M M 4.4 16 50 M M 2 23 50
15 89 55 72 M 0 7 T M M 5.5 10 80 M M 2 128 M M
16 96 54 75 M 0 10 0.00 M M 5.3 18 330 M M 0 24 330
17 97 55 76 M 0 11 0.00 M M 6.2 29 350 M M 0 33 20
18 94 57 76 M 0 11 0.00 M M 5.4 9 80 M M 0 8 M M
19 96 57 77 M 0 12 0.00 M M 5.0 13 120 M M 0 M M
20 98 55 77 M 0 12 0.00 M M 8.2 16 120 M M 0 8 23 120
21 89 60 75 M 0 10 0.00 M M 6.4 12 290 M M 0 M M
22 99 59 79 M 0 14 0.00 M M 4.5 12 230 M M 0 18 M M
23 95 66 81 M 0 16 0.00 M M 7.8 24 340 M M 2 8 33 360
24 91 63 77 M 0 12 0.00 M M 5.4 8 340 M M 1 M M
25 96 63 80 M 0 15 0.00 M M 6.4 22 120 M M 0 30 120
26 97 56 77 M 0 12 0.00 M M 5.0 10 130 M M 0 16 130
27 98 58 78 M 0 13 0.00 M M 4.7 13 110 M M 0 M M
28 100 60 80 M 0 15 0.00 M M 6.0 12 70 M M 0 8 M M
29 98 63 81 M 0 16 0.00 M M 8.9 16 30 M M 2 8 23 30
30 95 62 79 M 0 14 1.55 M M 12.6 30 340 M M 2 13 44 210
31 77 62 70 M 0 5 0.06 M M 5.8 14 300 M M 7 18 22 360
================================================================================
SM 2871 1827 0 343 3.39 M 193.1 M 29
================================================================================
AV 92.6 58.9 6.2 FASTST M M 1 MAX(MPH)
MISC ----> 30 350 44 210
================================================================================
NOTES:
# LAST OF SEVERAL OCCURRENCES
COLUMN 17 PEAK WIND IN M.P.H.
PRELIMINARY LOCAL CLIMATOLOGICAL DATA (WS FORM: F-6) , PAGE 2
STATION: GREELEY CO
MONTH: JULY
YEAR: 2021
LATITUDE: 40 25 N
LONGITUDE: 104 38 W
[TEMPERATURE DATA] [PRECIPITATION DATA] SYMBOLS USED IN COLUMN 16
AVERAGE MONTHLY: 75.8 TOTAL FOR MONTH: 3.39 1 = FOG OR MIST
DPTR FM NORMAL: 0.0 DPTR FM NORMAL: M 2 = FOG REDUCING VISIBILITY
HIGHEST: 103 ON 8 GRTST 24HR 1.78 ON 30- 1 TO 1/4 MILE OR LESS
LOWEST: 52 ON 12 3 = THUNDER
SNOW, ICE PELLETS, HAIL 4 = ICE PELLETS
TOTAL MONTH: M 5 = HAIL
GRTST 24HR M ON M 6 = FREEZING RAIN OR DRIZZLE
GRTST DEPTH: M ON M 7 = DUSTSTORM OR SANDSTORM:
VSBY 1/2 MILE OR LESS
8 = SMOKE OR HAZE
[NO. OF DAYS WITH] [WEATHER - DAYS WITH] 9 = BLOWING SNOW
X = TORNADO
MAX 32 OR BELOW: 0 0.01 INCH OR MORE: 3
MAX 90 OR ABOVE: 21 0.10 INCH OR MORE: 2
MIN 32 OR BELOW: 0 0.50 INCH OR MORE: 2
MIN 0 OR BELOW: 0 1.00 INCH OR MORE: 2
[HDD (BASE 65) ]
TOTAL THIS MO. 0 CLEAR (SCALE 0-3) 29
DPTR FM NORMAL M PTCLDY (SCALE 4-7) 2
TOTAL FM JUL 1 0 CLOUDY (SCALE 8-10) 0
DPTR FM NORMAL M
[CDD (BASE 65) ]
TOTAL THIS MO. 343
DPTR FM NORMAL M [PRESSURE DATA]
TOTAL FM JAN 1 590 HIGHEST SLP 30.21 ON 30
DPTR FM NORMAL M LOWEST SLP 29.75 ON 8
[REMARKS]
#FINAL-07-21#