000
CXUS55 KBOU 010823
CF6GXY
PRELIMINARY LOCAL CLIMATOLOGICAL DATA (WS FORM: F-6)
STATION: GREELEY CO
MONTH: MARCH
YEAR: 2020
LATITUDE: 40 25 N
LONGITUDE: 104 38 W
TEMPERATURE IN F: :PCPN: SNOW: WIND :SUNSHINE: SKY :PK WND
================================================================================
1 2 3 4 5 6A 6B 7 8 9 10 11 12 13 14 15 16 17 18
12Z AVG MX 2MIN
DY MAX MIN AVG DEP HDD CDD WTR SNW DPTH SPD SPD DIR MIN PSBL S-S WX SPD DR
================================================================================
1 46 23 35 M 30 0 M M M 9.2 21 20 M M 6 1 25 20
2 46 25 36 M 29 0 M M M 3.7 8 30 M M 5 M M
3 61 17 39 M 26 0 M M M 6.3 16 350 M M 0 M M
4 66 16 41 M 24 0 M M M 6.4 20 310 M M 0 25 310
5 54 22 38 M 27 0 M M M 7.0 21 30 M M 0 27 30
6 71 18 45 M 20 0 M M M 3.8 10 150 M M 0 M M
7 71 27 49 M 16 0 M M M 5.3 9 290 M M 0 M M
8 M M M M M M M M M 7.4 21 20 M M 4 13 30 120
9 60 37 49 M 16 0 M M M 5.1 9 170 M M 3 M M
10 61 31 46 M 19 0 M M M 6.6 24 320 M M 1 30 300
11 70 26 48 M 17 0 M M M 5.8 17 280 M M 0 M M
12 45 34 40 M 25 0 M M M 9.6 18 60 M M 6 24 60
13 39 30 35 M 30 0 M M M 17.4 29 130 M M 10 1 39 140
14 39 28 34 M 31 0 M M M 11.6 16 100 M M 10 M M
15 54 30 42 M 23 0 M M M 3.5 9 60 M M 5 M M
16 52 23 38 M 27 0 M M M 10.0 17 90 M M 4 12 18 70
17 55 34 45 M 20 0 M M M 6.7 13 130 M M 5 1 M M
18 M M M M M M M M M 9.9 22 30 M M 3 32 10
19 42 24 33 M 32 0 M M M 15.2 30 360 M M 9 1 39 360
20 25 17 21 M 44 0 M M M 8.1 14 140 M M 10 1 M M
21 44 17 31 M 34 0 M M M 3.5 9 130 M M 4 18 M M
22 55 26 41 M 24 0 M M M 5.0 17 210 M M 2 1 21 310
23 62 25 44 M 21 0 M M M 5.2 14 340 M M 2 M M
24 66 27 47 M 18 0 M M M 5.0 10 130 M M 1 16 130
25 67 31 49 M 16 0 M M M 8.3 24 260 M M 0 33 250
26 55 32 44 M 21 0 M M M 8.5 16 130 M M 4 1 17 80
27 46 31 39 M 26 0 M M M 7.2 21 350 M M 9 1 29 350
28 52 27 40 M 25 0 M M M 19.1 33 330 M M 1 38 330
29 59 21 40 M 25 0 M M M 5.3 15 180 M M 0 23 180
30 60 31 46 M 19 0 M M M 6.9 18 360 M M 7 30 350
31 70 27 49 M 16 0 0.00 0.0 0 4.4 9 190 M M 2 M M
================================================================================
SM 1593 757 701 0 0.00 0.0 237.0 M 113
================================================================================
AV 54.9 26.1 7.6 FASTST M M 4 MAX(MPH)
MISC ----> # 33 330 # 39 140
================================================================================
NOTES:
# LAST OF SEVERAL OCCURRENCES
COLUMN 17 PEAK WIND IN M.P.H.
PRELIMINARY LOCAL CLIMATOLOGICAL DATA (WS FORM: F-6) , PAGE 2
STATION: GREELEY CO
MONTH: MARCH
YEAR: 2020
LATITUDE: 40 25 N
LONGITUDE: 104 38 W
[TEMPERATURE DATA] [PRECIPITATION DATA] SYMBOLS USED IN COLUMN 16
AVERAGE MONTHLY: 40.5 TOTAL FOR MONTH: 0.00 1 = FOG OR MIST
DPTR FM NORMAL: M DPTR FM NORMAL: M 2 = FOG REDUCING VISIBILITY
HIGHEST: 71 ON 7, 6 GRTST 24HR 0.00 ON 31-31 TO 1/4 MILE OR LESS
LOWEST: 16 ON 4 3 = THUNDER
SNOW, ICE PELLETS, HAIL 4 = ICE PELLETS
TOTAL MONTH: 0.0 INCH 5 = HAIL
GRTST 24HR 0.0 6 = FREEZING RAIN OR DRIZZLE
GRTST DEPTH: 0 7 = DUSTSTORM OR SANDSTORM:
VSBY 1/2 MILE OR LESS
8 = SMOKE OR HAZE
[NO. OF DAYS WITH] [WEATHER - DAYS WITH] 9 = BLOWING SNOW
X = TORNADO
MAX 32 OR BELOW: 1 0.01 INCH OR MORE: 0
MAX 90 OR ABOVE: 0 0.10 INCH OR MORE: 0
MIN 32 OR BELOW: 26 0.50 INCH OR MORE: 0
MIN 0 OR BELOW: 0 1.00 INCH OR MORE: 0
[HDD (BASE 65) ]
TOTAL THIS MO. 701 CLEAR (SCALE 0-3) 15
DPTR FM NORMAL M PTCLDY (SCALE 4-7) 11
TOTAL FM JUL 1 5563 CLOUDY (SCALE 8-10) 5
DPTR FM NORMAL M
[CDD (BASE 65) ]
TOTAL THIS MO. 0
DPTR FM NORMAL M [PRESSURE DATA]
TOTAL FM JAN 1 0 HIGHEST SLP 30.60 ON 20
DPTR FM NORMAL M LOWEST SLP 29.64 ON 26
[REMARKS]
#FINAL-03-20#