000
CXUS54 KFWD 290731
CF6GYI
PRELIMINARY LOCAL CLIMATOLOGICAL DATA (WS FORM: F-6)
STATION: SHERMAN/DENISON
MONTH: MARCH
YEAR: 2024
LATITUDE: 33 42 N
LONGITUDE: 96 40 W
TEMPERATURE IN F: :PCPN: SNOW: WIND :SUNSHINE: SKY :PK WND
================================================================================
1 2 3 4 5 6A 6B 7 8 9 10 11 12 13 14 15 16 17 18
12Z AVG MX 2MIN
DY MAX MIN AVG DEP HDD CDD WTR SNW DPTH SPD SPD DIR MIN PSBL S-S WX SPD DR
================================================================================
1 65 35 50 0 15 0 0.00 M M 6.8 12 140 M M 3 M M
2 82 47 65 15 0 0 0.00 M M 13.5 20 180 M M 0 26 180
3 81 58 70 19 0 5 0.00 M M 14.7 20 180 M M 3 1 25 200
4 82 64 73 22 0 8 0.00 M M 13.7 25 200 M M 2 31 200
5 67 52 60 9 5 0 M M M 5.5 12 360 M M 4 M M
6 80 46 63 12 2 0 0.00 M M 6.0 15 180 M M 1 18 180
7 71 58 65 13 0 0 0.34 M M 13.4 43 180 M M 8 18 55 180
8 65 42 54 2 11 0 0.13 M M 10.2 18 310 M M 9 3 26 340
9 60 39 50 -2 15 0 0.00 M M 11.0 17 340 M M 3 23 340
10 66 32 49 -4 16 0 0.00 M M 2.1 8 160 M M 0 M M
11 70 44 57 4 8 0 0.00 M M 10.3 17 170 M M 2 21 170
12 75 53 64 11 1 0 0.00 M M 16.4 25 190 M M 1 8 32 190
13 81 62 72 18 0 7 0.00 M M 16.8 23 190 M M 3 28 190
14 82 64 73 19 0 8 0.09 M M 14.6 23 180 M M 7 30 180
15 65 51 58 4 7 0 0.02 M M 10.6 22 10 M M 5 25 20
16 66 50 58 4 7 0 0.02 M M 3.0 13 30 M M 9 1 M M
17 66 48 57 2 8 0 0.00 M M 8.6 17 360 M M 6 24 20
18 59 36 48 -7 17 0 0.00 M M 6.8 13 10 M M 0 23 350
19 67 34 51 -4 14 0 0.00 M M 7.5 13 190 M M 0 18 200
20 73 48 61 6 4 0 0.00 M M 8.4 13 170 M M 0 18 170
21 66 57 62 6 3 0 0.45 M M 7.4 14 100 M M 8 1 18 100
22 68 54 61 5 4 0 0.01 M M 6.7 12 350 M M 7 1 18 350
23 69 42 56 0 9 0 0.00 M M 7.9 13 20 M M 0 20 20
24 68 54 61 5 4 0 0.07 M M 17.2 25 150 M M 5 35 150
25 73 41 57 0 8 0 M M M 14.4 24 280 M M 5 3 31 280
26 59 33 46 -11 19 0 0.00 M M 6.9 13 280 M M 0 17 280
27 65 36 51 -6 14 0 0.00 M M 5.4 12 90 M M 2 M M
28 72 39 56 -2 9 0 0.00 M M 6.2 14 160 M M 1 17 170
================================================================================
SM 1963 1319 200 28 1.13 M 271.8 M 94
================================================================================
AV 70.1 47.1 9.7 FASTST M M 3 MAX(MPH)
MISC ----> 43 180 55 180
================================================================================
NOTES:
# LAST OF SEVERAL OCCURRENCES
COLUMN 17 PEAK WIND IN M.P.H.
PRELIMINARY LOCAL CLIMATOLOGICAL DATA (WS FORM: F-6) , PAGE 2
STATION: SHERMAN/DENISON
MONTH: MARCH
YEAR: 2024
LATITUDE: 33 42 N
LONGITUDE: 96 40 W
[TEMPERATURE DATA] [PRECIPITATION DATA] SYMBOLS USED IN COLUMN 16
AVERAGE MONTHLY: 58.6 TOTAL FOR MONTH: 1.13 1 = FOG OR MIST
DPTR FM NORMAL: 4.7 DPTR FM NORMAL: -2.41 2 = FOG REDUCING VISIBILITY
HIGHEST: 82 ON 14, 2 GRTST 24HR 0.45 ON 21-21 TO 1/4 MILE OR LESS
LOWEST: 32 ON 10 3 = THUNDER
SNOW, ICE PELLETS, HAIL 4 = ICE PELLETS
TOTAL MONTH: M 5 = HAIL
GRTST 24HR M ON M 6 = FREEZING RAIN OR DRIZZLE
GRTST DEPTH: M ON M 7 = DUSTSTORM OR SANDSTORM:
VSBY 1/2 MILE OR LESS
8 = SMOKE OR HAZE
[NO. OF DAYS WITH] [WEATHER - DAYS WITH] 9 = BLOWING SNOW
X = TORNADO
MAX 32 OR BELOW: 0 0.01 INCH OR MORE: 8
MAX 90 OR ABOVE: 0 0.10 INCH OR MORE: 3
MIN 32 OR BELOW: 1 0.50 INCH OR MORE: 0
MIN 0 OR BELOW: 0 1.00 INCH OR MORE: 0
[HDD (BASE 65) ]
TOTAL THIS MO. 200 CLEAR (SCALE 0-3) 15
DPTR FM NORMAL -124 PTCLDY (SCALE 4-7) 11
TOTAL FM JUL 1 2106 CLOUDY (SCALE 8-10) 2
DPTR FM NORMAL -581
[CDD (BASE 65) ]
TOTAL THIS MO. 28
DPTR FM NORMAL 19 [PRESSURE DATA]
TOTAL FM JAN 1 51 HIGHEST SLP M ON M
DPTR FM NORMAL 41 LOWEST SLP M ON M
[REMARKS]