000
CXUS53 KGID 011538
CF6HDE
PRELIMINARY LOCAL CLIMATOLOGICAL DATA (WS FORM: F-6)
STATION: HOLDREGE NE
MONTH: SEPTEMBER
YEAR: 2021
LATITUDE: 40 27 N
LONGITUDE: 99 20 W
TEMPERATURE IN F: :PCPN: SNOW: WIND :SUNSHINE: SKY :PK WND
================================================================================
1 2 3 4 5 6A 6B 7 8 9 10 11 12 13 14 15 16 17 18
12Z AVG MX 2MIN
DY MAX MIN AVG DEP HDD CDD WTR SNW DPTH SPD SPD DIR MIN PSBL S-S WX SPD DR
================================================================================
1 80 64 72 M 0 7 0.00 M M 11.7 17 130 M M 6 24 130
2 81 64 73 M 0 8 2.10 M M 12.0 22 150 M M 8 1 29 150
3 77 61 69 M 0 4 0.01 M M 6.0 14 350 M M 4 1 21 360
4 77 61 69 M 0 4 0.01 M M 2.8 7 140 M M 4 1 M M
5 82 61 72 M 0 7 0.19 M M 6.5 12 220 M M 2 3 20 210
6 89 60 75 M 0 10 0.00 M M 5.8 9 170 M M 0 M M
7 78 56 67 M 0 2 0.00 M M 9.1 23 20 M M 0 30 20
8 82 52 67 M 0 2 0.00 M M 4.5 9 220 M M 0 M M
9 80 53 67 M 0 2 0.00 M M 6.5 9 110 M M 0 M M
10 89 56 73 M 0 8 0.00 M M 2.7 7 140 M M 0 M M
11 95 63 79 M 0 14 0.00 M M 5.7 9 70 M M 0 M M
12 82 64 73 M 0 8 T M M 10.7 17 80 M M 1 3 33 100
13 90 63 77 M 0 12 0.00 M M 5.0 10 360 M M 2 12 20 360
14 74 57 66 M 0 1 0.01 M M 6.6 15 30 M M 2 23 30
15 85 56 71 M 0 6 0.00 M M 10.2 18 170 M M 4 1 23 170
16 92 65 79 M 0 14 0.00 M M 14.2 24 190 M M 0 30 180
17 72 57 65 M 0 0 0.41 M M 10.1 24 30 M M 4 3 30 30
18 87 55 71 M 0 6 0.00 M M 8.7 22 180 M M 0 29 180
19 91 64 78 M 0 13 0.00 M M 16.4 25 180 M M 0 39 180
20 76 50 63 M 2 0 T M M 11.7 23 170 M M 4 31 170
21 70 45 58 M 7 0 0.00 M M 5.2 9 300 M M 4 23 310
22 77 40 59 M 6 0 0.00 M M 4.8 10 150 M M 0 20 220
23 84 47 66 M 0 1 0.00 M M 8.0 14 200 M M 0 20 160
24 71 46 59 M 6 0 0.00 M M 7.9 18 360 M M 1 25 360
25 82 45 64 M 1 0 0.00 M M 8.6 21 210 M M 0 30 210
26 94 49 72 M 0 7 0.00 M M 4.5 14 190 M M 0 20 190
27 93 53 73 M 0 8 0.00 M M 7.1 14 110 M M 0 17 80
28 90 55 73 M 0 8 0.00 M M 8.5 15 150 M M 0 25 150
29 83 60 72 M 0 7 0.20 M M 11.9 21 130 M M 3 3 32 320
30 64 54 59 M 6 0 0.35 M M 9.2 15 340 M M 10 1 24 290
================================================================================
SM 2467 1676 28 159 3.28 M 242.6 M 59
================================================================================
AV 82.2 55.9 8.1 FASTST M M 2 MAX(MPH)
MISC ----> 25 180 M M
================================================================================
NOTES:
# LAST OF SEVERAL OCCURRENCES
COLUMN 17 PEAK WIND IN M.P.H.
PRELIMINARY LOCAL CLIMATOLOGICAL DATA (WS FORM: F-6) , PAGE 2
STATION: HOLDREGE NE
MONTH: SEPTEMBER
YEAR: 2021
LATITUDE: 40 27 N
LONGITUDE: 99 20 W
[TEMPERATURE DATA] [PRECIPITATION DATA] SYMBOLS USED IN COLUMN 16
AVERAGE MONTHLY: 69.0 TOTAL FOR MONTH: 3.28 1 = FOG OR MIST
DPTR FM NORMAL: M DPTR FM NORMAL: M 2 = FOG REDUCING VISIBILITY
HIGHEST: 95 ON 11 GRTST 24HR 2.10 ON 2- 2 TO 1/4 MILE OR LESS
LOWEST: 40 ON 22 3 = THUNDER
SNOW, ICE PELLETS, HAIL 4 = ICE PELLETS
TOTAL MONTH: M 5 = HAIL
GRTST 24HR M ON M 6 = FREEZING RAIN OR DRIZZLE
GRTST DEPTH: M ON M 7 = DUSTSTORM OR SANDSTORM:
VSBY 1/2 MILE OR LESS
8 = SMOKE OR HAZE
[NO. OF DAYS WITH] [WEATHER - DAYS WITH] 9 = BLOWING SNOW
X = TORNADO
MAX 32 OR BELOW: 0 0.01 INCH OR MORE: 8
MAX 90 OR ABOVE: 7 0.10 INCH OR MORE: 5
MIN 32 OR BELOW: 0 0.50 INCH OR MORE: 1
MIN 0 OR BELOW: 0 1.00 INCH OR MORE: 1
[HDD (BASE 65) ]
TOTAL THIS MO. 28 CLEAR (SCALE 0-3) 21
DPTR FM NORMAL M PTCLDY (SCALE 4-7) 7
TOTAL FM JUL 1 29 CLOUDY (SCALE 8-10) 2
DPTR FM NORMAL M
[CDD (BASE 65) ]
TOTAL THIS MO. 159
DPTR FM NORMAL M [PRESSURE DATA]
TOTAL FM JAN 1 1142 HIGHEST SLP M ON M
DPTR FM NORMAL 1142 LOWEST SLP M ON M
[REMARKS]
#FINAL-09-21#