000
CXUS54 KEWX 011110
CF6HDO
PRELIMINARY LOCAL CLIMATOLOGICAL DATA (WS FORM: F-6)
STATION: HONDO
MONTH: DECEMBER
YEAR: 2022
LATITUDE: 29 21 N
LONGITUDE: 99 10 W
TEMPERATURE IN F: :PCPN: SNOW: WIND :SUNSHINE: SKY :PK WND
================================================================================
1 2 3 4 5 6A 6B 7 8 9 10 11 12 13 14 15 16 17 18
12Z AVG MX 2MIN
DY MAX MIN AVG DEP HDD CDD WTR SNW DPTH SPD SPD DIR MIN PSBL S-S WX SPD DR
================================================================================
1 51 39 45 -11 20 0 0.02 M M 6.1 13 50 M M 8 18 19 60
2 65 50 58 2 7 0 0.01 M M 2.9 10 190 M M 10 1 13 200
3 67 61 64 9 1 0 0.00 M M 6.8 15 30 M M 10 1 19 40
4 61 54 58 3 7 0 0.05 M M 5.5 12 40 M M 10 1 16 60
5 70 57 64 9 1 0 0.01 M M 3.2 9 210 M M 9 12 12 180
6 75 58 67 13 0 2 0.00 M M 3.4 8 350 M M 8 12 11 160
7 81 69 75 21 0 10 0.00 M M 9.5 21 160 M M 9 1 26 170
8 80 65 73 19 0 8 T M M 8.9 16 190 M M 8 1 22 180
9 79 66 73 19 0 8 T M M 7.7 17 140 M M 8 1 23 140
10 75 64 70 16 0 5 T M M 7.3 16 160 M M 10 21 170
11 79 62 71 18 0 6 0.00 M M 10.4 18 60 M M 4 24 70
12 76 60 68 15 0 3 T M M 10.4 22 160 M M 10 12 29 160
13 80 63 72 19 0 7 0.01 M M 8.8 17 20 M M 8 18 25 140
14 70 38 54 1 11 0 T M M 13.1 28 330 M M 4 37 330
15 67 31 49 -4 16 0 0.00 M M 5.0 12 250 M M 0 14 220
16 74 40 57 5 8 0 0.00 M M 9.8 22 20 M M 1 27 30
17 58 33 46 -6 19 0 0.00 M M 5.4 14 40 M M 0 19 40
18 56 31 44 -8 21 0 0.00 M M 8.1 17 120 M M 7 24 110
19 55 45 50 -2 15 0 0.27 M M 7.0 10 50 M M 10 1 15 40
20 54 41 48 -4 17 0 0.00 M M 7.3 16 20 M M 8 1 20 20
21 52 35 44 -8 21 0 0.00 M M 4.6 10 140 M M 6 1 12 130
22 66 21 44 -8 21 0 0.00 M M 13.7 38 20 M M 8 1 51 20
23 37 17 27 -25 38 0 0.00 M M 12.6 23 10 M M 1 32 20
24 41 18 30 -22 35 0 0.00 M M 4.6 12 50 M M 0 16 50
25 52 20 36 -15 29 0 0.00 M M 4.9 10 240 M M 0 14 250
26 68 22 45 -6 20 0 0.00 M M 5.6 12 360 M M 0 15 310
27 64 26 45 -6 20 0 0.00 M M 6.8 15 170 M M 0 21 170
28 75 33 54 3 11 0 0.00 M M 6.3 15 190 M M 0 19 200
29 75 48 62 11 3 0 0.00 M M 6.4 15 20 M M 4 12 19 40
30 72 44 58 7 7 0 T M M 4.9 20 290 M M 4 24 290
31 80 37 59 8 6 0 0.00 M M 6.5 17 210 M M 0 24 220
================================================================================
SM 2055 1348 354 49 0.37 M 223.5 M 165
================================================================================
AV 66.3 43.5 7.2 FASTST M M 5 MAX(MPH)
MISC ----> 38 20 51 20
================================================================================
NOTES:
# LAST OF SEVERAL OCCURRENCES
COLUMN 17 PEAK WIND IN M.P.H.
PRELIMINARY LOCAL CLIMATOLOGICAL DATA (WS FORM: F-6) , PAGE 2
STATION: HONDO
MONTH: DECEMBER
YEAR: 2022
LATITUDE: 29 21 N
LONGITUDE: 99 10 W
[TEMPERATURE DATA] [PRECIPITATION DATA] SYMBOLS USED IN COLUMN 16
AVERAGE MONTHLY: 54.9 TOTAL FOR MONTH: 0.37 1 = FOG OR MIST
DPTR FM NORMAL: 2.0 DPTR FM NORMAL: -0.81 2 = FOG REDUCING VISIBILITY
HIGHEST: 81 ON 7 GRTST 24HR 0.27 ON 19-19 TO 1/4 MILE OR LESS
LOWEST: 17 ON 23 3 = THUNDER
SNOW, ICE PELLETS, HAIL 4 = ICE PELLETS
TOTAL MONTH: 0.0 INCH 5 = HAIL
GRTST 24HR M ON M 6 = FREEZING RAIN OR DRIZZLE
GRTST DEPTH: M ON M 7 = DUSTSTORM OR SANDSTORM:
VSBY 1/2 MILE OR LESS
8 = SMOKE OR HAZE
[NO. OF DAYS WITH] [WEATHER - DAYS WITH] 9 = BLOWING SNOW
X = TORNADO
MAX 32 OR BELOW: 0 0.01 INCH OR MORE: 6
MAX 90 OR ABOVE: 0 0.10 INCH OR MORE: 1
MIN 32 OR BELOW: 8 0.50 INCH OR MORE: 0
MIN 0 OR BELOW: 0 1.00 INCH OR MORE: 0
[HDD (BASE 65) ]
TOTAL THIS MO. 354 CLEAR (SCALE 0-3) 10
DPTR FM NORMAL -33 PTCLDY (SCALE 4-7) 13
TOTAL FM JUL 1 592 CLOUDY (SCALE 8-10) 8
DPTR FM NORMAL -16
[CDD (BASE 65) ]
TOTAL THIS MO. 49
DPTR FM NORMAL 38 [PRESSURE DATA]
TOTAL FM JAN 1 3881 HIGHEST SLP 30.76 ON 23
DPTR FM NORMAL 734 LOWEST SLP 29.61 ON 13
[REMARKS]
#FINAL-12-22#