000
CXUS54 KEWX 011010
CF6HDO
PRELIMINARY LOCAL CLIMATOLOGICAL DATA (WS FORM: F-6)
STATION: HONDO
MONTH: AUGUST
YEAR: 2021
LATITUDE: 29 21 N
LONGITUDE: 99 10 W
TEMPERATURE IN F: :PCPN: SNOW: WIND :SUNSHINE: SKY :PK WND
================================================================================
1 2 3 4 5 6A 6B 7 8 9 10 11 12 13 14 15 16 17 18
12Z AVG MX 2MIN
DY MAX MIN AVG DEP HDD CDD WTR SNW DPTH SPD SPD DIR MIN PSBL S-S WX SPD DR
================================================================================
1 98 75 87 1 0 22 0.00 M M 6.6 18 70 M M 0 24 80
2 87 72 80 -6 0 15 1.12 M M 6.6 28 270 M M 4 13 34 280
3 93 74 84 -2 0 19 0.00 M M 4.7 12 80 M M 4 16 90
4 92 74 83 -3 0 18 0.00 M M 7.6 15 70 M M 4 1 19 70
5 87 71 79 -7 0 14 1.32 0.0 0 4.9 16 250 M M 5 13 21 230
6 91 75 83 -3 0 18 0.00 M M 5.6 17 150 M M 5 24 140
7 92 75 84 -2 0 19 M M M 9.7 20 170 M M 3 27 180
8 93 75 84 -2 0 19 0.00 M M 12.4 21 140 M M 3 28 170
9 94 75 85 -1 0 20 0.00 M M 13.0 21 150 M M 3 28 180
10 94 76 85 -1 0 20 0.00 M M 12.7 22 140 M M 3 29 150
11 94 73 84 -1 0 19 0.00 M M 10.0 18 150 M M 2 25 150
12 94 75 85 0 0 20 0.00 M M 9.1 16 130 M M 3 25 120
13 94 75 85 0 0 20 0.00 M M 8.6 18 140 M M 3 24 140
14 95 72 84 -1 0 19 0.00 M M 4.9 13 130 M M 2 16 90
15 94 72 83 -2 0 18 T M M 6.1 22 50 M M 1 3 28 70
16 95 71 83 -2 0 18 0.00 M M 6.2 14 160 M M 3 18 180
17 94 75 85 0 0 20 T M M 8.6 17 140 M M 3 23 140
18 94 78 86 1 0 21 0.00 M M 10.6 18 140 M M 5 25 130
19 97 77 87 2 0 22 0.00 M M 11.2 20 150 M M 5 33 120
20 96 76 86 1 0 21 0.00 M M 10.9 18 150 M M 4 29 150
21 97 76 87 3 0 22 0.00 M M 10.9 22 150 M M 5 29 150
22 96 77 87 3 0 22 0.00 M M 9.6 16 150 M M 4 24 160
23 96 69 83 -1 0 18 0.00 M M 7.5 17 130 M M 2 25 130
24 97 75 86 2 0 21 0.00 M M 8.5 17 150 M M 2 23 150
25 96 73 85 1 0 20 0.00 M M 7.0 24 140 M M 3 33 140
26 97 71 84 0 0 19 0.00 M M 5.9 16 120 M M 1 21 110
27 96 73 85 1 0 20 0.00 M M 7.4 32 80 M M 2 3 42 80
28 94 73 84 1 0 19 T M M 6.9 18 130 M M 5 3 23 130
29 96 76 86 3 0 21 0.00 M M 6.3 13 20 M M 6 18 100
30 99 74 87 4 0 22 0.00 M M 5.8 24 50 M M 3 33 40
31 100 72 86 3 0 21 0.00 M M 6.1 17 150 M M 1 22 140
================================================================================
SM 2932 2295 0 607 2.44 0.0 251.9 M 99
================================================================================
AV 94.6 74.0 8.1 FASTST M M 3 MAX(MPH)
MISC ----> 32 80 42 80
================================================================================
NOTES:
# LAST OF SEVERAL OCCURRENCES
COLUMN 17 PEAK WIND IN M.P.H.
PRELIMINARY LOCAL CLIMATOLOGICAL DATA (WS FORM: F-6) , PAGE 2
STATION: HONDO
MONTH: AUGUST
YEAR: 2021
LATITUDE: 29 21 N
LONGITUDE: 99 10 W
[TEMPERATURE DATA] [PRECIPITATION DATA] SYMBOLS USED IN COLUMN 16
AVERAGE MONTHLY: 84.3 TOTAL FOR MONTH: 2.44 1 = FOG OR MIST
DPTR FM NORMAL: -0.5 DPTR FM NORMAL: 0.51 2 = FOG REDUCING VISIBILITY
HIGHEST: 100 ON 31 GRTST 24HR 1.32 ON 5- 5 TO 1/4 MILE OR LESS
LOWEST: 69 ON 23 3 = THUNDER
SNOW, ICE PELLETS, HAIL 4 = ICE PELLETS
TOTAL MONTH: 0.0 INCH 5 = HAIL
GRTST 24HR 0.0 6 = FREEZING RAIN OR DRIZZLE
GRTST DEPTH: 0 7 = DUSTSTORM OR SANDSTORM:
VSBY 1/2 MILE OR LESS
8 = SMOKE OR HAZE
[NO. OF DAYS WITH] [WEATHER - DAYS WITH] 9 = BLOWING SNOW
X = TORNADO
MAX 32 OR BELOW: 0 0.01 INCH OR MORE: 2
MAX 90 OR ABOVE: 29 0.10 INCH OR MORE: 2
MIN 32 OR BELOW: 0 0.50 INCH OR MORE: 2
MIN 0 OR BELOW: 0 1.00 INCH OR MORE: 2
[HDD (BASE 65) ]
TOTAL THIS MO. 0 CLEAR (SCALE 0-3) 16
DPTR FM NORMAL 0 PTCLDY (SCALE 4-7) 15
TOTAL FM JUL 1 0 CLOUDY (SCALE 8-10) 0
DPTR FM NORMAL 0
[CDD (BASE 65) ]
TOTAL THIS MO. 607
DPTR FM NORMAL -5 [PRESSURE DATA]
TOTAL FM JAN 1 2233 HIGHEST SLP 30.13 ON 14
DPTR FM NORMAL -181 LOWEST SLP 29.67 ON 31
[REMARKS]
#FINAL-08-21#