000
CXUS53 KBIS 010830
CF6HEI
PRELIMINARY LOCAL CLIMATOLOGICAL DATA (WS FORM: F-6)
STATION: HETTINGER ND
MONTH: MARCH
YEAR: 2022
LATITUDE: 46 0 N
LONGITUDE: 102 39 W
TEMPERATURE IN F: :PCPN: SNOW: WIND :SUNSHINE: SKY :PK WND
================================================================================
1 2 3 4 5 6A 6B 7 8 9 10 11 12 13 14 15 16 17 18
12Z AVG MX 2MIN
DY MAX MIN AVG DEP HDD CDD WTR SNW DPTH SPD SPD DIR MIN PSBL S-S WX SPD DR
================================================================================
1 59 33 46 22 19 0 0.00 M M 6.6 13 350 M M 6 16 250
2 40 23 32 8 33 0 M M M 10.5 16 80 M M 7 12 22 80
3 25 19 22 -3 43 0 M M M 16.2 20 120 M M 10 1 28 120
4 31 21 26 1 39 0 0.00 M M 10.1 20 110 M M 8 1 28 120
5 25 14 20 -6 45 0 M M M 18.3 29 310 M M 10 1 37 320
6 26 7 17 -9 48 0 T M M 15.8 29 300 M M 4 38 310
7 42 4 23 -3 42 0 0.00 M M 13.0 25 270 M M 1 32 270
8 33 4 19 -8 46 0 T M M 21.9 38 300 M M 6 8 49 300
9 21 0 11 -16 54 0 T M M 12.5 24 320 M M 8 18 33 300
10 29 -7 11 -17 54 0 M M M 18.2 39 290 M M 2 52 290
11 18 -6 6 -22 59 0 0.00 M M 12.4 24 330 M M 1 32 300
12 57 11 34 6 31 0 0.00 M M 13.5 41 290 M M 4 58 300
13 43 20 32 3 33 0 0.01 M M 9.5 20 80 M M 7 1 25 80
14 56 29 43 14 22 0 T M M 6.5 22 270 M M 5 1 27 280
15 68 30 49 19 16 0 0.00 M M 6.6 22 230 M M 1 30 220
16 59 28 44 14 21 0 0.00 M M 14.0 33 300 M M 3 48 300
17 57 20 39 8 26 0 0.00 M M 7.3 22 280 M M 2 28 280
18 61 19 40 9 25 0 0.00 M M 6.3 21 290 M M 1 27 270
19 62 23 43 11 22 0 0.00 M M 6.3 17 120 M M 1 23 110
20 68 27 48 16 17 0 0.00 M M 10.2 32 330 M M 2 44 330
21 53 24 39 7 26 0 T M M 16.1 32 320 M M 4 47 310
22 52 20 36 3 29 0 0.00 M M 14.3 32 330 M M 1 44 350
23 56 18 37 4 28 0 0.00 M M 8.2 18 340 M M 0 26 330
24 68 20 44 10 21 0 0.00 M M 16.7 43 300 M M 2 61 310
25 51 23 37 3 28 0 0.00 M M 15.4 30 310 M M 0 45 290
26 41 16 29 -5 36 0 0.00 M M 9.6 17 90 M M 2 22 90
27 49 16 33 -2 32 0 0.00 M M 16.7 24 140 M M 2 32 130
28 60 27 44 9 21 0 0.00 M M 14.9 25 130 M M 0 34 110
29 50 28 39 4 26 0 T M M 20.1 37 320 M M 8 1 47 320
30 41 14 28 -8 37 0 T M M 14.2 28 340 M M 6 1 36 340
31 62 13 38 2 27 0 0.00 M M 8.3 26 310 M M 2 34 310
================================================================================
SM 1463 538 1006 0 0.01 M 390.2 M 116
================================================================================
AV 47.2 17.4 12.6 FASTST M M 4 MAX(MPH)
MISC ----> 43 300 61 310
================================================================================
NOTES:
# LAST OF SEVERAL OCCURRENCES
COLUMN 17 PEAK WIND IN M.P.H.
PRELIMINARY LOCAL CLIMATOLOGICAL DATA (WS FORM: F-6) , PAGE 2
STATION: HETTINGER ND
MONTH: MARCH
YEAR: 2022
LATITUDE: 46 0 N
LONGITUDE: 102 39 W
[TEMPERATURE DATA] [PRECIPITATION DATA] SYMBOLS USED IN COLUMN 16
AVERAGE MONTHLY: 32.3 TOTAL FOR MONTH: 0.01 1 = FOG OR MIST
DPTR FM NORMAL: 2.2 DPTR FM NORMAL: -0.52 2 = FOG REDUCING VISIBILITY
HIGHEST: 68 ON 24,15 GRTST 24HR 0.01 ON 2- 2 TO 1/4 MILE OR LESS
LOWEST: -7 ON 10 3 = THUNDER
SNOW, ICE PELLETS, HAIL 4 = ICE PELLETS
TOTAL MONTH: M 5 = HAIL
GRTST 24HR M ON M 6 = FREEZING RAIN OR DRIZZLE
GRTST DEPTH: M ON M 7 = DUSTSTORM OR SANDSTORM:
VSBY 1/2 MILE OR LESS
8 = SMOKE OR HAZE
[NO. OF DAYS WITH] [WEATHER - DAYS WITH] 9 = BLOWING SNOW
X = TORNADO
MAX 32 OR BELOW: 7 0.01 INCH OR MORE: 1
MAX 90 OR ABOVE: 0 0.10 INCH OR MORE: 0
MIN 32 OR BELOW: 30 0.50 INCH OR MORE: 0
MIN 0 OR BELOW: 3 1.00 INCH OR MORE: 0
[HDD (BASE 65) ]
TOTAL THIS MO. 1006 CLEAR (SCALE 0-3) 17
DPTR FM NORMAL -74 PTCLDY (SCALE 4-7) 11
TOTAL FM JUL 1 6481 CLOUDY (SCALE 8-10) 3
DPTR FM NORMAL -866
[CDD (BASE 65) ]
TOTAL THIS MO. 0
DPTR FM NORMAL 0 [PRESSURE DATA]
TOTAL FM JAN 1 0 HIGHEST SLP M ON M
DPTR FM NORMAL 0 LOWEST SLP 29.47 ON 29
[REMARKS]
#FINAL-03-22#