000
CXUS56 KLOX 011155
CF6HHR
PRELIMINARY LOCAL CLIMATOLOGICAL DATA (WS FORM: F-6)
STATION: HAWTHORNE AIRPORT CA
MONTH: SEPTEMBER
YEAR: 2021
LATITUDE: 33 55 N
LONGITUDE: 118 20 W
TEMPERATURE IN F: :PCPN: SNOW: WIND :SUNSHINE: SKY :PK WND
================================================================================
1 2 3 4 5 6A 6B 7 8 9 10 11 12 13 14 15 16 17 18
12Z AVG MX 2MIN
DY MAX MIN AVG DEP HDD CDD WTR SNW DPTH SPD SPD DIR MIN PSBL S-S WX SPD DR
================================================================================
1 76 66 71 -1 0 6 0.00 M M 5.2 13 250 M M 5 16 250
2 75 64 70 -2 0 5 0.00 M M 4.7 16 250 M M 7 20 270
3 74 64 69 -3 0 4 0.00 M M 5.3 18 260 M M 4 8 21 250
4 83 62 73 1 0 8 0.00 M M 4.6 16 270 M M 0 8 19 260
5 87 63 75 3 0 10 0.00 M M 6.0 17 270 M M 0 18 21 270
6 84 69 77 5 0 12 0.00 M M 6.2 12 250 M M 3 18 250
7 81 67 74 2 0 9 0.00 M M 5.1 14 260 M M 1 20 260
8 79 64 72 0 0 7 0.00 M M 6.3 14 260 M M 5 18 19 300
9 88 64 76 4 0 11 0.00 M M 5.8 14 260 M M 2 18 17 260
10 79 64 72 0 0 7 0.01 M M 5.8 14 270 M M 2 18 18 260
11 83 66 75 3 0 10 0.00 M M 5.8 16 260 M M 0 8 20 260
12 75 60 68 -4 0 3 0.00 M M 6.6 17 260 M M 0 18 22 260
13 73 59 66 -6 0 1 0.00 M M 5.7 13 250 M M 6 18 16 270
14 75 60 68 -4 0 3 0.00 M M 4.1 13 270 M M 4 18 17 260
15 72 62 67 -5 0 2 0.00 M M 5.8 15 260 M M 6 8 19 260
16 71 62 67 -5 0 2 0.00 M M 5.2 14 240 M M 5 8 18 260
17 73 62 68 -4 0 3 0.00 M M 4.4 14 270 M M 4 8 18 260
18 72 62 67 -5 0 2 0.00 M M 5.8 16 250 M M 4 8 20 260
19 74 60 67 -4 0 2 0.00 M M 3.4 14 260 M M 2 17 250
20 83 63 73 2 0 8 0.00 M M 4.2 12 260 M M 0 18 15 270
21 88 66 77 6 0 12 0.00 M M 4.2 15 260 M M 1 8 18 270
22 81 66 74 3 0 9 0.00 M M 6.3 18 260 M M 1 22 270
23 73 62 68 -3 0 3 0.00 M M 5.7 15 260 M M 1 18 270
24 72 60 66 -5 0 1 0.00 M M 5.2 14 250 M M 4 18 19 260
25 71 62 67 -4 0 2 0.00 M M 6.6 16 270 M M 4 20 260
26 67 64 66 -5 0 1 0.00 M M 4.2 12 260 M M 10 15 270
27 68 63 66 -4 0 1 0.00 M M 3.1 9 250 M M 10 18 11 250
28 71 63 67 -3 0 2 0.00 M M 4.1 14 250 M M 7 17 240
29 73 61 67 -3 0 2 0.00 M M 4.0 16 250 M M 1 20 260
30 83 60 72 2 0 7 0.00 M M 3.5 15 270 M M 0 8 19 270
================================================================================
SM 2304 1890 0 155 0.01 M 152.9 M 99
================================================================================
AV 76.8 63.0 5.1 FASTST M M 3 MAX(MPH)
MISC ----> # 18 260 # 22 260
================================================================================
NOTES:
# LAST OF SEVERAL OCCURRENCES
COLUMN 17 PEAK WIND IN M.P.H.
PRELIMINARY LOCAL CLIMATOLOGICAL DATA (WS FORM: F-6) , PAGE 2
STATION: HAWTHORNE AIRPORT CA
MONTH: SEPTEMBER
YEAR: 2021
LATITUDE: 33 55 N
LONGITUDE: 118 20 W
[TEMPERATURE DATA] [PRECIPITATION DATA] SYMBOLS USED IN COLUMN 16
AVERAGE MONTHLY: 69.9 TOTAL FOR MONTH: 0.01 1 = FOG OR MIST
DPTR FM NORMAL: -1.6 DPTR FM NORMAL: -0.16 2 = FOG REDUCING VISIBILITY
HIGHEST: 88 ON 21, 9 GRTST 24HR 0.01 ON 10-10 TO 1/4 MILE OR LESS
LOWEST: 59 ON 13 3 = THUNDER
SNOW, ICE PELLETS, HAIL 4 = ICE PELLETS
TOTAL MONTH: M 5 = HAIL
GRTST 24HR M ON M 6 = FREEZING RAIN OR DRIZZLE
GRTST DEPTH: M ON M 7 = DUSTSTORM OR SANDSTORM:
VSBY 1/2 MILE OR LESS
8 = SMOKE OR HAZE
[NO. OF DAYS WITH] [WEATHER - DAYS WITH] 9 = BLOWING SNOW
X = TORNADO
MAX 32 OR BELOW: 0 0.01 INCH OR MORE: 1
MAX 90 OR ABOVE: 0 0.10 INCH OR MORE: 0
MIN 32 OR BELOW: 0 0.50 INCH OR MORE: 0
MIN 0 OR BELOW: 0 1.00 INCH OR MORE: 0
[HDD (BASE 65) ]
TOTAL THIS MO. 0 CLEAR (SCALE 0-3) 15
DPTR FM NORMAL -1 PTCLDY (SCALE 4-7) 13
TOTAL FM JUL 1 0 CLOUDY (SCALE 8-10) 2
DPTR FM NORMAL -1
[CDD (BASE 65) ]
TOTAL THIS MO. 155
DPTR FM NORMAL -41 [PRESSURE DATA]
TOTAL FM JAN 1 698 HIGHEST SLP 30.09 ON 18
DPTR FM NORMAL -68 LOWEST SLP 29.79 ON 8
[REMARKS]
#FINAL-09-21#